106.13.231.137 - - [13/Nov/2025:10:07:56 +0800] "GET /report/ReportServlet HTTP/1.1" 404 138 "-" "Mozilla/5.0 (Windows NT 10.0; Win64; x64) AppleWebKit/537.36 (KHTML, like Gecko) Chrome/128.0.0.0 Safari/537.36 Edg/128.0.0.0"
182.61.55.234 - - [13/Nov/2025:10:07:56 +0800] "GET /static/..%5c..%5c..%5cetc/hosts HTTP/1.1" 404 138 "-" "Mozilla/5.0 (Windows NT 6.3; WOW64) AppleWebKit/537.36 (KHTML, like Gecko) Chrome/41.0.2225.0 Safari/537.36"
182.61.55.234 - - [13/Nov/2025:10:07:56 +0800] "GET /api/swagger/index.html HTTP/1.1" 404 138 "-" "Mozilla/5.0 (Windows NT 5.1) AppleWebKit/537.36 (KHTML, like Gecko) Chrome/41.0.2224.3 Safari/537.36"
182.61.55.234 - - [13/Nov/2025:10:07:56 +0800] "GET /time.php HTTP/1.1" 404 138 "-" "Mozilla/5.0 (Windows NT 6.3; Win64; x64) AppleWebKit/537.36 (KHTML, like Gecko) Chrome/37.0.2049.0 Safari/537.36"
106.13.231.137 - - [13/Nov/2025:10:07:56 +0800] "GET /xxl-job-admin/toLogin HTTP/1.1" 404 138 "-" "Mozilla/5.0 (Windows NT 10.0; Win64; x64) AppleWebKit/537.36 (KHTML, like Gecko) Chrome/128.0.0.0 Safari/537.36 Edg/128.0.0.0"
182.61.55.234 - - [13/Nov/2025:10:07:56 +0800] "GET /static/..%5c..%5c..%5c..%5cetc/hosts HTTP/1.1" 404 138 "-" "Mozilla/5.0 (Windows NT 5.1) AppleWebKit/537.36 (KHTML, like Gecko) Chrome/35.0.2117.157 Safari/537.36"
182.61.55.234 - - [13/Nov/2025:10:07:56 +0800] "GET /api/swagger/swagger-ui.html HTTP/1.1" 404 138 "-" "Mozilla/5.0 (Windows NT 4.0; WOW64) AppleWebKit/537.36 (KHTML, like Gecko) Chrome/37.0.2049.0 Safari/537.36"
182.61.55.234 - - [13/Nov/2025:10:07:56 +0800] "GET /index.php HTTP/1.1" 302 5 "-" "Mozilla/5.0 (Windows NT 6.3; WOW64) AppleWebKit/537.36 (KHTML, like Gecko) Chrome/41.0.2226.0 Safari/537.36"
106.13.231.137 - - [13/Nov/2025:10:07:56 +0800] "GET /editor/editor/fckeditor.html HTTP/1.1" 404 138 "-" "Mozilla/5.0 (Windows NT 10.0; Win64; x64) AppleWebKit/537.36 (KHTML, like Gecko) Chrome/128.0.0.0 Safari/537.36 Edg/128.0.0.0"
182.61.55.234 - - [13/Nov/2025:10:07:56 +0800] "GET /static/..%5c..%5c..%5c..%5c..%5cetc/hosts HTTP/1.1" 404 138 "-" "Mozilla/5.0 (Windows NT 10.0; Win64; x64) AppleWebKit/537.36 (KHTML, like Gecko) Chrome/89.0.4389.114 Safari/537.36"
182.61.55.234 - - [13/Nov/2025:10:07:56 +0800] "GET /temp.php HTTP/1.1" 404 138 "-" "Mozilla/5.0 (Windows NT 5.1) AppleWebKit/537.36 (KHTML, like Gecko) Chrome/36.0.1985.67 Safari/537.36"
182.61.55.234 - - [13/Nov/2025:10:07:56 +0800] "GET /api/swagger-ui/api-docs HTTP/1.1" 404 138 "-" "Mozilla/5.0 (X11; Ubuntu; Linux i686 on x86_64) AppleWebKit/537.36 (KHTML, like Gecko) Chrome/53.0.2820.59 Safari/537.36"
106.13.231.137 - - [13/Nov/2025:10:07:56 +0800] "GET /kubeflow/ HTTP/1.1" 404 138 "-" "Mozilla/5.0 (Windows NT 10.0; Win64; x64) AppleWebKit/537.36 (KHTML, like Gecko) Chrome/128.0.0.0 Safari/537.36 Edg/128.0.0.0"
182.61.55.234 - - [13/Nov/2025:10:07:56 +0800] "GET /static/..%5c..%5c..%5c..%5c..%5c..%5cetc/hosts HTTP/1.1" 404 138 "-" "Mozilla/5.0 (Windows NT 6.1; WOW64) AppleWebKit/537.36 (KHTML, like Gecko) Chrome/36.0.1985.67 Safari/537.36"
182.61.55.234 - - [13/Nov/2025:10:07:56 +0800] "GET /api/api-docs HTTP/1.1" 404 138 "-" "Mozilla/5.0 (X11; Linux x86_64) AppleWebKit/537.36 (KHTML, like Gecko) Chrome/34.0.1847.137 Safari/4E423F"
182.61.55.234 - - [13/Nov/2025:10:07:56 +0800] "GET /old_phpinfo.php HTTP/1.1" 404 138 "-" "Mozilla/5.0 (Windows NT 10.0; WOW64) AppleWebKit/537.36 (KHTML, like Gecko) Chrome/89.0.4389.114 Safari/537.36"
106.13.231.137 - - [13/Nov/2025:10:07:56 +0800] "GET /druid/index.html HTTP/1.1" 404 138 "-" "Mozilla/5.0 (Windows NT 10.0; Win64; x64) AppleWebKit/537.36 (KHTML, like Gecko) Chrome/128.0.0.0 Safari/537.36 Edg/128.0.0.0"
182.61.55.234 - - [13/Nov/2025:10:07:56 +0800] "GET /static/..%5c..%5c..%5c..%5c..%5c..%5c..%5cetc/hosts HTTP/1.1" 404 138 "-" "Mozilla/5.0 (Windows NT 6.3; Win64; x64) AppleWebKit/537.36 (KHTML, like Gecko) Chrome/37.0.2049.0 Safari/537.36"
182.61.55.234 - - [13/Nov/2025:10:07:56 +0800] "GET /api/apidocs HTTP/1.1" 404 138 "-" "Mozilla/5.0 (Windows NT 10.0; WOW64) AppleWebKit/537.36 (KHTML, like Gecko) Chrome/89.0.4389.114 Safari/537.36"
182.61.55.234 - - [13/Nov/2025:10:07:56 +0800] "GET /infos.php HTTP/1.1" 404 138 "-" "Mozilla/5.0 (X11; Ubuntu; Linux i686 on x86_64) AppleWebKit/537.36 (KHTML, like Gecko) Chrome/53.0.2820.59 Safari/537.36"
106.13.231.137 - - [13/Nov/2025:10:07:56 +0800] "GET /reports/ReportServlet HTTP/1.1" 404 138 "-" "Mozilla/5.0 (Windows NT 10.0; Win64; x64) AppleWebKit/537.36 (KHTML, like Gecko) Chrome/128.0.0.0 Safari/537.36 Edg/128.0.0.0"
182.61.55.234 - - [13/Nov/2025:10:07:56 +0800] "GET /static/..%2f..%2f..%2f..%2f..%2f..%2f..%2f..%2fetc%2fhosts HTTP/1.1" 400 150 "-" "-"
182.61.55.234 - - [13/Nov/2025:10:07:56 +0800] "GET /api/swagger HTTP/1.1" 404 138 "-" "Mozilla/5.0 (X11; Ubuntu; Linux i686 on x86_64) AppleWebKit/537.36 (KHTML, like Gecko) Chrome/53.0.2820.59 Safari/537.36"
106.13.231.137 - - [13/Nov/2025:10:07:56 +0800] "GET /ReportServlet HTTP/1.1" 404 138 "-" "Mozilla/5.0 (Windows NT 10.0; Win64; x64) AppleWebKit/537.36 (KHTML, like Gecko) Chrome/128.0.0.0 Safari/537.36 Edg/128.0.0.0"
182.61.55.234 - - [13/Nov/2025:10:07:56 +0800] "GET /linusadmin-phpinfo.php HTTP/1.1" 404 138 "-" "Mozilla/5.0 (Windows NT 10.0) AppleWebKit/537.36 (KHTML, like Gecko) Chrome/89.0.4389.114 Safari/537.36"
182.61.55.234 - - [13/Nov/2025:10:07:56 +0800] "GET /api/swagger/static/index.html HTTP/1.1" 404 138 "-" "Mozilla/5.0 (X11; Ubuntu; Linux x86_64) AppleWebKit/537.36 (KHTML, like Gecko) Chrome/55.0.2919.83 Safari/537.36"
182.61.55.234 - - [13/Nov/2025:10:07:56 +0800] "GET /./../../../../../../../../../../etc/hosts HTTP/1.1" 400 150 "-" "-"
182.61.55.234 - - [13/Nov/2025:10:07:56 +0800] "GET /php-info.php HTTP/1.1" 404 138 "-" "Mozilla/5.0 (X11; Ubuntu; Linux x86_64) AppleWebKit/537.36 (KHTML, like Gecko) Chrome/55.0.2919.83 Safari/537.36"
106.13.231.137 - - [13/Nov/2025:10:07:56 +0800] "GET /v2/_catalog HTTP/1.1" 404 138 "-" "Mozilla/5.0 (Windows NT 10.0; Win64; x64) AppleWebKit/537.36 (KHTML, like Gecko) Chrome/128.0.0.0 Safari/537.36 Edg/128.0.0.0"
182.61.55.234 - - [13/Nov/2025:10:07:56 +0800] "GET /%2e%2e%2e%2e%2e%2e%2e%2e%2e%2e%2e%2e%2e%2e%2e%2eetc/hosts HTTP/1.1" 404 138 "-" "Mozilla/5.0 (Windows NT 6.4; WOW64) AppleWebKit/537.36 (KHTML, like Gecko) Chrome/41.0.2225.0 Safari/537.36"
182.61.55.234 - - [13/Nov/2025:10:07:56 +0800] "GET /api/swagger-resources HTTP/1.1" 404 138 "-" "Mozilla/5.0 (Windows NT 5.1) AppleWebKit/537.36 (KHTML, like Gecko) Chrome/35.0.2117.157 Safari/537.36"
106.13.231.137 - - [13/Nov/2025:10:07:56 +0800] "GET /ueditor/ueditor.all.js HTTP/1.1" 404 138 "-" "Mozilla/5.0 (Windows NT 10.0; Win64; x64) AppleWebKit/537.36 (KHTML, like Gecko) Chrome/128.0.0.0 Safari/537.36 Edg/128.0.0.0"
182.61.55.234 - - [13/Nov/2025:10:07:56 +0800] "GET /dashboard/phpinfo.php HTTP/1.1" 404 138 "-" "Mozilla/5.0 (Macintosh; Intel Mac OS X 10_8_4) AppleWebKit/537.36 (KHTML, like Gecko) Chrome/49.0.2656.18 Safari/537.36"
182.61.55.234 - - [13/Nov/2025:10:07:56 +0800] "GET /%2e%2e%5c%2e%2e%5c%2e%2e%5c%2e%2e%5c%2e%2e%5c%2e%2e%5c%2e%2e%5c%2e%2e%5cetc/hosts HTTP/1.1" 404 138 "-" "Mozilla/5.0 (X11; Ubuntu; Linux x86_64) AppleWebKit/537.36 (KHTML, like Gecko) Chrome/55.0.2919.83 Safari/537.36"
182.61.55.234 - - [13/Nov/2025:10:07:56 +0800] "GET /api/swagger-resources/restservices/v2/api-docs HTTP/1.1" 404 138 "-" "Mozilla/5.0 (Macintosh; Intel Mac OS X 10_10_1) AppleWebKit/537.36 (KHTML, like Gecko) Chrome/41.0.2227.1 Safari/537.36"
106.13.231.137 - - [13/Nov/2025:10:07:56 +0800] "GET /Utility/ueditor/ueditor.all.js HTTP/1.1" 404 138 "-" "Mozilla/5.0 (Windows NT 10.0; Win64; x64) AppleWebKit/537.36 (KHTML, like Gecko) Chrome/128.0.0.0 Safari/537.36 Edg/128.0.0.0"
182.61.55.234 - - [13/Nov/2025:10:07:56 +0800] "GET /_profiler/phpinfo.php HTTP/1.1" 404 138 "-" "Mozilla/5.0 (Windows NT 6.3; WOW64) AppleWebKit/537.36 (KHTML, like Gecko) Chrome/41.0.2225.0 Safari/537.36"
182.61.55.234 - - [13/Nov/2025:10:07:56 +0800] "GET /.%5C%5C./.%5C%5C./.%5C%5C./.%5C%5C./.%5C%5C./.%5C%5C./etc/hosts HTTP/1.1" 404 138 "-" "Mozilla/5.0 (Windows NT 6.3; WOW64) AppleWebKit/537.36 (KHTML, like Gecko) Chrome/41.0.2225.0 Safari/537.36"
106.13.231.137 - - [13/Nov/2025:10:07:57 +0800] "GET /arcgis/ HTTP/1.1" 404 138 "-" "Mozilla/5.0 (Windows NT 10.0; Win64; x64) AppleWebKit/537.36 (KHTML, like Gecko) Chrome/128.0.0.0 Safari/537.36 Edg/128.0.0.0"
182.61.55.234 - - [13/Nov/2025:10:07:57 +0800] "GET /api/__swagger__/ HTTP/1.1" 404 138 "-" "Mozilla/5.0 (Windows NT 10.0) AppleWebKit/537.36 (KHTML, like Gecko) Chrome/40.0.2214.93 Safari/537.36"
182.61.55.234 - - [13/Nov/2025:10:07:57 +0800] "GET /_profiler/phpinfo HTTP/1.1" 404 138 "-" "Mozilla/5.0 (Macintosh; Intel Mac OS X 10_9_2) AppleWebKit/537.36 (KHTML, like Gecko) Chrome/52.0.2762.73 Safari/537.36"
182.61.55.234 - - [13/Nov/2025:10:07:57 +0800] "GET /..0x5c..0x5c..0x5c..0x5c..0x5c..0x5c..0x5c..0x5cetc/hosts HTTP/1.1" 404 138 "-" "Mozilla/5.0 (Windows NT 10.0; WOW64) AppleWebKit/537.36 (KHTML, like Gecko) Chrome/89.0.4389.114 Safari/537.36"
106.13.231.137 - - [13/Nov/2025:10:07:57 +0800] "GET /editor/fckeditor.html HTTP/1.1" 404 138 "-" "Mozilla/5.0 (Windows NT 10.0; Win64; x64) AppleWebKit/537.36 (KHTML, like Gecko) Chrome/128.0.0.0 Safari/537.36 Edg/128.0.0.0"
182.61.55.234 - - [13/Nov/2025:10:07:57 +0800] "GET /api/_swagger_/ HTTP/1.1" 404 138 "-" "Mozilla/5.0 (Windows NT 5.1) AppleWebKit/537.36 (KHTML, like Gecko) Chrome/34.0.1866.237 Safari/537.36"
182.61.55.234 - - [13/Nov/2025:10:07:57 +0800] "GET /?phpinfo=1 HTTP/1.1" 302 5 "-" "Mozilla/5.0 (Windows NT 5.1) AppleWebKit/537.36 (KHTML, like Gecko) Chrome/35.0.2309.372 Safari/537.36"
182.61.55.234 - - [13/Nov/2025:10:07:57 +0800] "GET /%c0%ae%c0%ae/%c0%ae%c0%ae/%c0%ae%c0%ae/%c0%ae%c0%ae/%c0%ae%c0%ae/%c0%ae%c0%ae/%c0%ae%c0%ae/%c0%ae%c0%ae/etc/hosts HTTP/1.1" 404 138 "-" "Mozilla/5.0 (Macintosh; Intel Mac OS X 10_8_3) AppleWebKit/537.36 (KHTML, like Gecko) Chrome/54.0.2866.71 Safari/537.36"
106.13.231.137 - - [13/Nov/2025:10:07:57 +0800] "GET /admin HTTP/1.1" 404 138 "-" "Mozilla/5.0 (Windows NT 10.0; Win64; x64) AppleWebKit/537.36 (KHTML, like Gecko) Chrome/128.0.0.0 Safari/537.36 Edg/128.0.0.0"
182.61.55.234 - - [13/Nov/2025:10:07:57 +0800] "GET /api/swagger/ui/index HTTP/1.1" 404 138 "-" "Mozilla/5.0 (X11; Ubuntu; Linux x86_64) AppleWebKit/537.36 (KHTML, like Gecko) Chrome/55.0.2919.83 Safari/537.36"
182.61.55.234 - - [13/Nov/2025:10:07:57 +0800] "GET /l.php?act=phpinfo HTTP/1.1" 404 138 "-" "Mozilla/5.0 (Windows NT 10.0) AppleWebKit/537.36 (KHTML, like Gecko) Chrome/40.0.2214.93 Safari/537.36"
182.61.55.234 - - [13/Nov/2025:10:07:57 +0800] "GET /.%252e/.%252e/.%252e/.%252e/.%252e/.%252e/.%252e/etc/hosts HTTP/1.1" 404 138 "-" "Mozilla/5.0 (Macintosh; Intel Mac OS X 10_8_3) AppleWebKit/537.36 (KHTML, like Gecko) Chrome/54.0.2866.71 Safari/537.36"
182.61.55.234 - - [13/Nov/2025:10:07:57 +0800] "GET /__swagger__/ HTTP/1.1" 404 138 "-" "Mozilla/5.0 (Macintosh; Intel Mac OS X 10_9_2) AppleWebKit/537.36 (KHTML, like Gecko) Chrome/36.0.1944.0 Safari/537.36"
182.61.55.234 - - [13/Nov/2025:10:07:57 +0800] "GET /..%2f..%2f..%2f..%2f..%2f..%2f..%2f..%2f..%2f..%2f..%2f..%2f..%2f..%2f..%2f..%2fetc/hosts HTTP/1.1" 400 150 "-" "-"
182.61.55.234 - - [13/Nov/2025:10:07:57 +0800] "GET /_swagger_/ HTTP/1.1" 404 138 "-" "Mozilla/5.0 (Windows NT 4.0; WOW64) AppleWebKit/537.36 (KHTML, like Gecko) Chrome/37.0.2049.0 Safari/537.36"
182.61.55.234 - - [13/Nov/2025:10:07:57 +0800] "GET /..///////..////..//////etc/hosts HTTP/1.1" 400 150 "-" "-"
182.61.55.234 - - [13/Nov/2025:10:07:57 +0800] "GET /swagger-resources/ HTTP/1.1" 404 138 "-" "Mozilla/5.0 (Macintosh; Intel Mac OS X 10_10_1) AppleWebKit/537.36 (KHTML, like Gecko) Chrome/37.0.2062.124 Safari/537.36"
182.61.55.234 - - [13/Nov/2025:10:07:57 +0800] "GET /%5C../%5C../%5C../%5C../%5C../%5C../%5C../%5C../%5C../%5C../%5C../etc/hosts HTTP/1.1" 404 138 "-" "Mozilla/5.0 (Windows NT 10.0; WOW64) AppleWebKit/537.36 (KHTML, like Gecko) Chrome/89.0.4389.114 Safari/537.36"
182.61.55.234 - - [13/Nov/2025:10:07:57 +0800] "GET /docs HTTP/1.1" 404 138 "-" "Mozilla/5.0 (Macintosh; Intel Mac OS X 10_10_1) AppleWebKit/537.36 (KHTML, like Gecko) Chrome/41.0.2227.1 Safari/537.36"
182.61.55.234 - - [13/Nov/2025:10:07:57 +0800] "GET /%c0%ae%c0%ae/%c0%ae%c0%ae/%c0%ae%c0%ae/etc/hosts HTTP/1.1" 404 138 "-" "Mozilla/5.0 (Windows NT 5.1) AppleWebKit/537.36 (KHTML, like Gecko) Chrome/36.0.1985.67 Safari/537.36"
182.61.55.234 - - [13/Nov/2025:10:07:57 +0800] "GET /swagger HTTP/1.1" 404 138 "-" "Mozilla/5.0 (Windows NT 5.1) AppleWebKit/537.36 (KHTML, like Gecko) Chrome/35.0.2309.372 Safari/537.36"
182.61.55.234 - - [13/Nov/2025:10:07:57 +0800] "GET /api-doc HTTP/1.1" 404 138 "-" "Mozilla/5.0 (Macintosh; Intel Mac OS X 10_10_1) AppleWebKit/537.36 (KHTML, like Gecko) Chrome/37.0.2062.124 Safari/537.36"
182.61.55.234 - - [13/Nov/2025:10:07:57 +0800] "GET /%c0%ae%c0%ae/%c0%ae%c0%ae/%c0%ae%c0%ae/etc/hosts%00 HTTP/1.1" 400 150 "-" "-"
182.61.55.234 - - [13/Nov/2025:10:07:58 +0800] "GET /../../../../../../../../../etc/hosts HTTP/1.1" 400 150 "-" "-"
182.61.55.234 - - [13/Nov/2025:10:07:58 +0800] "GET /%2Fetc/hosts HTTP/1.1" 404 138 "-" "Mozilla/5.0 (Windows NT 6.1; WOW64) AppleWebKit/537.36 (KHTML, like Gecko) Chrome/41.0.2227.0 Safari/537.36"
40.124.175.225 - - [13/Nov/2025:10:43:39 +0800] "GET /developmentserver/metadatauploader HTTP/1.1" 404 138 "-" "Mozilla/5.0 zgrab/0.x"
16.144.236.89 - - [13/Nov/2025:11:18:56 +0800] "GET / HTTP/1.1" 302 5 "-" "Mozilla/5.0 (Macintosh; Intel Mac OS X 10_11_5) AppleWebKit/537.36 (KHTML, like Gecko) Chrome/50.0.2661.102 Safari/537.36"
91.232.238.112 - - [13/Nov/2025:11:43:26 +0800] "GET / HTTP/1.0" 302 138 "-" "ivre-masscan/1.3 https://github.com/robertdavidgraham/"
147.185.133.98 - - [13/Nov/2025:13:42:00 +0800] "GET / HTTP/1.1" 302 5 "-" "Hello from Palo Alto Networks, find out more about our scans in https://docs-cortex.paloaltonetworks.com/r/1/Cortex-Xpanse/Scanning-activity"
147.185.133.98 - - [13/Nov/2025:13:42:01 +0800] "GET /wp-admin/setup-config.php HTTP/1.1" 200 1221 "-" "Hello from Palo Alto Networks, find out more about our scans in https://docs-cortex.paloaltonetworks.com/r/1/Cortex-Xpanse/Scanning-activity"
64.62.197.47 - - [13/Nov/2025:14:04:55 +0800] "GET / HTTP/1.1" 302 5 "-" "Mozilla/5.0 (Windows NT 10.0; Win64; x64; rv:109.0) Gecko/20100101 Firefox/110.0"
64.62.197.47 - - [13/Nov/2025:14:08:50 +0800] "GET /webui/ HTTP/1.1" 404 138 "-" "Mozilla/5.0 (Windows NT 10.0; Win64; x64; rv:109.0) Gecko/20100101 Firefox/110.0"
64.62.197.47 - - [13/Nov/2025:14:12:18 +0800] "GET /favicon.ico HTTP/1.1" 404 138 "-" "Mozilla/5.0 (X11; Linux x86_64) AppleWebKit/537.36 (KHTML, like Gecko) Chrome/139.0.0.0 Safari/537.36"
64.62.197.57 - - [13/Nov/2025:14:14:22 +0800] "GET / HTTP/1.1" 302 5 "-" "Mozilla/5.0 (Windows NT 10.0; Win64; x64; rv:109.0) Gecko/20100101 Firefox/110.0"
64.62.197.47 - - [13/Nov/2025:14:22:58 +0800] "GET /vpn/index.html HTTP/1.1" 404 138 "-" "Mozilla/5.0 (Windows NT 10.0; Win64; x64; rv:109.0) Gecko/20100101 Firefox/110.0"
64.62.197.61 - - [13/Nov/2025:14:23:26 +0800] "GET /vpn/index.html HTTP/1.1" 404 138 "-" "Mozilla/5.0 (Windows NT 10.0; Win64; x64; rv:109.0) Gecko/20100101 Firefox/110.0"
64.62.197.47 - - [13/Nov/2025:14:23:46 +0800] "GET /logon/LogonPoint/index.html HTTP/1.1" 404 138 "-" "Mozilla/5.0 (Macintosh; Intel Mac OS X 10_15_7) AppleWebKit/605.1.15 (KHTML, like Gecko) Version/16.3 Safari/605.1.15"
64.62.197.56 - - [13/Nov/2025:14:24:01 +0800] "GET /logon/LogonPoint/index.html HTTP/1.1" 404 138 "-" "Mozilla/5.0 (Macintosh; Intel Mac OS X 10_15_7) AppleWebKit/605.1.15 (KHTML, like Gecko) Version/16.3 Safari/605.1.15"
64.62.197.47 - - [13/Nov/2025:14:25:51 +0800] "GET /geoserver/web/ HTTP/1.1" 404 138 "-" "Mozilla/5.0 (Windows NT 10.0; Win64; x64; rv:109.0) Gecko/20100101 Firefox/110.0"
64.62.197.47 - - [13/Nov/2025:14:30:08 +0800] "GET /.git/config HTTP/1.1" 404 138 "-" "Mozilla/5.0 (Windows NT 10.0; Win64; x64; rv:123.0) Gecko/20100101 Firefox/123.0"
94.102.56.99 - - [13/Nov/2025:14:38:24 +0800] "GET /favicon.ico HTTP/1.1" 302 138 "-" "Mozilla/5.0 (Windows NT 10.0; Win64; x64) AppleWebKit/537.36 (KHTML, like Gecko) Chrome/137.0.0.0 Safari/537.36"
94.102.56.99 - - [13/Nov/2025:14:38:25 +0800] "GET /favicon.ico HTTP/1.1" 404 138 "http://106.12.86.167:443/favicon.ico" "Mozilla/5.0 (Windows NT 10.0; Win64; x64) AppleWebKit/537.36 (KHTML, like Gecko) Chrome/137.0.0.0 Safari/537.36"
94.102.56.99 - - [13/Nov/2025:14:38:26 +0800] "GET /login.html HTTP/1.1" 404 138 "-" "Mozilla/5.0 (Windows NT 10.0; Win64; x64) AppleWebKit/537.36 (KHTML, like Gecko) Chrome/137.0.0.0 Safari/537.36"
34.52.238.9 - - [13/Nov/2025:15:02:33 +0800] "GET / HTTP/1.1" 302 5 "-" "python-requests/2.32.5"
118.123.1.38 - - [13/Nov/2025:15:04:23 +0800] "GET /chs/js/lang_zh_tw.js HTTP/1.1" 404 138 "-" "Mozilla/4.0 (compatible; MSIE 7.0; Windows NT 6.1; WOW64; Trident/5.0; SLCC2; .NET CLR 2.0.50727; .NET CLR 3.5.30729; .NET CLR 3.0.30729; Media Center PC 6.0; .NET4.0C; .NET4.0E; InfoPath.3; KB974488)"
118.123.1.38 - - [13/Nov/2025:15:04:23 +0800] "GET /login/stylesheets/theme.css HTTP/1.1" 404 138 "-" "Mozilla/4.0 (compatible; MSIE 7.0; Windows NT 6.1; WOW64; Trident/5.0; SLCC2; .NET CLR 2.0.50727; .NET CLR 3.5.30729; .NET CLR 3.0.30729; Media Center PC 6.0; .NET4.0C; .NET4.0E; InfoPath.3; KB974488)"
118.123.1.38 - - [13/Nov/2025:15:04:23 +0800] "GET /index.php HTTP/1.1" 302 5 "-" "Mozilla/4.0 (compatible; MSIE 7.0; Windows NT 6.1; WOW64; Trident/5.0; SLCC2; .NET CLR 2.0.50727; .NET CLR 3.5.30729; .NET CLR 3.0.30729; Media Center PC 6.0; .NET4.0C; .NET4.0E; InfoPath.3; KB974488)"
118.123.1.38 - - [13/Nov/2025:15:04:23 +0800] "GET / HTTP/1.1" 302 5 "-" "Mozilla/4.0 (compatible; MSIE 7.0; Windows NT 6.1; WOW64; Trident/5.0; SLCC2; .NET CLR 2.0.50727; .NET CLR 3.5.30729; .NET CLR 3.0.30729; Media Center PC 6.0; .NET4.0C; .NET4.0E; InfoPath.3; KB974488)"
118.123.1.38 - - [13/Nov/2025:15:04:23 +0800] "GET /customer/js/lang_zh_tw.js HTTP/1.1" 404 138 "-" "Mozilla/4.0 (compatible; MSIE 7.0; Windows NT 6.1; WOW64; Trident/5.0; SLCC2; .NET CLR 2.0.50727; .NET CLR 3.5.30729; .NET CLR 3.0.30729; Media Center PC 6.0; .NET4.0C; .NET4.0E; InfoPath.3; KB974488)"
118.123.1.38 - - [13/Nov/2025:15:04:23 +0800] "GET /index.php HTTP/1.1" 302 5 "-" "Mozilla/4.0 (compatible; MSIE 7.0; Windows NT 6.1; WOW64; Trident/5.0; SLCC2; .NET CLR 2.0.50727; .NET CLR 3.5.30729; .NET CLR 3.0.30729; Media Center PC 6.0; .NET4.0C; .NET4.0E; InfoPath.3; KB974488)"
118.123.1.38 - - [13/Nov/2025:15:04:23 +0800] "GET /stylesheets/theme.css HTTP/1.1" 404 138 "-" "Mozilla/4.0 (compatible; MSIE 7.0; Windows NT 6.1; WOW64; Trident/5.0; SLCC2; .NET CLR 2.0.50727; .NET CLR 3.5.30729; .NET CLR 3.0.30729; Media Center PC 6.0; .NET4.0C; .NET4.0E; InfoPath.3; KB974488)"
118.123.1.38 - - [13/Nov/2025:15:04:23 +0800] "GET /ips/index.php HTTP/1.1" 404 138 "-" "Mozilla/4.0 (compatible; MSIE 7.0; Windows NT 6.1; WOW64; Trident/5.0; SLCC2; .NET CLR 2.0.50727; .NET CLR 3.5.30729; .NET CLR 3.0.30729; Media Center PC 6.0; .NET4.0C; .NET4.0E; InfoPath.3; KB974488)"
118.123.1.38 - - [13/Nov/2025:15:04:23 +0800] "GET /public/stylesheets/theme.css HTTP/1.1" 404 138 "-" "Mozilla/4.0 (compatible; MSIE 7.0; Windows NT 6.1; WOW64; Trident/5.0; SLCC2; .NET CLR 2.0.50727; .NET CLR 3.5.30729; .NET CLR 3.0.30729; Media Center PC 6.0; .NET4.0C; .NET4.0E; InfoPath.3; KB974488)"
118.123.1.38 - - [13/Nov/2025:15:04:23 +0800] "GET /wp-admin/setup-config.php HTTP/1.1" 200 2646 "https://106.12.86.167/" "Mozilla/4.0 (compatible; MSIE 7.0; Windows NT 6.1; WOW64; Trident/5.0; SLCC2; .NET CLR 2.0.50727; .NET CLR 3.5.30729; .NET CLR 3.0.30729; Media Center PC 6.0; .NET4.0C; .NET4.0E; InfoPath.3; KB974488)"
118.123.1.38 - - [13/Nov/2025:15:04:23 +0800] "GET /wp-admin/setup-config.php HTTP/1.1" 200 2646 "https://106.12.86.167/index.php" "Mozilla/4.0 (compatible; MSIE 7.0; Windows NT 6.1; WOW64; Trident/5.0; SLCC2; .NET CLR 2.0.50727; .NET CLR 3.5.30729; .NET CLR 3.0.30729; Media Center PC 6.0; .NET4.0C; .NET4.0E; InfoPath.3; KB974488)"
118.123.1.38 - - [13/Nov/2025:15:04:23 +0800] "GET /wp-admin/setup-config.php HTTP/1.1" 200 2646 "https://106.12.86.167/index.php" "Mozilla/4.0 (compatible; MSIE 7.0; Windows NT 6.1; WOW64; Trident/5.0; SLCC2; .NET CLR 2.0.50727; .NET CLR 3.5.30729; .NET CLR 3.0.30729; Media Center PC 6.0; .NET4.0C; .NET4.0E; InfoPath.3; KB974488)"
51.158.54.10 - - [13/Nov/2025:15:04:54 +0800] "GET / HTTP/1.0" 302 138 "-" "ivre-masscan/1.3 https://github.com/robertdavidgraham/"
193.142.147.209 - - [13/Nov/2025:15:11:57 +0800] "GET /cgi-bin/luci/;stok=/locale HTTP/1.1" 404 138 "-" "-"
3.137.73.221 - - [13/Nov/2025:16:58:59 +0800] "GET / HTTP/1.1" 302 138 "-" "Mozilla/5.0 (Macintosh; Intel Mac OS X 10_15_7) Chrome/126.0.0.0 Safari/537.36"
3.137.73.221 - - [13/Nov/2025:16:59:00 +0800] "GET / HTTP/1.1" 302 5 "http://106.12.86.167:443/" "Mozilla/5.0 (Macintosh; Intel Mac OS X 10_15_7) Chrome/126.0.0.0 Safari/537.36"
3.137.73.221 - - [13/Nov/2025:16:59:00 +0800] "GET /wp-admin/setup-config.php HTTP/1.1" 200 1217 "https://106.12.86.167/" "Mozilla/5.0 (Macintosh; Intel Mac OS X 10_15_7) Chrome/126.0.0.0 Safari/537.36"
3.137.73.221 - - [13/Nov/2025:17:01:29 +0800] "GET / HTTP/1.1" 302 138 "-" "Mozilla/5.0 (Macintosh; Intel Mac OS X 10_15_7) Chrome/126.0.0.0 Safari/537.36"
3.137.73.221 - - [13/Nov/2025:17:04:12 +0800] "" 400 0 "-" "-"
3.137.73.221 - - [13/Nov/2025:17:04:28 +0800] "SSH-2.0-Go" 400 150 "-" "-"
3.137.73.221 - - [13/Nov/2025:17:04:41 +0800] "GET / HTTP/1.1" 302 5 "-" "Mozilla/5.0 (Macintosh; Intel Mac OS X 10_15_7) Chrome/126.0.0.0 Safari/537.36"
3.137.73.221 - - [13/Nov/2025:17:04:41 +0800] "GET /wp-admin/setup-config.php HTTP/1.1" 200 1217 "https://106.12.86.167/" "Mozilla/5.0 (Macintosh; Intel Mac OS X 10_15_7) Chrome/126.0.0.0 Safari/537.36"
35.203.210.90 - - [13/Nov/2025:17:07:00 +0800] "GET /wp-login.php HTTP/1.1" 302 5 "-" "Hello from Palo Alto Networks, find out more about our scans in https://docs-cortex.paloaltonetworks.com/r/1/Cortex-Xpanse/Scanning-activity"
35.203.210.90 - - [13/Nov/2025:17:07:01 +0800] "GET /wp-admin/setup-config.php HTTP/1.1" 200 2678 "-" "Hello from Palo Alto Networks, find out more about our scans in https://docs-cortex.paloaltonetworks.com/r/1/Cortex-Xpanse/Scanning-activity"
192.210.160.141 - - [13/Nov/2025:17:10:38 +0800] "POST /cgi-bin/.%2e/.%2e/.%2e/.%2e/.%2e/.%2e/.%2e/.%2e/.%2e/.%2e/bin/sh HTTP/1.1" 400 150 "-" "-"
185.189.182.234 - - [13/Nov/2025:17:40:23 +0800] "GET /7Ru^ HTTP/1.1" 400 150 "-" "-"
159.203.31.176 - - [13/Nov/2025:18:06:28 +0800] "GET /+CSCOL+/Java.jar HTTP/1.1" 404 138 "-" "Mozilla/5.0 (Windows NT 10.0; Win64; x64) AppleWebKit/537.36 (KHTML, like Gecko) Chrome/108.0.0.0 Safari/537.36"
159.203.31.176 - - [13/Nov/2025:18:06:29 +0800] "GET /+CSCOE+/logon_forms.js HTTP/1.1" 404 138 "-" "Mozilla/5.0 (Windows NT 10.0; Win64; x64) AppleWebKit/537.36 (KHTML, like Gecko) Chrome/108.0.0.0 Safari/537.36"
159.203.31.176 - - [13/Nov/2025:18:06:31 +0800] "GET /+CSCOL+/a1.jar HTTP/1.1" 404 138 "-" "Mozilla/5.0 (Windows NT 10.0; Win64; x64) AppleWebKit/537.36 (KHTML, like Gecko) Chrome/108.0.0.0 Safari/537.36"
159.203.31.176 - - [13/Nov/2025:18:06:33 +0800] "GET /+CSCOE+/transfer.js HTTP/1.1" 404 138 "-" "Mozilla/5.0 (Windows NT 10.0; Win64; x64) AppleWebKit/537.36 (KHTML, like Gecko) Chrome/108.0.0.0 Safari/537.36"
178.22.24.133 - - [13/Nov/2025:18:38:50 +0800] "GET / HTTP/1.1" 302 5 "-" "Mozilla/5.0 (Windows NT 10.0; Win64; x64) AppleWebKit/537.36 (KHTML, like Gecko) Chrome/140.0.0.0 Safari/537.36"
178.22.24.133 - - [13/Nov/2025:18:38:52 +0800] "GET / HTTP/1.1" 302 138 "-" "Mozilla/5.0 (Windows NT 10.0; Win64; x64) AppleWebKit/537.36 (KHTML, like Gecko) Chrome/140.0.0.0 Safari/537.36"
193.142.147.209 - - [13/Nov/2025:19:24:10 +0800] "GET /cgi-bin/luci/;stok=/locale HTTP/1.1" 404 138 "-" "-"
121.91.235.150 - - [13/Nov/2025:20:14:01 +0800] "GET / HTTP/1.1" 302 5 "-" "Mozilla/5.0 (Windows NT 10.0; Win64; x64) AppleWebKit/537.36"
121.91.235.150 - - [13/Nov/2025:20:14:01 +0800] "GET /wp-admin/setup-config.php HTTP/1.1" 200 1217 "https://106.12.86.167/" "Mozilla/5.0 (Windows NT 10.0; Win64; x64) AppleWebKit/537.36"
159.65.31.54 - - [13/Nov/2025:20:15:47 +0800] "POST /cgi-bin/.%2e/.%2e/.%2e/.%2e/.%2e/.%2e/.%2e/.%2e/.%2e/.%2e/bin/sh HTTP/1.1" 400 150 "-" "-"
209.38.201.154 - - [13/Nov/2025:20:57:19 +0800] "\x00\x00\x00\x00\x00\x00\x00\x00\x00\x00\x00\x00\x00\x00\x00\x00\x00\x00\x00\x00" 400 150 "-" "-"
180.97.39.2 - - [13/Nov/2025:22:05:53 +0800] "GET / HTTP/2.0" 302 0 "http://www.baidu.com/s?wd=ZMOL" "pc"
180.97.39.2 - - [13/Nov/2025:22:05:53 +0800] "GET /wp-admin/setup-config.php HTTP/2.0" 200 1205 "http://www.baidu.com/s?wd=ZMOL" "pc"
45.148.10.248 - - [13/Nov/2025:22:20:14 +0800] "GET /.git/config HTTP/1.1" 404 138 "-" "Mozilla/5.0 (X11; U; Linux i686; en-US; rv:1.9.1.16) Gecko/20120421 Gecko Firefox/11.0"
65.49.20.104 - - [13/Nov/2025:22:26:22 +0800] "GET /vkey/ HTTP/1.1" 404 138 "-" "Mozilla/5.0 (Windows NT 10.0; Win64; x64) AppleWebKit/537.36 (KHTML, like Gecko) Chrome/135.0.0.0 Safari/537.36 OPR/120.0.0.0"
180.76.30.7 - - [13/Nov/2025:22:36:38 +0800] "GET / HTTP/1.1" 302 5 "http://www.baidu.com/s?wd=6MQQ" "Mozilla/5.0 (Windows NT 6.1; WOW64; rv:43.0) Gecko/20100101 Firefox/43.0"
180.76.30.7 - - [13/Nov/2025:22:36:38 +0800] "GET /wp-admin/setup-config.php HTTP/1.1" 200 1217 "-" "Mozilla/5.0 (Windows NT 6.1; WOW64; rv:43.0) Gecko/20100101 Firefox/43.0"
66.249.66.37 - - [13/Nov/2025:23:03:22 +0800] "GET /3803-polo-place HTTP/1.1" 404 138 "-" "Mozilla/5.0 (Linux; Android 6.0.1; Nexus 5X Build/MMB29P) AppleWebKit/537.36 (KHTML, like Gecko) Chrome/141.0.7390.122 Mobile Safari/537.36 (compatible; Googlebot/2.1; +http://www.google.com/bot.html)"
20.64.105.53 - - [13/Nov/2025:23:17:51 +0800] "SSH-2.0-Go" 400 150 "-" "-"
20.64.105.53 - - [13/Nov/2025:23:17:53 +0800] "MGLNDD_106.12.86.167_443" 400 150 "-" "-"
193.142.147.209 - - [13/Nov/2025:23:42:26 +0800] "GET /cgi-bin/luci/;stok=/locale HTTP/1.1" 404 138 "-" "-"
194.163.129.51 - - [13/Nov/2025:23:59:06 +0800] "GET /robots.txt HTTP/1.1" 404 138 "-" "Mozilla/5.0"
150.107.38.40 - - [14/Nov/2025:00:13:17 +0800] "GET / HTTP/1.1" 302 5 "-" "Mozilla/5.0 (Macintosh; Intel Mac OS X 10_15_7) AppleWebKit/537.36 (KHTML, like Gecko) Chrome/120.0.0.0 Safari/537.36 Edg/120.0.0.0"
150.107.38.40 - - [14/Nov/2025:00:13:37 +0800] "GET /wp-admin/setup-config.php HTTP/1.1" 200 1217 "https://106.12.86.167/" "Mozilla/5.0 (Macintosh; Intel Mac OS X 10_7_0) AppleWebKit/535.11 (KHTML, like Gecko) Chrome/17.0.963.56 Safari/535.11"
150.107.38.40 - - [14/Nov/2025:00:13:38 +0800] "GET /favicon.ico HTTP/1.1" 404 138 "-" "Mozilla/5.0 (Macintosh; Intel Mac OS X 10_7_0) AppleWebKit/535.11 (KHTML, like Gecko) Chrome/17.0.963.56 Safari/535.11"
150.107.38.40 - - [14/Nov/2025:00:13:38 +0800] "GET /robots.txt HTTP/1.1" 404 138 "-" "Mozilla/5.0 (Macintosh; Intel Mac OS X 10_7_0) AppleWebKit/535.11 (KHTML, like Gecko) Chrome/17.0.963.56 Safari/535.11"
150.107.38.40 - - [14/Nov/2025:00:13:39 +0800] "GET /sitemap.xml HTTP/1.1" 404 138 "-" "Mozilla/5.0 (Macintosh; Intel Mac OS X 10_7_0) AppleWebKit/535.11 (KHTML, like Gecko) Chrome/17.0.963.56 Safari/535.11"
150.107.38.40 - - [14/Nov/2025:00:13:46 +0800] "GET /config.json HTTP/1.1" 404 138 "-" "Mozilla/5.0 (Macintosh; Intel Mac OS X 10_7_0) AppleWebKit/535.11 (KHTML, like Gecko) Chrome/17.0.963.56 Safari/535.11"
161.97.167.152 - - [14/Nov/2025:00:18:45 +0800] "GET /admin/config.php HTTP/1.0" 404 138 "-" "Mozilla/5.0 (X11; Linux x86_64; rv:94.0) Gecko/20100101 Firefox/94.0"
179.43.191.19 - - [14/Nov/2025:00:25:32 +0800] "GET /tr/ HTTP/1.1" 404 138 "-" "Mozilla/5.0 (Windows NT 10.0; Win64; x64; rv:137.0) Gecko/20100101 Firefox/137.0"
179.43.169.98 - - [14/Nov/2025:00:36:35 +0800] "GET /.env HTTP/1.1" 404 138 "-" "Go-http-client/1.1"
164.90.166.128 - - [14/Nov/2025:00:40:56 +0800] "GET /.env HTTP/1.1" 404 138 "-" "Mozilla/5.0; Keydrop.io/1.0(onlyscans.com/about);"
164.90.166.128 - - [14/Nov/2025:00:40:57 +0800] "GET /.env HTTP/1.1" 302 138 "-" "Mozilla/5.0; Keydrop.io/1.0(onlyscans.com/about);"
164.90.166.128 - - [14/Nov/2025:00:40:58 +0800] "GET /.git/config HTTP/1.1" 404 138 "-" "Mozilla/5.0; Keydrop.io/1.0(onlyscans.com/about);"
164.90.166.128 - - [14/Nov/2025:00:40:58 +0800] "GET /.git/config HTTP/1.1" 302 138 "-" "Mozilla/5.0; Keydrop.io/1.0(onlyscans.com/about);"
87.121.84.82 - - [14/Nov/2025:00:41:53 +0800] "SSH-2.0-OpenSSH" 400 150 "-" "-"
91.232.238.112 - - [14/Nov/2025:01:05:34 +0800] "GET / HTTP/1.0" 302 138 "-" "ivre-masscan/1.3 https://github.com/robertdavidgraham/"
66.249.66.64 - - [14/Nov/2025:01:12:25 +0800] "GET /615-whistle-post-drive HTTP/1.1" 404 138 "-" "Mozilla/5.0 (Linux; Android 6.0.1; Nexus 5X Build/MMB29P) AppleWebKit/537.36 (KHTML, like Gecko) Chrome/141.0.7390.122 Mobile Safari/537.36 (compatible; Googlebot/2.1; +http://www.google.com/bot.html)"
121.199.161.125 - - [14/Nov/2025:02:53:27 +0800] "GET / HTTP/1.0" 302 147 "-" "-"
121.199.161.125 - - [14/Nov/2025:02:53:31 +0800] "GET /nmaplowercheck1763060011 HTTP/1.1" 404 138 "-" "Mozilla/5.0 (compatible; Nmap Scripting Engine; https://nmap.org/book/nse.html)"
121.199.161.125 - - [14/Nov/2025:02:53:31 +0800] "POST /sdk HTTP/1.1" 404 138 "-" "Mozilla/5.0 (compatible; Nmap Scripting Engine; https://nmap.org/book/nse.html)"
121.199.161.125 - - [14/Nov/2025:02:53:31 +0800] "GET /HNAP1 HTTP/1.1" 404 138 "-" "Mozilla/5.0 (compatible; Nmap Scripting Engine; https://nmap.org/book/nse.html)"
121.199.161.125 - - [14/Nov/2025:02:53:31 +0800] "GET /evox/about HTTP/1.1" 404 138 "-" "Mozilla/5.0 (compatible; Nmap Scripting Engine; https://nmap.org/book/nse.html)"
121.199.161.125 - - [14/Nov/2025:02:53:51 +0800] "GET / HTTP/1.0" 302 147 "-" "-"
121.199.161.125 - - [14/Nov/2025:02:53:51 +0800] "GET / HTTP/1.1" 302 5 "-" "-"
185.12.59.118 - - [14/Nov/2025:03:33:43 +0800] "GET / HTTP/1.1" 302 5 "-" "Mozilla/5.0 (Windows NT 10.0; Win64; x64; rv:132.0) Gecko/20100101 Firefox/132.0"
193.34.213.150 - - [14/Nov/2025:03:35:58 +0800] "GET /dispatch.asp HTTP/1.1" 302 138 "-" "Mozilla/5.0 (Windows NT 10.0; Win64; x64) AppleWebKit/537.36 (KHTML, like Gecko) Chrome/90.0.4430.85 Safari/537.36 Edg/90.0.818.46"
3.94.186.199 - - [14/Nov/2025:03:53:20 +0800] "GET / HTTP/1.1" 302 5 "-" "Mozilla/5.0 (Windows NT 10.0; Win64; x64) AppleWebKit/537.36 (KHTML, like Gecko) Chrome/136.0.0.0 Safari/537.36"
18.234.82.48 - - [14/Nov/2025:03:53:25 +0800] "GET /robots.txt HTTP/1.1" 404 138 "-" "Mozilla/5.0 (Windows NT 10.0; Win64; x64) AppleWebKit/537.36 (KHTML, like Gecko) Chrome/136.0.0.0 Safari/537.36"
98.93.63.52 - - [14/Nov/2025:04:00:06 +0800] "GET /favicon.ico HTTP/1.1" 404 138 "-" "Mozilla/5.0 (Windows NT 10.0; Win64; x64) AppleWebKit/537.36 (KHTML, like Gecko) Chrome/136.0.0.0 Safari/537.36"
179.43.169.98 - - [14/Nov/2025:04:56:37 +0800] "GET /.env HTTP/1.1" 404 138 "-" "Go-http-client/1.1"
20.64.104.82 - - [14/Nov/2025:05:04:34 +0800] "GET /autodiscover/autodiscover.json?@zdi/Powershell HTTP/1.1" 404 138 "-" "Mozilla/5.0 zgrab/0.x"
213.209.157.254 - - [14/Nov/2025:05:37:31 +0800] "GET /.git/config HTTP/1.1" 404 138 "-" "Mozilla/5.0 (Macintosh; Intel Mac OS X 10_13_6; rv:57.0) Gecko/20100101 Firefox/57.0"
8.219.209.185 - - [14/Nov/2025:05:38:05 +0800] "\x05\x01\x00" 400 150 "-" "-"
8.219.209.185 - - [14/Nov/2025:05:39:30 +0800] "GET http://passport.baidu.com/ HTTP/1.1" 302 138 "-" "-"
198.235.24.183 - - [14/Nov/2025:05:39:34 +0800] "GET / HTTP/1.1" 302 5 "-" "Hello from Palo Alto Networks, find out more about our scans in https://docs-cortex.paloaltonetworks.com/r/1/Cortex-Xpanse/Scanning-activity"
198.235.24.183 - - [14/Nov/2025:05:39:35 +0800] "GET /wp-admin/setup-config.php HTTP/1.1" 200 1221 "-" "Hello from Palo Alto Networks, find out more about our scans in https://docs-cortex.paloaltonetworks.com/r/1/Cortex-Xpanse/Scanning-activity"
8.219.209.185 - - [14/Nov/2025:05:39:48 +0800] "\x04\x01\x00Pg)\xA7\xEA\x00" 400 150 "-" "-"
20.29.24.158 - - [14/Nov/2025:05:43:58 +0800] "SSH-2.0-Go" 400 150 "-" "-"
20.29.24.158 - - [14/Nov/2025:05:43:58 +0800] "MGLNDD_106.12.86.167_443" 400 150 "-" "-"
209.38.228.244 - - [14/Nov/2025:06:02:03 +0800] "GET /+CSCOL+/Java.jar HTTP/1.1" 404 138 "-" "Mozilla/5.0 (Windows NT 10.0; Win64; x64) AppleWebKit/537.36 (KHTML, like Gecko) Chrome/108.0.0.0 Safari/537.36"
209.38.228.244 - - [14/Nov/2025:06:02:05 +0800] "GET /+CSCOE+/logon_forms.js HTTP/1.1" 404 138 "-" "Mozilla/5.0 (Windows NT 10.0; Win64; x64) AppleWebKit/537.36 (KHTML, like Gecko) Chrome/108.0.0.0 Safari/537.36"
209.38.228.244 - - [14/Nov/2025:06:02:07 +0800] "GET /+CSCOL+/a1.jar HTTP/1.1" 404 138 "-" "Mozilla/5.0 (Windows NT 10.0; Win64; x64) AppleWebKit/537.36 (KHTML, like Gecko) Chrome/108.0.0.0 Safari/537.36"
209.38.228.244 - - [14/Nov/2025:06:02:08 +0800] "GET /+CSCOE+/transfer.js HTTP/1.1" 404 138 "-" "Mozilla/5.0 (Windows NT 10.0; Win64; x64) AppleWebKit/537.36 (KHTML, like Gecko) Chrome/108.0.0.0 Safari/537.36"
79.124.40.174 - - [14/Nov/2025:07:10:22 +0800] "GET /?XDEBUG_SESSION_START=phpstorm HTTP/1.1" 302 5 "-" "Mozilla/5.0 (Windows NT 10.0; Win64; x64) AppleWebKit/537.36 (KHTML, like Gecko) Chrome/78.0.3904.108 Safari/537.36"
79.124.40.174 - - [14/Nov/2025:07:10:23 +0800] "GET /wp-admin/setup-config.php HTTP/1.1" 200 1221 "https://106.12.86.167:443/?XDEBUG_SESSION_START=phpstorm" "Mozilla/5.0 (Windows NT 10.0; Win64; x64) AppleWebKit/537.36 (KHTML, like Gecko) Chrome/78.0.3904.108 Safari/537.36"
114.219.56.243 - - [14/Nov/2025:07:55:39 +0800] "GET / HTTP/1.1" 302 5 "-" "Mozilla/5.0 (Windows NT 10.0; Win64; x64) AppleWebKit/537.36 (KHTML, like Gecko) Chrome/133.0.0.0 Safari/537.36"
114.219.56.243 - - [14/Nov/2025:07:55:41 +0800] "GET /wp-admin/setup-config.php HTTP/1.1" 200 1217 "https://106.12.86.167/" "Mozilla/5.0 (Windows NT 10.0; Win64; x64) AppleWebKit/537.36 (KHTML, like Gecko) Chrome/133.0.0.0 Safari/537.36"
114.219.56.243 - - [14/Nov/2025:07:56:37 +0800] "GET /favicon.ico HTTP/2.0" 404 138 "-" "Mozilla/5.0 (Windows NT 10.0; Win64; x64) AppleWebKit/537.36 (KHTML, like Gecko) Chrome/133.0.0.0 Safari/537.36"
91.232.238.153 - - [14/Nov/2025:08:29:53 +0800] "GET /admin/config.php HTTP/1.0" 404 138 "-" "xfa1"
79.124.40.174 - - [14/Nov/2025:09:01:23 +0800] "GET /actuator/gateway/routes HTTP/1.1" 404 138 "-" "Mozilla/5.0 (Windows NT 10.0; Win64; x64) AppleWebKit/537.36 (KHTML, like Gecko) Chrome/78.0.3904.108 Safari/537.36"
193.142.147.209 - - [14/Nov/2025:09:24:39 +0800] "GET /cgi-bin/luci/;stok=/locale HTTP/1.1" 404 138 "-" "-"
209.38.201.154 - - [14/Nov/2025:09:24:48 +0800] "\x00\x00\x00\x00\x00\x00\x00\x00\x00\x00\x00\x00\x00\x00\x00\x00\x00\x00\x00\x00" 400 150 "-" "-"
78.153.140.203 - - [14/Nov/2025:09:37:38 +0800] "GET /.env HTTP/1.1" 404 138 "-" "Mozilla/5.0 (Linux; U; Android 2.3.7; en-us; LG-VM696 Build/ZV5.GWK74) AppleWebKit/533.1 (KHTML, like Gecko) Version/4.0 Mobile Safari/533.1"
78.153.140.203 - - [14/Nov/2025:09:37:39 +0800] "GET /api/.env HTTP/1.1" 404 138 "-" "Mozilla/5.0 (Windows NT 5.1) AppleWebKit/537.22 (KHTML, like Gecko) Chrome/25.0.1364.172 Safari/537.22"
78.153.140.203 - - [14/Nov/2025:09:37:41 +0800] "GET /backend/.env HTTP/1.1" 404 138 "-" "Mozilla/5.0 (Macintosh; Intel Mac OS X 10_11_4) AppleWebKit/537.36 (KHTML, like Gecko) Chrome/49.0.2623.87 Safari/537.36"
178.159.37.70 - - [14/Nov/2025:09:41:11 +0800] "\x03\x00\x00/*\xE0\x00\x00\x00\x00\x00Cookie: mstshash=Administr" 400 150 "-" "-"
91.232.238.153 - - [14/Nov/2025:09:42:33 +0800] "GET /robots.txt HTTP/1.1" 404 138 "-" "Mozilla/5.0"
106.13.225.229 - - [14/Nov/2025:10:33:32 +0800] "GET / HTTP/1.0" 302 138 "-" "-"
106.13.215.38 - - [14/Nov/2025:10:33:32 +0800] "GET / HTTP/1.1" 302 5 "-" "Mozilla/5.0 (Windows NT 10.0; Win64; x64) AppleWebKit/537.36 (KHTML, like Gecko) Chrome/128.0.0.0 Safari/537.36 Edg/128.0.0.0"
106.13.215.38 - - [14/Nov/2025:10:33:32 +0800] "GET /wp-admin/setup-config.php HTTP/1.1" 200 1217 "https://106.12.86.167" "Mozilla/5.0 (Windows NT 10.0; Win64; x64) AppleWebKit/537.36 (KHTML, like Gecko) Chrome/128.0.0.0 Safari/537.36 Edg/128.0.0.0"
106.13.215.38 - - [14/Nov/2025:10:33:32 +0800] "GET /favicon.ico HTTP/1.1" 404 138 "-" "Mozilla/5.0 (Windows NT 10.0; Win64; x64) AppleWebKit/537.36 (KHTML, like Gecko) Chrome/128.0.0.0 Safari/537.36 Edg/128.0.0.0"
106.13.215.38 - - [14/Nov/2025:10:33:33 +0800] "GET /WebReport/ReportServer HTTP/1.1" 404 138 "-" "Mozilla/5.0 (Windows NT 10.0; Win64; x64) AppleWebKit/537.36 (KHTML, like Gecko) Chrome/128.0.0.0 Safari/537.36 Edg/128.0.0.0"
106.13.215.38 - - [14/Nov/2025:10:33:33 +0800] "GET /fr/ReportServer HTTP/1.1" 404 138 "-" "Mozilla/5.0 (Windows NT 10.0; Win64; x64) AppleWebKit/537.36 (KHTML, like Gecko) Chrome/128.0.0.0 Safari/537.36 Edg/128.0.0.0"
106.13.215.38 - - [14/Nov/2025:10:33:33 +0800] "GET /druid/index.html HTTP/1.1" 404 138 "-" "Mozilla/5.0 (Windows NT 10.0; Win64; x64) AppleWebKit/537.36 (KHTML, like Gecko) Chrome/128.0.0.0 Safari/537.36 Edg/128.0.0.0"
106.13.215.38 - - [14/Nov/2025:10:33:33 +0800] "GET /xxl-job-admin/toLogin HTTP/1.1" 404 138 "-" "Mozilla/5.0 (Windows NT 10.0; Win64; x64) AppleWebKit/537.36 (KHTML, like Gecko) Chrome/128.0.0.0 Safari/537.36 Edg/128.0.0.0"
182.61.4.240 - - [14/Nov/2025:10:33:33 +0800] "GET /.DS_Store HTTP/1.1" 404 138 "-" "Mozilla/5.0 (Windows NT 5.1) AppleWebKit/537.36 (KHTML, like Gecko) Chrome/36.0.1985.67 Safari/537.36"
182.61.4.240 - - [14/Nov/2025:10:33:33 +0800] "GET /.%252e/.%252e/.%252e/.%252e/.%252e/.%252e/windows/win.ini HTTP/1.1" 404 138 "-" "Mozilla/5.0 (Windows NT 6.1; WOW64) AppleWebKit/537.36 (KHTML, like Gecko) Chrome/41.0.2227.0 Safari/537.36"
182.61.4.240 - - [14/Nov/2025:10:33:33 +0800] "GET /.git/config HTTP/1.1" 404 138 "-" "Mozilla/5.0 (Windows NT 6.3; WOW64) AppleWebKit/537.36 (KHTML, like Gecko) Chrome/41.0.2226.0 Safari/537.36"
182.61.4.240 - - [14/Nov/2025:10:33:33 +0800] "GET /v2/api-docs HTTP/1.1" 404 138 "-" "Mozilla/5.0 (Macintosh; Intel Mac OS X 10_9_3) AppleWebKit/537.36 (KHTML, like Gecko) Chrome/35.0.1916.47 Safari/537.36"
182.61.4.240 - - [14/Nov/2025:10:33:33 +0800] "GET /etc/hosts HTTP/1.1" 404 138 "-" "Mozilla/5.0 (Windows NT 6.1; WOW64) AppleWebKit/537.36 (KHTML, like Gecko) Chrome/41.0.2227.0 Safari/537.36"
106.13.215.38 - - [14/Nov/2025:10:33:33 +0800] "GET /ueditor/ueditor.all.js HTTP/1.1" 404 138 "-" "Mozilla/5.0 (Windows NT 10.0; Win64; x64) AppleWebKit/537.36 (KHTML, like Gecko) Chrome/128.0.0.0 Safari/537.36 Edg/128.0.0.0"
182.61.4.240 - - [14/Nov/2025:10:33:33 +0800] "GET /login HTTP/1.1" 404 138 "-" "Mozilla/5.0 (Windows NT 10.0; WOW64) AppleWebKit/537.36 (KHTML, like Gecko) Chrome/89.0.4389.114 Safari/537.36"
182.61.4.240 - - [14/Nov/2025:10:33:33 +0800] "GET /php.php HTTP/1.1" 404 138 "-" "Mozilla/5.0 (X11; OpenBSD i386) AppleWebKit/537.36 (KHTML, like Gecko) Chrome/36.0.1985.125 Safari/537.36"
182.61.4.240 - - [14/Nov/2025:10:33:33 +0800] "GET /.svn/entries HTTP/1.1" 404 138 "-" "Mozilla/5.0 (Windows NT 10.0) AppleWebKit/537.36 (KHTML, like Gecko) Chrome/89.0.4389.114 Safari/537.36"
182.61.4.240 - - [14/Nov/2025:10:33:33 +0800] "POST /messagebroker/amf HTTP/1.1" 404 138 "-" "Mozilla/5.0 (Windows NT 6.1; Win64; x64) AppleWebKit/537.36 (KHTML, like Gecko) Chrome/101.0.4951.54 Safari/537.36"
182.61.4.240 - - [14/Nov/2025:10:33:33 +0800] "POST /php-cgi/php-cgi.exe?%ADd+cgi.force_redirect%3d0+%ADd+cgi.redirect_status_env+%ADd+allow_url_include%3d1+%ADd+auto_prepend_file%3dphp://input HTTP/1.1" 404 138 "-" "Mozilla/5.0 (Windows NT 10.0; Win64; x64) AppleWebKit/537.36 (KHTML, like Gecko) Chrome/70.0.3538.77 Safari/537.36"
182.61.4.240 - - [14/Nov/2025:10:33:33 +0800] "POST /index.php?-d+allow_url_include%3don+-d+auto_prepend_file%3dphp%3a//input HTTP/1.1" 302 5 "-" "Mozilla/5.0 (Windows NT 6.3; Win64; x64) AppleWebKit/537.36 (KHTML, like Gecko) Chrome/37.0.2049.0 Safari/537.36"
106.13.215.38 - - [14/Nov/2025:10:33:33 +0800] "GET /ReportServlet HTTP/1.1" 404 138 "-" "Mozilla/5.0 (Windows NT 10.0; Win64; x64) AppleWebKit/537.36 (KHTML, like Gecko) Chrome/128.0.0.0 Safari/537.36 Edg/128.0.0.0"
182.61.4.240 - - [14/Nov/2025:10:33:33 +0800] "GET /swagger/ui/index HTTP/1.1" 404 138 "-" "Mozilla/5.0 (Windows NT 6.4; WOW64) AppleWebKit/537.36 (KHTML, like Gecko) Chrome/41.0.2225.0 Safari/537.36"
182.61.4.240 - - [14/Nov/2025:10:33:33 +0800] "GET /phpinfo.php HTTP/1.1" 404 138 "-" "Mozilla/5.0 (Windows NT 10.0; Win64; x64) AppleWebKit/537.36 (KHTML, like Gecko) Chrome/89.0.4389.114 Safari/537.36"
182.61.4.240 - - [14/Nov/2025:10:33:33 +0800] "GET /..%5cetc/hosts HTTP/1.1" 404 138 "-" "Mozilla/5.0 (Macintosh; Intel Mac OS X 10_8_4) AppleWebKit/537.36 (KHTML, like Gecko) Chrome/49.0.2656.18 Safari/537.36"
182.61.4.240 - - [14/Nov/2025:10:33:33 +0800] "GET /.%2e/.%2e/.%2e/.%2e/.%2e/.%2e/windows/win.ini HTTP/1.1" 400 150 "-" "-"
182.61.4.240 - - [14/Nov/2025:10:33:33 +0800] "POST /index.php?%ADd+cgi.force_redirect%3d0+%ADd+cgi.redirect_status_env+%ADd+allow_url_include%3d1+%ADd+auto_prepend_file%3dphp://input HTTP/1.1" 302 5 "-" "Mozilla/5.0 (Windows NT 6.2; WOW64) AppleWebKit/537.36 (KHTML like Gecko) Chrome/44.0.2403.155 Safari/537.36"
182.61.4.240 - - [14/Nov/2025:10:33:33 +0800] "GET /..%5c..%5c..%5c..%5c..%5c..%5cwindows/win.ini HTTP/1.1" 404 138 "-" "Mozilla/5.0 (Windows NT 6.3; WOW64) AppleWebKit/537.36 (KHTML, like Gecko) Chrome/41.0.2226.0 Safari/537.36"
182.61.4.240 - - [14/Nov/2025:10:33:33 +0800] "GET /swagger/index.html HTTP/1.1" 404 138 "-" "Mozilla/5.0 (Windows NT 5.1) AppleWebKit/537.36 (KHTML, like Gecko) Chrome/35.0.2309.372 Safari/537.36"
106.13.215.38 - - [14/Nov/2025:10:33:33 +0800] "GET /editor/editor/fckeditor.html HTTP/1.1" 404 138 "-" "Mozilla/5.0 (Windows NT 10.0; Win64; x64) AppleWebKit/537.36 (KHTML, like Gecko) Chrome/128.0.0.0 Safari/537.36 Edg/128.0.0.0"
182.61.4.240 - - [14/Nov/2025:10:33:33 +0800] "GET /info.php HTTP/1.1" 404 138 "-" "Mozilla/5.0 (Windows NT 6.3; WOW64) AppleWebKit/537.36 (KHTML, like Gecko) Chrome/41.0.2226.0 Safari/537.36"
182.61.4.240 - - [14/Nov/2025:10:33:33 +0800] "GET /..%5c..%5cetc/hosts HTTP/1.1" 404 138 "-" "Mozilla/5.0 (X11; Ubuntu; Linux i686 on x86_64) AppleWebKit/537.36 (KHTML, like Gecko) Chrome/53.0.2820.59 Safari/537.36"
182.61.4.240 - - [14/Nov/2025:10:33:33 +0800] "POST /test.php?%ADd+cgi.force_redirect%3d0+%ADd+cgi.redirect_status_env+%ADd+allow_url_include%3d1+%ADd+auto_prepend_file%3dphp://input HTTP/1.1" 404 138 "-" "Mozilla/5.0 (Macintosh; Intel Mac OS X 10_8_4) AppleWebKit/537.36 (KHTML, like Gecko) Chrome/49.0.2656.18 Safari/537.36"
182.61.4.240 - - [14/Nov/2025:10:33:33 +0800] "GET /swagger-ui.html HTTP/1.1" 404 138 "-" "Mozilla/5.0 (X11; Linux x86_64) AppleWebKit/537.36 (KHTML, like Gecko) Chrome/41.0.2227.0 Safari/537.36"
106.13.215.38 - - [14/Nov/2025:10:33:33 +0800] "GET /js/ueditor/ueditor.all.js HTTP/1.1" 404 138 "-" "Mozilla/5.0 (Windows NT 10.0; Win64; x64) AppleWebKit/537.36 (KHTML, like Gecko) Chrome/128.0.0.0 Safari/537.36 Edg/128.0.0.0"
182.61.4.240 - - [14/Nov/2025:10:33:33 +0800] "GET /infophp.php HTTP/1.1" 404 138 "-" "Mozilla/5.0 (Windows NT 10.0) AppleWebKit/537.36 (KHTML, like Gecko) Chrome/40.0.2214.93 Safari/537.36"
182.61.4.240 - - [14/Nov/2025:10:33:33 +0800] "GET /..%2f..%2f..%2f..%2f..%2f..%2fwindows/win.ini HTTP/1.1" 400 150 "-" "-"
182.61.4.240 - - [14/Nov/2025:10:33:33 +0800] "GET /..%5c..%5c..%5cetc/hosts HTTP/1.1" 404 138 "-" "Mozilla/5.0 (X11; OpenBSD i386) AppleWebKit/537.36 (KHTML, like Gecko) Chrome/36.0.1985.125 Safari/537.36"
182.61.4.240 - - [14/Nov/2025:10:33:33 +0800] "POST /test.hello?%ADd+cgi.force_redirect%3d0+%ADd+cgi.redirect_status_env+%ADd+allow_url_include%3d1+%ADd+auto_prepend_file%3dphp://input HTTP/1.1" 404 138 "-" "Mozilla/5.0 (Macintosh; Intel Mac OS X 10_9_2) AppleWebKit/537.36 (KHTML, like Gecko) Chrome/52.0.2762.73 Safari/537.36"
106.13.215.38 - - [14/Nov/2025:10:33:34 +0800] "GET /kubeflow/ HTTP/1.1" 404 138 "-" "Mozilla/5.0 (Windows NT 10.0; Win64; x64) AppleWebKit/537.36 (KHTML, like Gecko) Chrome/128.0.0.0 Safari/537.36 Edg/128.0.0.0"
182.61.4.240 - - [14/Nov/2025:10:33:34 +0800] "GET /swagger/swagger-ui.html HTTP/1.1" 404 138 "-" "Mozilla/5.0 (Windows NT 6.4; WOW64) AppleWebKit/537.36 (KHTML, like Gecko) Chrome/41.0.2225.0 Safari/537.36"
182.61.4.240 - - [14/Nov/2025:10:33:34 +0800] "GET /php_info.php HTTP/1.1" 404 138 "-" "Mozilla/5.0 (Windows NT 6.1; WOW64) AppleWebKit/537.36 (KHTML, like Gecko) Chrome/36.0.1985.67 Safari/537.36"
182.61.4.240 - - [14/Nov/2025:10:33:34 +0800] "GET /..%5c..%5c..%5c..%5cetc/hosts HTTP/1.1" 404 138 "-" "Mozilla/5.0 (Windows NT 6.1) AppleWebKit/537.36 (KHTML, like Gecko) Chrome/41.0.2228.0 Safari/537.36"
182.61.4.240 - - [14/Nov/2025:10:33:34 +0800] "GET /../../../../../../windows/win.ini HTTP/1.1" 400 150 "-" "-"
106.13.215.38 - - [14/Nov/2025:10:33:34 +0800] "GET /nacos/ HTTP/1.1" 404 138 "-" "Mozilla/5.0 (Windows NT 10.0; Win64; x64) AppleWebKit/537.36 (KHTML, like Gecko) Chrome/128.0.0.0 Safari/537.36 Edg/128.0.0.0"
182.61.4.240 - - [14/Nov/2025:10:33:34 +0800] "GET /api/swagger-ui.html HTTP/1.1" 404 138 "-" "Mozilla/5.0 (Windows NT 6.1) AppleWebKit/537.36 (KHTML, like Gecko) Chrome/41.0.2228.0 Safari/537.36"
182.61.4.240 - - [14/Nov/2025:10:33:34 +0800] "GET /test.php HTTP/1.1" 404 138 "-" "Mozilla/5.0 (Windows NT 5.1) AppleWebKit/537.36 (KHTML, like Gecko) Chrome/35.0.3319.102 Safari/537.36"
182.61.4.240 - - [14/Nov/2025:10:33:34 +0800] "GET /..%5c..%5c..%5c..%5c..%5cetc/hosts HTTP/1.1" 404 138 "-" "Mozilla/5.0 (Windows NT 10.0; Win64; x64) AppleWebKit/537.36 (KHTML, like Gecko) Chrome/89.0.4389.114 Safari/537.36"
106.13.215.38 - - [14/Nov/2025:10:33:34 +0800] "GET /services/%3Fwsdl HTTP/1.1" 404 138 "-" "Mozilla/5.0 (Windows NT 10.0; Win64; x64) AppleWebKit/537.36 (KHTML, like Gecko) Chrome/128.0.0.0 Safari/537.36 Edg/128.0.0.0"
182.61.4.240 - - [14/Nov/2025:10:33:34 +0800] "GET /api_docs HTTP/1.1" 404 138 "-" "Mozilla/5.0 (Macintosh; Intel Mac OS X 10_10_1) AppleWebKit/537.36 (KHTML, like Gecko) Chrome/41.0.2227.1 Safari/537.36"
182.61.4.240 - - [14/Nov/2025:10:33:34 +0800] "GET /i.php HTTP/1.1" 404 138 "-" "Mozilla/5.0 (Macintosh; Intel Mac OS X 10_9_3) AppleWebKit/537.36 (KHTML, like Gecko) Chrome/35.0.1916.47 Safari/537.36"
182.61.4.240 - - [14/Nov/2025:10:33:34 +0800] "GET /..%5c..%5c..%5c..%5c..%5c..%5cetc/hosts HTTP/1.1" 404 138 "-" "Mozilla/5.0 (X11; Linux x86_64) AppleWebKit/537.36 (KHTML, like Gecko) Chrome/41.0.2227.0 Safari/537.36"
106.13.215.38 - - [14/Nov/2025:10:33:34 +0800] "GET /reports/ReportServlet HTTP/1.1" 404 138 "-" "Mozilla/5.0 (Windows NT 10.0; Win64; x64) AppleWebKit/537.36 (KHTML, like Gecko) Chrome/128.0.0.0 Safari/537.36 Edg/128.0.0.0"
182.61.4.240 - - [14/Nov/2025:10:33:34 +0800] "GET /api/index.html HTTP/1.1" 404 138 "-" "Mozilla/5.0 (Macintosh; Intel Mac OS X 10_10_1) AppleWebKit/537.36 (KHTML, like Gecko) Chrome/37.0.2062.124 Safari/537.36"
182.61.4.240 - - [14/Nov/2025:10:33:34 +0800] "GET /asdf.php HTTP/1.1" 404 138 "-" "Mozilla/5.0 (Macintosh; Intel Mac OS X 10_9_2) AppleWebKit/537.36 (KHTML, like Gecko) Chrome/52.0.2762.73 Safari/537.36"
182.61.4.240 - - [14/Nov/2025:10:33:34 +0800] "GET /..%5c..%5c..%5c..%5c..%5c..%5c..%5cetc/hosts HTTP/1.1" 404 138 "-" "Mozilla/5.0 (Windows NT 6.1; WOW64) AppleWebKit/537.36 (KHTML, like Gecko) Chrome/41.0.2227.0 Safari/537.36"
106.13.215.38 - - [14/Nov/2025:10:33:34 +0800] "GET /manager HTTP/1.1" 404 138 "-" "Mozilla/5.0 (Windows NT 10.0; Win64; x64) AppleWebKit/537.36 (KHTML, like Gecko) Chrome/128.0.0.0 Safari/537.36 Edg/128.0.0.0"
182.61.4.240 - - [14/Nov/2025:10:33:34 +0800] "GET /api/doc HTTP/1.1" 404 138 "-" "Mozilla/5.0 (Macintosh; Intel Mac OS X 10_9_2) AppleWebKit/537.36 (KHTML, like Gecko) Chrome/36.0.1944.0 Safari/537.36"
182.61.4.240 - - [14/Nov/2025:10:33:34 +0800] "GET /pinfo.php HTTP/1.1" 404 138 "-" "Mozilla/5.0 (Windows NT 6.3; WOW64) AppleWebKit/537.36 (KHTML, like Gecko) Chrome/41.0.2225.0 Safari/537.36"
182.61.4.240 - - [14/Nov/2025:10:33:34 +0800] "GET /static/..%5cetc/hosts HTTP/1.1" 404 138 "-" "Mozilla/5.0 (Windows NT 10.0) AppleWebKit/537.36 (KHTML, like Gecko) Chrome/89.0.4389.114 Safari/537.36"
106.13.215.38 - - [14/Nov/2025:10:33:34 +0800] "GET /editor/fckeditor.html HTTP/1.1" 404 138 "-" "Mozilla/5.0 (Windows NT 10.0; Win64; x64) AppleWebKit/537.36 (KHTML, like Gecko) Chrome/128.0.0.0 Safari/537.36 Edg/128.0.0.0"
182.61.4.240 - - [14/Nov/2025:10:33:34 +0800] "GET /api/docs/ HTTP/1.1" 404 138 "-" "Mozilla/5.0 (Windows NT 10.0) AppleWebKit/537.36 (KHTML, like Gecko) Chrome/40.0.2214.93 Safari/537.36"
182.61.4.240 - - [14/Nov/2025:10:33:34 +0800] "GET /phpversion.php HTTP/1.1" 404 138 "-" "Mozilla/5.0 (X11; Ubuntu; Linux x86_64) AppleWebKit/537.36 (KHTML, like Gecko) Chrome/55.0.2919.83 Safari/537.36"
182.61.4.240 - - [14/Nov/2025:10:33:34 +0800] "GET /static/..%5c..%5cetc/hosts HTTP/1.1" 404 138 "-" "Mozilla/5.0 (X11; Linux x86_64) AppleWebKit/537.36 (KHTML, like Gecko) Chrome/34.0.1847.137 Safari/4E423F"
106.13.215.38 - - [14/Nov/2025:10:33:34 +0800] "GET /error HTTP/1.1" 404 138 "-" "Mozilla/5.0 (Windows NT 10.0; Win64; x64) AppleWebKit/537.36 (KHTML, like Gecko) Chrome/128.0.0.0 Safari/537.36 Edg/128.0.0.0"
182.61.4.240 - - [14/Nov/2025:10:33:34 +0800] "GET /api/swagger/index.html HTTP/1.1" 404 138 "-" "Mozilla/5.0 (X11; Ubuntu; Linux x86_64) AppleWebKit/537.36 (KHTML, like Gecko) Chrome/55.0.2919.83 Safari/537.36"
182.61.4.240 - - [14/Nov/2025:10:33:34 +0800] "GET /time.php HTTP/1.1" 404 138 "-" "Mozilla/5.0 (Windows NT 6.4; WOW64) AppleWebKit/537.36 (KHTML, like Gecko) Chrome/41.0.2225.0 Safari/537.36"
182.61.4.240 - - [14/Nov/2025:10:33:34 +0800] "GET /static/..%5c..%5c..%5cetc/hosts HTTP/1.1" 404 138 "-" "Mozilla/5.0 (Windows NT 5.1) AppleWebKit/537.36 (KHTML, like Gecko) Chrome/34.0.1866.237 Safari/537.36"
106.13.215.38 - - [14/Nov/2025:10:33:34 +0800] "GET /fckeditor/editor/fckeditor.html HTTP/1.1" 404 138 "-" "Mozilla/5.0 (Windows NT 10.0; Win64; x64) AppleWebKit/537.36 (KHTML, like Gecko) Chrome/128.0.0.0 Safari/537.36 Edg/128.0.0.0"
