66.240.205.34 - - [21/Nov/2025:00:12:30 +0800] "H\x00\x00\x00tj\xA8\x9E#D\x98+\xCA\xF0\xA7\xBBl\xC5\x19\xD7\x8D\xB6\x18\xEDJ\x1En\xC1\xF9xu[l\xF0E\x1D-j\xEC\xD4xL\xC9r\xC9\x15\x10u\xE0%\x86Rtg\x05fv\x86]%\xCC\x80\x0C\xE8\xCF\xAE\x00\xB5\xC0f\xC8\x8DD\xC5\x09\xF4" 400 150 "-" "-"
118.123.1.38 - - [21/Nov/2025:00:12:48 +0800] "GET /chs/js/lang_zh_tw.js HTTP/1.1" 404 138 "-" "Mozilla/4.0 (compatible; MSIE 7.0; Windows NT 6.1; WOW64; Trident/5.0; SLCC2; .NET CLR 2.0.50727; .NET CLR 3.5.30729; .NET CLR 3.0.30729; Media Center PC 6.0; .NET4.0C; .NET4.0E; InfoPath.3; KB974488)"
118.123.1.38 - - [21/Nov/2025:00:12:48 +0800] "GET /index.php HTTP/1.1" 302 5 "-" "Mozilla/4.0 (compatible; MSIE 7.0; Windows NT 6.1; WOW64; Trident/5.0; SLCC2; .NET CLR 2.0.50727; .NET CLR 3.5.30729; .NET CLR 3.0.30729; Media Center PC 6.0; .NET4.0C; .NET4.0E; InfoPath.3; KB974488)"
118.123.1.38 - - [21/Nov/2025:00:12:48 +0800] "GET /login/stylesheets/theme.css HTTP/1.1" 404 138 "-" "Mozilla/4.0 (compatible; MSIE 7.0; Windows NT 6.1; WOW64; Trident/5.0; SLCC2; .NET CLR 2.0.50727; .NET CLR 3.5.30729; .NET CLR 3.0.30729; Media Center PC 6.0; .NET4.0C; .NET4.0E; InfoPath.3; KB974488)"
118.123.1.38 - - [21/Nov/2025:00:12:48 +0800] "GET /customer/js/lang_zh_tw.js HTTP/1.1" 404 138 "-" "Mozilla/4.0 (compatible; MSIE 7.0; Windows NT 6.1; WOW64; Trident/5.0; SLCC2; .NET CLR 2.0.50727; .NET CLR 3.5.30729; .NET CLR 3.0.30729; Media Center PC 6.0; .NET4.0C; .NET4.0E; InfoPath.3; KB974488)"
118.123.1.38 - - [21/Nov/2025:00:12:48 +0800] "GET /index.php HTTP/1.1" 302 5 "-" "Mozilla/4.0 (compatible; MSIE 7.0; Windows NT 6.1; WOW64; Trident/5.0; SLCC2; .NET CLR 2.0.50727; .NET CLR 3.5.30729; .NET CLR 3.0.30729; Media Center PC 6.0; .NET4.0C; .NET4.0E; InfoPath.3; KB974488)"
118.123.1.38 - - [21/Nov/2025:00:12:48 +0800] "GET / HTTP/1.1" 302 5 "-" "Mozilla/4.0 (compatible; MSIE 7.0; Windows NT 6.1; WOW64; Trident/5.0; SLCC2; .NET CLR 2.0.50727; .NET CLR 3.5.30729; .NET CLR 3.0.30729; Media Center PC 6.0; .NET4.0C; .NET4.0E; InfoPath.3; KB974488)"
118.123.1.38 - - [21/Nov/2025:00:12:48 +0800] "GET /ips/index.php HTTP/1.1" 404 138 "-" "Mozilla/4.0 (compatible; MSIE 7.0; Windows NT 6.1; WOW64; Trident/5.0; SLCC2; .NET CLR 2.0.50727; .NET CLR 3.5.30729; .NET CLR 3.0.30729; Media Center PC 6.0; .NET4.0C; .NET4.0E; InfoPath.3; KB974488)"
118.123.1.38 - - [21/Nov/2025:00:12:48 +0800] "GET /public/stylesheets/theme.css HTTP/1.1" 404 138 "-" "Mozilla/4.0 (compatible; MSIE 7.0; Windows NT 6.1; WOW64; Trident/5.0; SLCC2; .NET CLR 2.0.50727; .NET CLR 3.5.30729; .NET CLR 3.0.30729; Media Center PC 6.0; .NET4.0C; .NET4.0E; InfoPath.3; KB974488)"
118.123.1.38 - - [21/Nov/2025:00:12:48 +0800] "GET /stylesheets/theme.css HTTP/1.1" 404 138 "-" "Mozilla/4.0 (compatible; MSIE 7.0; Windows NT 6.1; WOW64; Trident/5.0; SLCC2; .NET CLR 2.0.50727; .NET CLR 3.5.30729; .NET CLR 3.0.30729; Media Center PC 6.0; .NET4.0C; .NET4.0E; InfoPath.3; KB974488)"
118.123.1.38 - - [21/Nov/2025:00:12:48 +0800] "GET /wp-admin/setup-config.php HTTP/1.1" 200 2646 "https://106.12.86.167/index.php" "Mozilla/4.0 (compatible; MSIE 7.0; Windows NT 6.1; WOW64; Trident/5.0; SLCC2; .NET CLR 2.0.50727; .NET CLR 3.5.30729; .NET CLR 3.0.30729; Media Center PC 6.0; .NET4.0C; .NET4.0E; InfoPath.3; KB974488)"
118.123.1.38 - - [21/Nov/2025:00:12:48 +0800] "GET /wp-admin/setup-config.php HTTP/1.1" 200 2646 "https://106.12.86.167/index.php" "Mozilla/4.0 (compatible; MSIE 7.0; Windows NT 6.1; WOW64; Trident/5.0; SLCC2; .NET CLR 2.0.50727; .NET CLR 3.5.30729; .NET CLR 3.0.30729; Media Center PC 6.0; .NET4.0C; .NET4.0E; InfoPath.3; KB974488)"
118.123.1.38 - - [21/Nov/2025:00:12:48 +0800] "GET /wp-admin/setup-config.php HTTP/1.1" 200 2646 "https://106.12.86.167/" "Mozilla/4.0 (compatible; MSIE 7.0; Windows NT 6.1; WOW64; Trident/5.0; SLCC2; .NET CLR 2.0.50727; .NET CLR 3.5.30729; .NET CLR 3.0.30729; Media Center PC 6.0; .NET4.0C; .NET4.0E; InfoPath.3; KB974488)"
42.228.119.131 - - [21/Nov/2025:00:18:41 +0800] "GET / HTTP/2.0" 302 0 "https://www.byte123.top/" "Mozilla/5.0 (Windows NT 6.1; WOW64) AppleWebKit/537.36 (KHTML, like Gecko) Chrome/50.0.2661.102 Safari/537.36"
115.238.96.14 - - [21/Nov/2025:00:18:42 +0800] "GET /wp-admin/setup-config.php HTTP/2.0" 200 1206 "https://www.byte123.top/wp-admin/setup-config.php" "Mozilla/5.0 (Windows NT 6.1; WOW64) AppleWebKit/537.36 (KHTML, like Gecko) Chrome/50.0.2661.102 Safari/537.36"
87.120.191.38 - - [21/Nov/2025:00:44:31 +0800] "PROPFIND / HTTP/1.1" 405 150 "http://106.12.86.167:443/" "-"
204.76.203.52 - - [21/Nov/2025:01:15:55 +0800] "CONNECT baidu.com:443 HTTP/1.1" 400 150 "-" "-"
43.156.109.53 - - [21/Nov/2025:01:26:50 +0800] "GET / HTTP/1.1" 301 162 "-" "Mozilla/5.0 (iPhone; CPU iPhone OS 13_2_3 like Mac OS X) AppleWebKit/605.1.15 (KHTML, like Gecko) Version/13.0.3 Mobile/15E148 Safari/604.1"
43.156.109.53 - - [21/Nov/2025:01:26:51 +0800] "GET / HTTP/1.1" 302 5 "http://www.byte123.top" "Mozilla/5.0 (iPhone; CPU iPhone OS 13_2_3 like Mac OS X) AppleWebKit/605.1.15 (KHTML, like Gecko) Version/13.0.3 Mobile/15E148 Safari/604.1"
43.156.109.53 - - [21/Nov/2025:01:26:54 +0800] "GET /wp-admin/setup-config.php HTTP/1.1" 200 1218 "https://www.byte123.top/" "Mozilla/5.0 (iPhone; CPU iPhone OS 13_2_3 like Mac OS X) AppleWebKit/605.1.15 (KHTML, like Gecko) Version/13.0.3 Mobile/15E148 Safari/604.1"
209.38.201.154 - - [21/Nov/2025:01:28:50 +0800] "\x00\x00\x00\x00\x00\x00\x00\x00\x00\x00\x00\x00\x00\x00\x00\x00\x00\x00\x00\x00" 400 150 "-" "-"
213.209.157.162 - - [21/Nov/2025:01:32:19 +0800] "GET /.git/config HTTP/1.1" 404 138 "-" "Mozilla/5.0 (X11; U; OpenBSD arm; en-us) AppleWebKit/531.2 (KHTML, like Gecko) Safari/531.2 Epiphany/2.30.0"
36.139.241.99 - - [21/Nov/2025:01:53:07 +0800] "GET /js/whd.js HTTP/1.1" 404 138 "-" "Mozilla/5.0 (Windows NT 10.0; Win64; x64) AppleWebKit/537.36 (KHTML, like Gecko) Chrome/127.0.0.0 Safari/537.36"
36.140.121.227 - - [21/Nov/2025:02:14:43 +0800] "GET /js/whd.js HTTP/1.1" 301 162 "-" "Mozilla/5.0 (Windows NT 10.0; Win64; x64) AppleWebKit/537.36 (KHTML, like Gecko) Chrome/127.0.0.0 Safari/537.36"
36.140.121.227 - - [21/Nov/2025:02:14:43 +0800] "GET /js/whd.js HTTP/1.1" 404 138 "-" "Mozilla/5.0 (Windows NT 10.0; Win64; x64) AppleWebKit/537.36 (KHTML, like Gecko) Chrome/127.0.0.0 Safari/537.36"
113.215.189.50 - - [21/Nov/2025:02:30:51 +0800] "GET / HTTP/1.1" 301 162 "-" "Mozilla/5.0 (Windows NT 10.0; Win64; x64) AppleWebKit/537.36 (KHTML, like Gecko) Chrome/92.0.2207.102 Safari/537.36"
113.215.189.50 - - [21/Nov/2025:02:30:51 +0800] "GET / HTTP/1.1" 302 5 "-" "Mozilla/5.0 (Windows NT 10.0; Win64; x64) AppleWebKit/537.36 (KHTML, like Gecko) Chrome/92.0.2207.102 Safari/537.36"
113.215.189.50 - - [21/Nov/2025:02:30:51 +0800] "GET /wp-admin/setup-config.php HTTP/1.1" 200 1218 "-" "Mozilla/5.0 (Windows NT 10.0; Win64; x64) AppleWebKit/537.36 (KHTML, like Gecko) Chrome/92.0.2207.102 Safari/537.36"
113.215.189.50 - - [21/Nov/2025:02:30:51 +0800] "GET / HTTP/1.1" 302 5 "-" "Mozilla/5.0 (Windows NT 10.0; Win64; x64) AppleWebKit/537.36 (KHTML, like Gecko) Chrome/109.0.3586.31 Safari/537.36"
113.215.189.50 - - [21/Nov/2025:02:30:51 +0800] "GET /wp-admin/setup-config.php HTTP/1.1" 200 1218 "-" "Mozilla/5.0 (Windows NT 10.0; Win64; x64) AppleWebKit/537.36 (KHTML, like Gecko) Chrome/109.0.3586.31 Safari/537.36"
113.215.189.50 - - [21/Nov/2025:02:30:52 +0800] "GET /favicon.ico HTTP/1.1" 404 138 "-" "Mozilla/5.0 (Windows NT 10.0; Win64; x64) AppleWebKit/537.36 (KHTML, like Gecko) Chrome/109.0.3586.31 Safari/537.36"
78.153.140.222 - - [21/Nov/2025:02:33:50 +0800] "GET /.env HTTP/1.1" 301 162 "-" "Mozilla/5.0 (Linux; U; Android 4.2.2; fi-fi; IdeaTab S6000-H Build/JDQ39) AppleWebKit/534.30 (KHTML, like Gecko) Version/4.0 Safari/534.30"
78.153.140.222 - - [21/Nov/2025:02:33:50 +0800] "GET /.env HTTP/1.1" 404 138 "-" "Mozilla/5.0 (Linux; U; Android 4.0.4; en-us; Hydro Build/IMM76I) AppleWebKit/534.30 (KHTML, like Gecko) Version/4.0 Mobile Safari/534.30"
78.153.140.222 - - [21/Nov/2025:02:33:51 +0800] "GET / HTTP/1.1" 301 162 "-" "Mozilla/5.0 (iPad; U; CPU OS 4_3_3 like Mac OS X; en-us) AppleWebKit/533.17.9 (KHTML, like Gecko) Version/5.0.2 Mobile/8J2 Safari/6533.18.5"
78.153.140.222 - - [21/Nov/2025:02:33:52 +0800] "GET / HTTP/1.1" 302 5 "-" "Mozilla/5.0 (Linux; Android 5.1.1; SAMSUNG-SM-G900A Build/LMY47X) AppleWebKit/537.36 (KHTML, like Gecko) SamsungBrowser/4.0 Chrome/44.0.2403.133 Mobile Safari/537.36"
78.153.140.222 - - [21/Nov/2025:02:33:53 +0800] "GET /sendgrid.env HTTP/1.1" 301 162 "-" "Mozilla/5.0 (X11; U; Linux x86_64; en-US; rv:1.9.0.5) Gecko/2008121711 Ubuntu/9.04 (jaunty) Firefox/3.0.5"
78.153.140.222 - - [21/Nov/2025:02:33:54 +0800] "GET /sendgrid.env HTTP/1.1" 404 138 "-" "Mozilla/4.0 (compatible; MSIE 7.0; Windows NT 6.0; SLCC1; .NET CLR 2.0.50727; Media Center PC 5.0; .NET CLR 3.0.04506)"
78.153.140.222 - - [21/Nov/2025:02:33:54 +0800] "GET /twilio.env HTTP/1.1" 301 162 "-" "Mozilla/5.0 (Macintosh; Intel Mac OS X 10_11_2) AppleWebKit/601.3.9 (KHTML, like Gecko) Version/10.3.2 Safari/601.3.9"
78.153.140.222 - - [21/Nov/2025:02:33:55 +0800] "GET /twilio.env HTTP/1.1" 404 138 "-" "Mozilla/5.0 (Windows NT 5.0; U) Opera 7.54 [en]"
193.142.147.209 - - [21/Nov/2025:02:35:49 +0800] "GET /cgi-bin/luci/;stok=/locale HTTP/1.1" 404 138 "-" "-"
120.228.200.209 - - [21/Nov/2025:02:38:13 +0800] "GET / HTTP/1.1" 301 162 "-" "Mozilla/5.0 (Macintosh; Intel Mac OS X 10_15_7) AppleWebKit/537.36 (KHTML, like Gecko) Chrome/120.0.0.0 Safari/537.36 Edg/120.0.0.0"
115.59.42.61 - - [21/Nov/2025:02:38:33 +0800] "GET / HTTP/1.1" 302 5 "http://www.byte123.top/" "Mozilla/5.0 (Macintosh; Intel Mac OS X 10_7_0) AppleWebKit/535.11 (KHTML, like Gecko) Chrome/17.0.963.56 Safari/535.11"
58.253.230.150 - - [21/Nov/2025:02:38:34 +0800] "GET /wp-admin/setup-config.php HTTP/1.1" 200 1218 "http://www.byte123.top/" "Mozilla/5.0 (Macintosh; Intel Mac OS X 10_7_0) AppleWebKit/535.11 (KHTML, like Gecko) Chrome/17.0.963.56 Safari/535.11"
42.233.100.145 - - [21/Nov/2025:02:38:35 +0800] "GET /favicon.ico HTTP/1.1" 301 162 "-" "Mozilla/5.0 (Macintosh; Intel Mac OS X 10_7_0) AppleWebKit/535.11 (KHTML, like Gecko) Chrome/17.0.963.56 Safari/535.11"
101.26.28.8 - - [21/Nov/2025:02:38:37 +0800] "GET /favicon.ico HTTP/1.1" 404 138 "http://www.byte123.top/favicon.ico" "Mozilla/5.0 (Macintosh; Intel Mac OS X 10_7_0) AppleWebKit/535.11 (KHTML, like Gecko) Chrome/17.0.963.56 Safari/535.11"
110.53.25.58 - - [21/Nov/2025:02:38:38 +0800] "GET /robots.txt HTTP/1.1" 301 162 "-" "Mozilla/5.0 (Macintosh; Intel Mac OS X 10_7_0) AppleWebKit/535.11 (KHTML, like Gecko) Chrome/17.0.963.56 Safari/535.11"
115.56.119.143 - - [21/Nov/2025:02:38:39 +0800] "GET /robots.txt HTTP/1.1" 404 138 "http://www.byte123.top/robots.txt" "Mozilla/5.0 (Macintosh; Intel Mac OS X 10_7_0) AppleWebKit/535.11 (KHTML, like Gecko) Chrome/17.0.963.56 Safari/535.11"
113.194.123.238 - - [21/Nov/2025:02:38:41 +0800] "GET /sitemap.xml HTTP/1.1" 301 162 "-" "Mozilla/5.0 (Macintosh; Intel Mac OS X 10_7_0) AppleWebKit/535.11 (KHTML, like Gecko) Chrome/17.0.963.56 Safari/535.11"
163.125.181.197 - - [21/Nov/2025:02:38:45 +0800] "GET /sitemap.xml HTTP/1.1" 404 138 "http://www.byte123.top/sitemap.xml" "Mozilla/5.0 (Macintosh; Intel Mac OS X 10_7_0) AppleWebKit/535.11 (KHTML, like Gecko) Chrome/17.0.963.56 Safari/535.11"
175.162.185.33 - - [21/Nov/2025:02:38:46 +0800] "GET /config.json HTTP/1.1" 301 162 "-" "Mozilla/5.0 (Macintosh; Intel Mac OS X 10_7_0) AppleWebKit/535.11 (KHTML, like Gecko) Chrome/17.0.963.56 Safari/535.11"
91.232.238.153 - - [21/Nov/2025:02:41:03 +0800] "GET /admin/config.php HTTP/1.0" 404 138 "-" "xfa1"
180.110.203.108 - - [21/Nov/2025:02:54:20 +0800] "GET / HTTP/1.1" 301 162 "-" "Mozilla/5.0 (iPhone; CPU iPhone OS 13_2_3 like Mac OS X) AppleWebKit/605.1.15 (KHTML, like Gecko) Version/13.0.3 Mobile/15E148 Safari/604.1"
180.110.203.108 - - [21/Nov/2025:02:54:22 +0800] "GET / HTTP/1.1" 302 5 "http://www.byte123.top" "Mozilla/5.0 (iPhone; CPU iPhone OS 13_2_3 like Mac OS X) AppleWebKit/605.1.15 (KHTML, like Gecko) Version/13.0.3 Mobile/15E148 Safari/604.1"
180.110.203.108 - - [21/Nov/2025:02:54:22 +0800] "GET /wp-admin/setup-config.php HTTP/1.1" 200 1218 "https://www.byte123.top/" "Mozilla/5.0 (iPhone; CPU iPhone OS 13_2_3 like Mac OS X) AppleWebKit/605.1.15 (KHTML, like Gecko) Version/13.0.3 Mobile/15E148 Safari/604.1"
43.166.242.189 - - [21/Nov/2025:03:08:49 +0800] "GET / HTTP/1.1" 302 138 "-" "Mozilla/5.0 (iPhone; CPU iPhone OS 13_2_3 like Mac OS X) AppleWebKit/605.1.15 (KHTML, like Gecko) Version/13.0.3 Mobile/15E148 Safari/604.1"
43.166.242.189 - - [21/Nov/2025:03:08:50 +0800] "GET / HTTP/1.1" 302 5 "http://106.12.86.167:443" "Mozilla/5.0 (iPhone; CPU iPhone OS 13_2_3 like Mac OS X) AppleWebKit/605.1.15 (KHTML, like Gecko) Version/13.0.3 Mobile/15E148 Safari/604.1"
43.166.242.189 - - [21/Nov/2025:03:08:51 +0800] "GET /wp-admin/setup-config.php HTTP/1.1" 200 1217 "https://106.12.86.167/" "Mozilla/5.0 (iPhone; CPU iPhone OS 13_2_3 like Mac OS X) AppleWebKit/605.1.15 (KHTML, like Gecko) Version/13.0.3 Mobile/15E148 Safari/604.1"
206.189.129.122 - - [21/Nov/2025:03:11:31 +0800] "GET / HTTP/1.1" 302 5 "-" "Mozilla/5.0 (X11; Linux x86_64) AppleWebKit/537.36 (KHTML, like Gecko) Chrome/139.0.0.0 Safari/537.36"
206.189.129.122 - - [21/Nov/2025:03:11:39 +0800] "GET /wp-admin/setup-config.php HTTP/1.1" 200 1217 "-" "Mozilla/5.0 (X11; Linux x86_64) AppleWebKit/537.36 (KHTML, like Gecko) Chrome/139.0.0.0 Safari/537.36"
206.189.129.122 - - [21/Nov/2025:03:11:41 +0800] "GET /wp-admin/favicon.ico HTTP/1.1" 404 138 "https://106.12.86.167/wp-admin/setup-config.php" "Mozilla/5.0 (X11; Linux x86_64) AppleWebKit/537.36 (KHTML, like Gecko) Chrome/139.0.0.0 Safari/537.36"
213.209.157.254 - - [21/Nov/2025:03:23:31 +0800] "GET /.git/config HTTP/1.1" 404 138 "-" "Mozilla/5.0 (Unknown; U; UNIX BSD/SYSV system; C -) AppleWebKit/527 (KHTML, like Gecko, Safari/419.3) Arora/0.10.2"
180.153.236.26 - - [21/Nov/2025:03:47:59 +0800] "GET / HTTP/2.0" 302 0 "https://www.byte123.top/" "Mozilla/5.0 (Windows NT 10.0; Win64; x64) AppleWebKit/537.36 (KHTML, like Gecko) Chrome/140.0.0.0 Safari/537.36 Edg/140.0.0.0; 360Spider"
180.153.236.84 - - [21/Nov/2025:03:48:10 +0800] "GET /wp-admin/setup-config.php HTTP/2.0" 200 1206 "https://www.byte123.top/wp-admin/setup-config.php" "Mozilla/5.0 (Windows NT 10.0; Win64; x64) AppleWebKit/537.36 (KHTML, like Gecko) Chrome/140.0.0.0 Safari/537.36 Edg/140.0.0.0; 360Spider"
54.198.102.252 - - [21/Nov/2025:03:58:41 +0800] "GET /robots.txt HTTP/1.1" 404 138 "-" "Mozilla/5.0 (Windows NT 10.0; Win64; x64) AppleWebKit/537.36 (KHTML, like Gecko) Chrome/136.0.0.0 Safari/537.36"
44.212.70.191 - - [21/Nov/2025:03:58:49 +0800] "GET /favicon.ico HTTP/1.1" 404 138 "-" "Mozilla/5.0 (Windows NT 10.0; Win64; x64) AppleWebKit/537.36 (KHTML, like Gecko) Chrome/136.0.0.0 Safari/537.36"
91.232.238.153 - - [21/Nov/2025:04:00:56 +0800] "GET /robots.txt HTTP/1.1" 404 138 "-" "Mozilla/5.0"
121.29.178.204 - - [21/Nov/2025:04:07:28 +0800] "GET / HTTP/1.1" 302 5 "-" "-"
182.119.229.61 - - [21/Nov/2025:04:08:02 +0800] "GET / HTTP/1.1" 302 5 "-" "Mozilla/5.0 (Windows NT 6.1) AppleWebKit/537.36 (KHTML, like Gecko) Chrome/49.0.2623.112 Safari/537.36"
112.94.252.71 - - [21/Nov/2025:04:08:02 +0800] "GET /wp-admin/setup-config.php HTTP/1.1" 200 2646 "https://106.12.86.167" "Mozilla/5.0 (Windows NT 6.1) AppleWebKit/537.36 (KHTML, like Gecko) Chrome/49.0.2623.112 Safari/537.36"
175.30.48.149 - - [21/Nov/2025:04:08:02 +0800] "GET /favicon.ico HTTP/1.1" 404 138 "-" "Mozilla/5.0 (Windows NT 6.1) AppleWebKit/537.36 (KHTML, like Gecko) Chrome/49.0.2623.112 Safari/537.36"
60.13.7.63 - - [21/Nov/2025:04:09:02 +0800] "GET / HTTP/1.1" 302 5 "-" "Mozilla/5.0 (Windows NT 6.1) AppleWebKit/537.36 (KHTML, like Gecko) Chrome/49.0.2623.112 Safari/537.36"
223.199.187.188 - - [21/Nov/2025:04:09:03 +0800] "GET /wp-admin/setup-config.php HTTP/1.1" 200 2646 "https://106.12.86.167" "Mozilla/5.0 (Windows NT 6.1) AppleWebKit/537.36 (KHTML, like Gecko) Chrome/49.0.2623.112 Safari/537.36"
150.255.123.167 - - [21/Nov/2025:04:09:03 +0800] "GET /favicon.ico HTTP/1.1" 404 138 "-" "Mozilla/5.0 (Windows NT 6.1) AppleWebKit/537.36 (KHTML, like Gecko) Chrome/49.0.2623.112 Safari/537.36"
180.153.236.12 - - [21/Nov/2025:04:36:22 +0800] "GET / HTTP/2.0" 302 0 "-" "Mozilla/5.0 (Windows NT 10.0; Win64; x64) AppleWebKit/537.36 (KHTML, like Gecko) Chrome/140.0.0.0 Safari/537.36 Edg/140.0.0.0; 360Spider"
180.153.236.12 - - [21/Nov/2025:04:36:23 +0800] "GET /wp-admin/setup-config.php HTTP/2.0" 200 1206 "-" "Mozilla/5.0 (Windows NT 10.0; Win64; x64) AppleWebKit/537.36 (KHTML, like Gecko) Chrome/140.0.0.0 Safari/537.36 Edg/140.0.0.0; 360Spider"
180.153.236.17 - - [21/Nov/2025:04:36:37 +0800] "GET / HTTP/2.0" 302 0 "-" "Mozilla/5.0 (Windows NT 10.0; Win64; x64) AppleWebKit/537.36 (KHTML, like Gecko) Chrome/140.0.0.0 Safari/537.36 Edg/140.0.0.0; 360Spider"
180.153.236.17 - - [21/Nov/2025:04:36:37 +0800] "GET /wp-admin/setup-config.php HTTP/2.0" 200 1206 "-" "Mozilla/5.0 (Windows NT 10.0; Win64; x64) AppleWebKit/537.36 (KHTML, like Gecko) Chrome/140.0.0.0 Safari/537.36 Edg/140.0.0.0; 360Spider"
180.153.236.183 - - [21/Nov/2025:04:36:51 +0800] "GET / HTTP/2.0" 302 0 "-" "Mozilla/5.0 (Windows NT 10.0; Win64; x64) AppleWebKit/537.36 (KHTML, like Gecko) Chrome/140.0.0.0 Safari/537.36 Edg/140.0.0.0; 360Spider"
180.153.236.183 - - [21/Nov/2025:04:36:51 +0800] "GET /wp-admin/setup-config.php HTTP/2.0" 200 1206 "-" "Mozilla/5.0 (Windows NT 10.0; Win64; x64) AppleWebKit/537.36 (KHTML, like Gecko) Chrome/140.0.0.0 Safari/537.36 Edg/140.0.0.0; 360Spider"
180.153.236.119 - - [21/Nov/2025:04:37:05 +0800] "GET / HTTP/2.0" 302 0 "-" "Mozilla/5.0 (Windows NT 10.0; Win64; x64) AppleWebKit/537.36 (KHTML, like Gecko) Chrome/140.0.0.0 Safari/537.36 Edg/140.0.0.0; 360Spider"
180.153.236.119 - - [21/Nov/2025:04:37:05 +0800] "GET /wp-admin/setup-config.php HTTP/2.0" 200 1206 "-" "Mozilla/5.0 (Windows NT 10.0; Win64; x64) AppleWebKit/537.36 (KHTML, like Gecko) Chrome/140.0.0.0 Safari/537.36 Edg/140.0.0.0; 360Spider"
180.153.236.189 - - [21/Nov/2025:04:37:24 +0800] "GET / HTTP/2.0" 302 0 "-" "Mozilla/5.0 (Windows NT 10.0; Win64; x64) AppleWebKit/537.36 (KHTML, like Gecko) Chrome/140.0.0.0 Safari/537.36 Edg/140.0.0.0; 360Spider"
180.153.236.189 - - [21/Nov/2025:04:37:24 +0800] "GET /wp-admin/setup-config.php HTTP/2.0" 200 1206 "-" "Mozilla/5.0 (Windows NT 10.0; Win64; x64) AppleWebKit/537.36 (KHTML, like Gecko) Chrome/140.0.0.0 Safari/537.36 Edg/140.0.0.0; 360Spider"
182.61.55.234 - - [21/Nov/2025:04:40:09 +0800] "GET / HTTP/1.1" 302 5 "-" "Mozilla/5.0 (Windows NT 10.0; Win64; x64) AppleWebKit/537.36 (KHTML, like Gecko) Chrome/128.0.0.0 Safari/537.36 Edg/128.0.0.0"
182.61.55.234 - - [21/Nov/2025:04:40:09 +0800] "GET /wp-admin/setup-config.php HTTP/1.1" 200 1217 "https://106.12.86.167" "Mozilla/5.0 (Windows NT 10.0; Win64; x64) AppleWebKit/537.36 (KHTML, like Gecko) Chrome/128.0.0.0 Safari/537.36 Edg/128.0.0.0"
182.61.55.234 - - [21/Nov/2025:04:40:09 +0800] "GET /favicon.ico HTTP/1.1" 404 138 "-" "Mozilla/5.0 (Windows NT 10.0; Win64; x64) AppleWebKit/537.36 (KHTML, like Gecko) Chrome/128.0.0.0 Safari/537.36 Edg/128.0.0.0"
182.61.55.234 - - [21/Nov/2025:04:40:09 +0800] "GET /js/fckeditor/editor/fckeditor.html HTTP/1.1" 404 138 "-" "Mozilla/5.0 (Windows NT 10.0; Win64; x64) AppleWebKit/537.36 (KHTML, like Gecko) Chrome/128.0.0.0 Safari/537.36 Edg/128.0.0.0"
182.61.55.234 - - [21/Nov/2025:04:40:10 +0800] "GET /editor/editor/fckeditor.html HTTP/1.1" 404 138 "-" "Mozilla/5.0 (Windows NT 10.0; Win64; x64) AppleWebKit/537.36 (KHTML, like Gecko) Chrome/128.0.0.0 Safari/537.36 Edg/128.0.0.0"
182.61.55.234 - - [21/Nov/2025:04:40:10 +0800] "GET /kubeflow/ HTTP/1.1" 404 138 "-" "Mozilla/5.0 (Windows NT 10.0; Win64; x64) AppleWebKit/537.36 (KHTML, like Gecko) Chrome/128.0.0.0 Safari/537.36 Edg/128.0.0.0"
182.61.55.234 - - [21/Nov/2025:04:40:10 +0800] "GET /v2/_catalog HTTP/1.1" 404 138 "-" "Mozilla/5.0 (Windows NT 10.0; Win64; x64) AppleWebKit/537.36 (KHTML, like Gecko) Chrome/128.0.0.0 Safari/537.36 Edg/128.0.0.0"
182.61.55.234 - - [21/Nov/2025:04:40:10 +0800] "GET /reports/ReportServlet HTTP/1.1" 404 138 "-" "Mozilla/5.0 (Windows NT 10.0; Win64; x64) AppleWebKit/537.36 (KHTML, like Gecko) Chrome/128.0.0.0 Safari/537.36 Edg/128.0.0.0"
182.61.55.234 - - [21/Nov/2025:04:40:10 +0800] "GET /js/ueditor/ueditor.all.js HTTP/1.1" 404 138 "-" "Mozilla/5.0 (Windows NT 10.0; Win64; x64) AppleWebKit/537.36 (KHTML, like Gecko) Chrome/128.0.0.0 Safari/537.36 Edg/128.0.0.0"
182.61.55.234 - - [21/Nov/2025:04:40:10 +0800] "GET /fckeditor/editor/fckeditor.html HTTP/1.1" 404 138 "-" "Mozilla/5.0 (Windows NT 10.0; Win64; x64) AppleWebKit/537.36 (KHTML, like Gecko) Chrome/128.0.0.0 Safari/537.36 Edg/128.0.0.0"
182.61.55.234 - - [21/Nov/2025:04:40:10 +0800] "GET /editor/fckeditor.html HTTP/1.1" 404 138 "-" "Mozilla/5.0 (Windows NT 10.0; Win64; x64) AppleWebKit/537.36 (KHTML, like Gecko) Chrome/128.0.0.0 Safari/537.36 Edg/128.0.0.0"
182.61.55.234 - - [21/Nov/2025:04:40:10 +0800] "GET /geoserver/web/ HTTP/1.1" 404 138 "-" "Mozilla/5.0 (Windows NT 10.0; Win64; x64) AppleWebKit/537.36 (KHTML, like Gecko) Chrome/128.0.0.0 Safari/537.36 Edg/128.0.0.0"
182.61.55.234 - - [21/Nov/2025:04:40:10 +0800] "GET /manager HTTP/1.1" 404 138 "-" "Mozilla/5.0 (Windows NT 10.0; Win64; x64) AppleWebKit/537.36 (KHTML, like Gecko) Chrome/128.0.0.0 Safari/537.36 Edg/128.0.0.0"
182.61.55.234 - - [21/Nov/2025:04:40:10 +0800] "GET /monitor/ HTTP/1.1" 404 138 "-" "Mozilla/5.0 (Windows NT 10.0; Win64; x64) AppleWebKit/537.36 (KHTML, like Gecko) Chrome/128.0.0.0 Safari/537.36 Edg/128.0.0.0"
182.61.55.234 - - [21/Nov/2025:04:40:11 +0800] "GET /xxl-job-admin/toLogin HTTP/1.1" 404 138 "-" "Mozilla/5.0 (Windows NT 10.0; Win64; x64) AppleWebKit/537.36 (KHTML, like Gecko) Chrome/128.0.0.0 Safari/537.36 Edg/128.0.0.0"
182.61.55.234 - - [21/Nov/2025:04:40:11 +0800] "GET /druid/index.html HTTP/1.1" 404 138 "-" "Mozilla/5.0 (Windows NT 10.0; Win64; x64) AppleWebKit/537.36 (KHTML, like Gecko) Chrome/128.0.0.0 Safari/537.36 Edg/128.0.0.0"
182.61.55.234 - - [21/Nov/2025:04:40:11 +0800] "GET /phpmyadmin/ HTTP/1.1" 404 138 "-" "Mozilla/5.0 (Windows NT 10.0; Win64; x64) AppleWebKit/537.36 (KHTML, like Gecko) Chrome/128.0.0.0 Safari/537.36 Edg/128.0.0.0"
182.61.55.234 - - [21/Nov/2025:04:40:11 +0800] "GET /adminer.php HTTP/1.1" 404 138 "-" "Mozilla/5.0 (Windows NT 10.0; Win64; x64) AppleWebKit/537.36 (KHTML, like Gecko) Chrome/128.0.0.0 Safari/537.36 Edg/128.0.0.0"
182.61.55.234 - - [21/Nov/2025:04:40:11 +0800] "GET /fr/ReportServer HTTP/1.1" 404 138 "-" "Mozilla/5.0 (Windows NT 10.0; Win64; x64) AppleWebKit/537.36 (KHTML, like Gecko) Chrome/128.0.0.0 Safari/537.36 Edg/128.0.0.0"
182.61.55.234 - - [21/Nov/2025:04:40:11 +0800] "GET /arcgis/ HTTP/1.1" 404 138 "-" "Mozilla/5.0 (Windows NT 10.0; Win64; x64) AppleWebKit/537.36 (KHTML, like Gecko) Chrome/128.0.0.0 Safari/537.36 Edg/128.0.0.0"
182.61.55.234 - - [21/Nov/2025:04:40:11 +0800] "GET /WebReport/ReportServer HTTP/1.1" 404 138 "-" "Mozilla/5.0 (Windows NT 10.0; Win64; x64) AppleWebKit/537.36 (KHTML, like Gecko) Chrome/128.0.0.0 Safari/537.36 Edg/128.0.0.0"
182.61.55.234 - - [21/Nov/2025:04:40:11 +0800] "GET /nacos/ HTTP/1.1" 404 138 "-" "Mozilla/5.0 (Windows NT 10.0; Win64; x64) AppleWebKit/537.36 (KHTML, like Gecko) Chrome/128.0.0.0 Safari/537.36 Edg/128.0.0.0"
182.61.55.234 - - [21/Nov/2025:04:40:11 +0800] "GET /services/%3Fwsdl HTTP/1.1" 404 138 "-" "Mozilla/5.0 (Windows NT 10.0; Win64; x64) AppleWebKit/537.36 (KHTML, like Gecko) Chrome/128.0.0.0 Safari/537.36 Edg/128.0.0.0"
182.61.55.234 - - [21/Nov/2025:04:40:11 +0800] "GET /report/ReportServlet HTTP/1.1" 404 138 "-" "Mozilla/5.0 (Windows NT 10.0; Win64; x64) AppleWebKit/537.36 (KHTML, like Gecko) Chrome/128.0.0.0 Safari/537.36 Edg/128.0.0.0"
182.61.55.234 - - [21/Nov/2025:04:40:12 +0800] "GET /ueditor/ueditor.all.js HTTP/1.1" 404 138 "-" "Mozilla/5.0 (Windows NT 10.0; Win64; x64) AppleWebKit/537.36 (KHTML, like Gecko) Chrome/128.0.0.0 Safari/537.36 Edg/128.0.0.0"
182.61.55.234 - - [21/Nov/2025:04:40:12 +0800] "GET /js/editor/fckeditor.html HTTP/1.1" 404 138 "-" "Mozilla/5.0 (Windows NT 10.0; Win64; x64) AppleWebKit/537.36 (KHTML, like Gecko) Chrome/128.0.0.0 Safari/537.36 Edg/128.0.0.0"
182.61.55.234 - - [21/Nov/2025:04:40:12 +0800] "GET /error HTTP/1.1" 404 138 "-" "Mozilla/5.0 (Windows NT 10.0; Win64; x64) AppleWebKit/537.36 (KHTML, like Gecko) Chrome/128.0.0.0 Safari/537.36 Edg/128.0.0.0"
182.61.55.234 - - [21/Nov/2025:04:40:12 +0800] "GET /hessianservlet HTTP/1.1" 404 138 "-" "Mozilla/5.0 (Windows NT 10.0; Win64; x64) AppleWebKit/537.36 (KHTML, like Gecko) Chrome/128.0.0.0 Safari/537.36 Edg/128.0.0.0"
182.61.55.234 - - [21/Nov/2025:04:40:12 +0800] "GET /ReportServer HTTP/1.1" 404 138 "-" "Mozilla/5.0 (Windows NT 10.0; Win64; x64) AppleWebKit/537.36 (KHTML, like Gecko) Chrome/128.0.0.0 Safari/537.36 Edg/128.0.0.0"
182.61.55.234 - - [21/Nov/2025:04:40:12 +0800] "GET /admin HTTP/1.1" 404 138 "-" "Mozilla/5.0 (Windows NT 10.0; Win64; x64) AppleWebKit/537.36 (KHTML, like Gecko) Chrome/128.0.0.0 Safari/537.36 Edg/128.0.0.0"
182.61.55.234 - - [21/Nov/2025:04:40:12 +0800] "GET /ReportServlet HTTP/1.1" 404 138 "-" "Mozilla/5.0 (Windows NT 10.0; Win64; x64) AppleWebKit/537.36 (KHTML, like Gecko) Chrome/128.0.0.0 Safari/537.36 Edg/128.0.0.0"
182.61.55.234 - - [21/Nov/2025:04:40:12 +0800] "GET /Utility/ueditor/ueditor.all.js HTTP/1.1" 404 138 "-" "Mozilla/5.0 (Windows NT 10.0; Win64; x64) AppleWebKit/537.36 (KHTML, like Gecko) Chrome/128.0.0.0 Safari/537.36 Edg/128.0.0.0"
182.61.28.146 - - [21/Nov/2025:04:40:16 +0800] "GET / HTTP/1.0" 302 138 "-" "-"
106.13.28.41 - - [21/Nov/2025:04:40:38 +0800] "GET / HTTP/1.1" 302 5 "-" "Mozilla/5.0 (Windows NT 10.0; Win64; x64) AppleWebKit/537.36 (KHTML, like Gecko) Chrome/128.0.0.0 Safari/537.36 Edg/128.0.0.0"
106.13.28.41 - - [21/Nov/2025:04:40:38 +0800] "GET /wp-admin/setup-config.php HTTP/1.1" 200 1217 "https://106.12.86.167" "Mozilla/5.0 (Windows NT 10.0; Win64; x64) AppleWebKit/537.36 (KHTML, like Gecko) Chrome/128.0.0.0 Safari/537.36 Edg/128.0.0.0"
106.13.28.41 - - [21/Nov/2025:04:40:39 +0800] "GET /favicon.ico HTTP/1.1" 404 138 "-" "Mozilla/5.0 (Windows NT 10.0; Win64; x64) AppleWebKit/537.36 (KHTML, like Gecko) Chrome/128.0.0.0 Safari/537.36 Edg/128.0.0.0"
182.61.148.67 - - [21/Nov/2025:04:40:39 +0800] "GET /etc/hosts HTTP/1.1" 404 138 "-" "Mozilla/5.0 (Windows NT 4.0; WOW64) AppleWebKit/537.36 (KHTML, like Gecko) Chrome/37.0.2049.0 Safari/537.36"
182.61.148.67 - - [21/Nov/2025:04:40:39 +0800] "GET /php.php HTTP/1.1" 404 138 "-" "Mozilla/5.0 (Windows NT 5.1) AppleWebKit/537.36 (KHTML, like Gecko) Chrome/35.0.2309.372 Safari/537.36"
182.61.148.67 - - [21/Nov/2025:04:40:39 +0800] "GET /.svn/entries HTTP/1.1" 404 138 "-" "Mozilla/5.0 (X11; Ubuntu; Linux i686 on x86_64) AppleWebKit/537.36 (KHTML, like Gecko) Chrome/53.0.2820.59 Safari/537.36"
182.61.148.67 - - [21/Nov/2025:04:40:39 +0800] "GET /v2/api-docs HTTP/1.1" 404 138 "-" "Mozilla/5.0 (Windows NT 10.0; Win64; x64) AppleWebKit/537.36 (KHTML, like Gecko) Chrome/70.0.3538.77 Safari/537.36"
182.61.148.67 - - [21/Nov/2025:04:40:39 +0800] "GET /.git/config HTTP/1.1" 404 138 "-" "Mozilla/5.0 (X11; Linux x86_64) AppleWebKit/537.36 (KHTML, like Gecko) Chrome/41.0.2227.0 Safari/537.36"
182.61.148.67 - - [21/Nov/2025:04:40:39 +0800] "GET /login HTTP/1.1" 404 138 "-" "Mozilla/5.0 (X11; Linux x86_64) AppleWebKit/537.36 (KHTML, like Gecko) Chrome/41.0.2227.0 Safari/537.36"
182.61.148.67 - - [21/Nov/2025:04:40:39 +0800] "GET /.%252e/.%252e/.%252e/.%252e/.%252e/.%252e/windows/win.ini HTTP/1.1" 404 138 "-" "Mozilla/5.0 (Windows NT 6.3; WOW64) AppleWebKit/537.36 (KHTML, like Gecko) Chrome/41.0.2226.0 Safari/537.36"
182.61.148.67 - - [21/Nov/2025:04:40:39 +0800] "GET /.DS_Store HTTP/1.1" 404 138 "-" "Mozilla/5.0 (X11; OpenBSD i386) AppleWebKit/537.36 (KHTML, like Gecko) Chrome/36.0.1985.125 Safari/537.36"
182.61.148.67 - - [21/Nov/2025:04:40:39 +0800] "POST /messagebroker/amf HTTP/1.1" 404 138 "-" "Mozilla/5.0 (Windows NT 6.1; Win64; x64) AppleWebKit/537.36 (KHTML, like Gecko) Chrome/101.0.4951.54 Safari/537.36"
182.61.148.67 - - [21/Nov/2025:04:40:39 +0800] "POST /php-cgi/php-cgi.exe?%ADd+cgi.force_redirect%3d0+%ADd+cgi.redirect_status_env+%ADd+allow_url_include%3d1+%ADd+auto_prepend_file%3dphp://input HTTP/1.1" 404 138 "-" "Mozilla/5.0 (Windows NT 10.0) AppleWebKit/537.36 (KHTML, like Gecko) Chrome/40.0.2214.93 Safari/537.36"
182.61.148.67 - - [21/Nov/2025:04:40:39 +0800] "POST /index.php?-d+allow_url_include%3don+-d+auto_prepend_file%3dphp%3a//input HTTP/1.1" 302 5 "-" "Mozilla/5.0 (Macintosh; Intel Mac OS X 10_8_4) AppleWebKit/537.36 (KHTML, like Gecko) Chrome/49.0.2656.18 Safari/537.36"
182.61.148.67 - - [21/Nov/2025:04:40:39 +0800] "GET /..%5cetc/hosts HTTP/1.1" 404 138 "-" "Mozilla/5.0 (Windows NT 6.1; WOW64) AppleWebKit/537.36 (KHTML, like Gecko) Chrome/36.0.1985.67 Safari/537.36"
106.13.28.41 - - [21/Nov/2025:04:40:39 +0800] "GET /nacos/ HTTP/1.1" 404 138 "-" "Mozilla/5.0 (Windows NT 10.0; Win64; x64) AppleWebKit/537.36 (KHTML, like Gecko) Chrome/128.0.0.0 Safari/537.36 Edg/128.0.0.0"
182.61.148.67 - - [21/Nov/2025:04:40:39 +0800] "GET /phpinfo.php HTTP/1.1" 404 138 "-" "Mozilla/5.0 (X11; Linux x86_64) AppleWebKit/537.36 (KHTML, like Gecko) Chrome/34.0.1847.137 Safari/4E423F"
182.61.148.67 - - [21/Nov/2025:04:40:39 +0800] "GET /swagger/ui/index HTTP/1.1" 404 138 "-" "Mozilla/5.0 (Windows NT 5.1) AppleWebKit/537.36 (KHTML, like Gecko) Chrome/34.0.1866.237 Safari/537.36"
182.61.148.67 - - [21/Nov/2025:04:40:39 +0800] "GET /.%2e/.%2e/.%2e/.%2e/.%2e/.%2e/windows/win.ini HTTP/1.1" 400 150 "-" "-"
182.61.148.67 - - [21/Nov/2025:04:40:39 +0800] "POST /index.php?%ADd+cgi.force_redirect%3d0+%ADd+cgi.redirect_status_env+%ADd+allow_url_include%3d1+%ADd+auto_prepend_file%3dphp://input HTTP/1.1" 302 5 "-" "Mozilla/5.0 (Macintosh; Intel Mac OS X 10_10_1) AppleWebKit/537.36 (KHTML, like Gecko) Chrome/41.0.2227.1 Safari/537.36"
182.61.148.67 - - [21/Nov/2025:04:40:39 +0800] "GET /..%5c..%5cetc/hosts HTTP/1.1" 404 138 "-" "Mozilla/5.0 (Macintosh; Intel Mac OS X 10_10_1) AppleWebKit/537.36 (KHTML, like Gecko) Chrome/37.0.2062.124 Safari/537.36"
182.61.148.67 - - [21/Nov/2025:04:40:39 +0800] "GET /swagger/index.html HTTP/1.1" 404 138 "-" "Mozilla/5.0 (X11; OpenBSD i386) AppleWebKit/537.36 (KHTML, like Gecko) Chrome/36.0.1985.125 Safari/537.36"
182.61.148.67 - - [21/Nov/2025:04:40:39 +0800] "GET /info.php HTTP/1.1" 404 138 "-" "Mozilla/5.0 (Macintosh; Intel Mac OS X 10_9_3) AppleWebKit/537.36 (KHTML, like Gecko) Chrome/35.0.1916.47 Safari/537.36"
182.61.148.67 - - [21/Nov/2025:04:40:39 +0800] "GET /..%5c..%5c..%5c..%5c..%5c..%5cwindows/win.ini HTTP/1.1" 404 138 "-" "Mozilla/5.0 (Windows NT 6.3; WOW64) AppleWebKit/537.36 (KHTML, like Gecko) Chrome/41.0.2225.0 Safari/537.36"
106.13.28.41 - - [21/Nov/2025:04:40:39 +0800] "GET /admin HTTP/1.1" 404 138 "-" "Mozilla/5.0 (Windows NT 10.0; Win64; x64) AppleWebKit/537.36 (KHTML, like Gecko) Chrome/128.0.0.0 Safari/537.36 Edg/128.0.0.0"
182.61.148.67 - - [21/Nov/2025:04:40:39 +0800] "POST /test.php?%ADd+cgi.force_redirect%3d0+%ADd+cgi.redirect_status_env+%ADd+allow_url_include%3d1+%ADd+auto_prepend_file%3dphp://input HTTP/1.1" 404 138 "-" "Mozilla/5.0 (X11; Ubuntu; Linux x86_64) AppleWebKit/537.36 (KHTML, like Gecko) Chrome/55.0.2919.83 Safari/537.36"
182.61.148.67 - - [21/Nov/2025:04:40:39 +0800] "GET /swagger-ui.html HTTP/1.1" 404 138 "-" "Mozilla/5.0 (Windows NT 6.3; Win64; x64) AppleWebKit/537.36 (KHTML, like Gecko) Chrome/37.0.2049.0 Safari/537.36"
106.13.28.41 - - [21/Nov/2025:04:40:39 +0800] "GET /ReportServer HTTP/1.1" 404 138 "-" "Mozilla/5.0 (Windows NT 10.0; Win64; x64) AppleWebKit/537.36 (KHTML, like Gecko) Chrome/128.0.0.0 Safari/537.36 Edg/128.0.0.0"
182.61.148.67 - - [21/Nov/2025:04:40:39 +0800] "GET /..%5c..%5c..%5cetc/hosts HTTP/1.1" 404 138 "-" "Mozilla/5.0 (Windows NT 6.3; WOW64) AppleWebKit/537.36 (KHTML, like Gecko) Chrome/41.0.2226.0 Safari/537.36"
182.61.148.67 - - [21/Nov/2025:04:40:39 +0800] "GET /infophp.php HTTP/1.1" 404 138 "-" "Mozilla/5.0 (Windows NT 6.3; WOW64) AppleWebKit/537.36 (KHTML, like Gecko) Chrome/41.0.2225.0 Safari/537.36"
182.61.148.67 - - [21/Nov/2025:04:40:39 +0800] "GET /..%2f..%2f..%2f..%2f..%2f..%2fwindows/win.ini HTTP/1.1" 400 150 "-" "-"
182.61.148.67 - - [21/Nov/2025:04:40:39 +0800] "POST /test.hello?%ADd+cgi.force_redirect%3d0+%ADd+cgi.redirect_status_env+%ADd+allow_url_include%3d1+%ADd+auto_prepend_file%3dphp://input HTTP/1.1" 404 138 "-" "Mozilla/5.0 (Windows NT 6.1) AppleWebKit/537.36 (KHTML, like Gecko) Chrome/41.0.2228.0 Safari/537.36"
106.13.28.41 - - [21/Nov/2025:04:40:39 +0800] "GET /reports/ReportServlet HTTP/1.1" 404 138 "-" "Mozilla/5.0 (Windows NT 10.0; Win64; x64) AppleWebKit/537.36 (KHTML, like Gecko) Chrome/128.0.0.0 Safari/537.36 Edg/128.0.0.0"
182.61.148.67 - - [21/Nov/2025:04:40:39 +0800] "GET /swagger/swagger-ui.html HTTP/1.1" 404 138 "-" "Mozilla/5.0 (X11; Linux x86_64) AppleWebKit/537.36 (KHTML, like Gecko) Chrome/41.0.2227.0 Safari/537.36"
182.61.148.67 - - [21/Nov/2025:04:40:39 +0800] "GET /php_info.php HTTP/1.1" 404 138 "-" "Mozilla/5.0 (Macintosh; Intel Mac OS X 10_9_2) AppleWebKit/537.36 (KHTML, like Gecko) Chrome/36.0.1944.0 Safari/537.36"
182.61.148.67 - - [21/Nov/2025:04:40:39 +0800] "GET /..%5c..%5c..%5c..%5cetc/hosts HTTP/1.1" 404 138 "-" "Mozilla/5.0 (Macintosh; Intel Mac OS X 10_9_2) AppleWebKit/537.36 (KHTML, like Gecko) Chrome/52.0.2762.73 Safari/537.36"
182.61.148.67 - - [21/Nov/2025:04:40:39 +0800] "GET /../../../../../../windows/win.ini HTTP/1.1" 400 150 "-" "-"
182.61.148.67 - - [21/Nov/2025:04:40:39 +0800] "GET /api/swagger-ui.html HTTP/1.1" 404 138 "-" "Mozilla/5.0 (Windows NT 5.1) AppleWebKit/537.36 (KHTML, like Gecko) Chrome/36.0.1985.67 Safari/537.36"
106.13.28.41 - - [21/Nov/2025:04:40:39 +0800] "GET /xxl-job-admin/toLogin HTTP/1.1" 404 138 "-" "Mozilla/5.0 (Windows NT 10.0; Win64; x64) AppleWebKit/537.36 (KHTML, like Gecko) Chrome/128.0.0.0 Safari/537.36 Edg/128.0.0.0"
182.61.148.67 - - [21/Nov/2025:04:40:39 +0800] "GET /test.php HTTP/1.1" 404 138 "-" "Mozilla/5.0 (Windows NT 5.1) AppleWebKit/537.36 (KHTML, like Gecko) Chrome/35.0.3319.102 Safari/537.36"
182.61.148.67 - - [21/Nov/2025:04:40:39 +0800] "GET /..%5c..%5c..%5c..%5c..%5cetc/hosts HTTP/1.1" 404 138 "-" "Mozilla/5.0 (Windows NT 6.3; Win64; x64) AppleWebKit/537.36 (KHTML, like Gecko) Chrome/37.0.2049.0 Safari/537.36"
182.61.148.67 - - [21/Nov/2025:04:40:39 +0800] "GET /api_docs HTTP/1.1" 404 138 "-" "Mozilla/5.0 (Windows NT 6.3; Win64; x64) AppleWebKit/537.36 (KHTML, like Gecko) Chrome/37.0.2049.0 Safari/537.36"
106.13.28.41 - - [21/Nov/2025:04:40:39 +0800] "GET /manager HTTP/1.1" 404 138 "-" "Mozilla/5.0 (Windows NT 10.0; Win64; x64) AppleWebKit/537.36 (KHTML, like Gecko) Chrome/128.0.0.0 Safari/537.36 Edg/128.0.0.0"
182.61.148.67 - - [21/Nov/2025:04:40:39 +0800] "GET /i.php HTTP/1.1" 404 138 "-" "Mozilla/5.0 (Macintosh; Intel Mac OS X 10_9_2) AppleWebKit/537.36 (KHTML, like Gecko) Chrome/52.0.2762.73 Safari/537.36"
182.61.148.67 - - [21/Nov/2025:04:40:39 +0800] "GET /..%5c..%5c..%5c..%5c..%5c..%5cetc/hosts HTTP/1.1" 404 138 "-" "Mozilla/5.0 (Macintosh; Intel Mac OS X 10_10_1) AppleWebKit/537.36 (KHTML, like Gecko) Chrome/41.0.2227.1 Safari/537.36"
182.61.148.67 - - [21/Nov/2025:04:40:39 +0800] "GET /api/index.html HTTP/1.1" 404 138 "-" "Mozilla/5.0 (Windows NT 6.3; Win64; x64) AppleWebKit/537.36 (KHTML, like Gecko) Chrome/37.0.2049.0 Safari/537.36"
106.13.28.41 - - [21/Nov/2025:04:40:39 +0800] "GET /phpmyadmin/ HTTP/1.1" 404 138 "-" "Mozilla/5.0 (Windows NT 10.0; Win64; x64) AppleWebKit/537.36 (KHTML, like Gecko) Chrome/128.0.0.0 Safari/537.36 Edg/128.0.0.0"
182.61.148.67 - - [21/Nov/2025:04:40:39 +0800] "GET /asdf.php HTTP/1.1" 404 138 "-" "Mozilla/5.0 (Windows NT 4.0; WOW64) AppleWebKit/537.36 (KHTML, like Gecko) Chrome/37.0.2049.0 Safari/537.36"
182.61.148.67 - - [21/Nov/2025:04:40:39 +0800] "GET /..%5c..%5c..%5c..%5c..%5c..%5c..%5cetc/hosts HTTP/1.1" 404 138 "-" "Mozilla/5.0 (Windows NT 4.0; WOW64) AppleWebKit/537.36 (KHTML, like Gecko) Chrome/37.0.2049.0 Safari/537.36"
106.13.28.41 - - [21/Nov/2025:04:40:40 +0800] "GET /editor/fckeditor.html HTTP/1.1" 404 138 "-" "Mozilla/5.0 (Windows NT 10.0; Win64; x64) AppleWebKit/537.36 (KHTML, like Gecko) Chrome/128.0.0.0 Safari/537.36 Edg/128.0.0.0"
182.61.148.67 - - [21/Nov/2025:04:40:40 +0800] "GET /api/doc HTTP/1.1" 404 138 "-" "Mozilla/5.0 (Windows NT 6.1; WOW64) AppleWebKit/537.36 (KHTML, like Gecko) Chrome/41.0.2227.0 Safari/537.36"
182.61.148.67 - - [21/Nov/2025:04:40:40 +0800] "GET /static/..%5cetc/hosts HTTP/1.1" 404 138 "-" "Mozilla/5.0 (Windows NT 6.4; WOW64) AppleWebKit/537.36 (KHTML, like Gecko) Chrome/41.0.2225.0 Safari/537.36"
182.61.148.67 - - [21/Nov/2025:04:40:40 +0800] "GET /pinfo.php HTTP/1.1" 404 138 "-" "Mozilla/5.0 (Macintosh; Intel Mac OS X 10_10_1) AppleWebKit/537.36 (KHTML, like Gecko) Chrome/41.0.2227.1 Safari/537.36"
106.13.28.41 - - [21/Nov/2025:04:40:40 +0800] "GET /WebReport/ReportServer HTTP/1.1" 404 138 "-" "Mozilla/5.0 (Windows NT 10.0; Win64; x64) AppleWebKit/537.36 (KHTML, like Gecko) Chrome/128.0.0.0 Safari/537.36 Edg/128.0.0.0"
182.61.148.67 - - [21/Nov/2025:04:40:40 +0800] "GET /static/..%5c..%5cetc/hosts HTTP/1.1" 404 138 "-" "Mozilla/5.0 (Windows NT 10.0; Win64; x64) AppleWebKit/537.36 (KHTML, like Gecko) Chrome/70.0.3538.77 Safari/537.36"
182.61.148.67 - - [21/Nov/2025:04:40:40 +0800] "GET /api/docs/ HTTP/1.1" 404 138 "-" "Mozilla/5.0 (Windows NT 6.3; WOW64) AppleWebKit/537.36 (KHTML, like Gecko) Chrome/41.0.2226.0 Safari/537.36"
182.61.148.67 - - [21/Nov/2025:04:40:40 +0800] "GET /phpversion.php HTTP/1.1" 404 138 "-" "Mozilla/5.0 (Windows NT 5.1) AppleWebKit/537.36 (KHTML, like Gecko) Chrome/35.0.2309.372 Safari/537.36"
106.13.28.41 - - [21/Nov/2025:04:40:40 +0800] "GET /arcgis/ HTTP/1.1" 404 138 "-" "Mozilla/5.0 (Windows NT 10.0; Win64; x64) AppleWebKit/537.36 (KHTML, like Gecko) Chrome/128.0.0.0 Safari/537.36 Edg/128.0.0.0"
182.61.148.67 - - [21/Nov/2025:04:40:40 +0800] "GET /static/..%5c..%5c..%5cetc/hosts HTTP/1.1" 404 138 "-" "Mozilla/5.0 (Windows NT 5.1) AppleWebKit/537.36 (KHTML, like Gecko) Chrome/35.0.3319.102 Safari/537.36"
182.61.148.67 - - [21/Nov/2025:04:40:40 +0800] "GET /api/swagger/index.html HTTP/1.1" 404 138 "-" "Mozilla/5.0 (Macintosh; Intel Mac OS X 10_9_3) AppleWebKit/537.36 (KHTML, like Gecko) Chrome/35.0.1916.47 Safari/537.36"
182.61.148.67 - - [21/Nov/2025:04:40:40 +0800] "GET /time.php HTTP/1.1" 404 138 "-" "Mozilla/5.0 (X11; Linux x86_64) AppleWebKit/537.36 (KHTML, like Gecko) Chrome/34.0.1847.137 Safari/4E423F"
106.13.28.41 - - [21/Nov/2025:04:40:40 +0800] "GET /adminer.php HTTP/1.1" 404 138 "-" "Mozilla/5.0 (Windows NT 10.0; Win64; x64) AppleWebKit/537.36 (KHTML, like Gecko) Chrome/128.0.0.0 Safari/537.36 Edg/128.0.0.0"
182.61.148.67 - - [21/Nov/2025:04:40:40 +0800] "GET /static/..%5c..%5c..%5c..%5cetc/hosts HTTP/1.1" 404 138 "-" "Mozilla/5.0 (Windows NT 4.0; WOW64) AppleWebKit/537.36 (KHTML, like Gecko) Chrome/37.0.2049.0 Safari/537.36"
182.61.148.67 - - [21/Nov/2025:04:40:40 +0800] "GET /api/swagger/swagger-ui.html HTTP/1.1" 404 138 "-" "Mozilla/5.0 (Windows NT 5.1) AppleWebKit/537.36 (KHTML, like Gecko) Chrome/35.0.2309.372 Safari/537.36"
182.61.148.67 - - [21/Nov/2025:04:40:40 +0800] "GET /index.php HTTP/1.1" 302 5 "-" "Mozilla/5.0 (Windows NT 6.1; WOW64) AppleWebKit/537.36 (KHTML, like Gecko) Chrome/41.0.2227.0 Safari/537.36"
106.13.28.41 - - [21/Nov/2025:04:40:40 +0800] "GET /Utility/ueditor/ueditor.all.js HTTP/1.1" 404 138 "-" "Mozilla/5.0 (Windows NT 10.0; Win64; x64) AppleWebKit/537.36 (KHTML, like Gecko) Chrome/128.0.0.0 Safari/537.36 Edg/128.0.0.0"
182.61.148.67 - - [21/Nov/2025:04:40:40 +0800] "GET /static/..%5c..%5c..%5c..%5c..%5cetc/hosts HTTP/1.1" 404 138 "-" "Mozilla/5.0 (Windows NT 10.0; WOW64) AppleWebKit/537.36 (KHTML, like Gecko) Chrome/89.0.4389.114 Safari/537.36"
182.61.148.67 - - [21/Nov/2025:04:40:40 +0800] "GET /api/swagger-ui/api-docs HTTP/1.1" 404 138 "-" "Mozilla/5.0 (Windows NT 10.0; Win64; x64) AppleWebKit/537.36 (KHTML, like Gecko) Chrome/89.0.4389.114 Safari/537.36"
182.61.148.67 - - [21/Nov/2025:04:40:40 +0800] "GET /temp.php HTTP/1.1" 404 138 "-" "Mozilla/5.0 (Windows NT 5.1) AppleWebKit/537.36 (KHTML, like Gecko) Chrome/34.0.1866.237 Safari/537.36"
106.13.28.41 - - [21/Nov/2025:04:40:40 +0800] "GET /js/fckeditor/editor/fckeditor.html HTTP/1.1" 404 138 "-" "Mozilla/5.0 (Windows NT 10.0; Win64; x64) AppleWebKit/537.36 (KHTML, like Gecko) Chrome/128.0.0.0 Safari/537.36 Edg/128.0.0.0"
182.61.148.67 - - [21/Nov/2025:04:40:40 +0800] "GET /api/api-docs HTTP/1.1" 404 138 "-" "Mozilla/5.0 (Windows NT 6.3; WOW64) AppleWebKit/537.36 (KHTML, like Gecko) Chrome/41.0.2226.0 Safari/537.36"
182.61.148.67 - - [21/Nov/2025:04:40:40 +0800] "GET /static/..%5c..%5c..%5c..%5c..%5c..%5cetc/hosts HTTP/1.1" 404 138 "-" "Mozilla/5.0 (Macintosh; Intel Mac OS X 10_8_3) AppleWebKit/537.36 (KHTML, like Gecko) Chrome/54.0.2866.71 Safari/537.36"
182.61.148.67 - - [21/Nov/2025:04:40:40 +0800] "GET /old_phpinfo.php HTTP/1.1" 404 138 "-" "Mozilla/5.0 (Windows NT 5.1) AppleWebKit/537.36 (KHTML, like Gecko) Chrome/36.0.1985.67 Safari/537.36"
106.13.28.41 - - [21/Nov/2025:04:40:40 +0800] "GET /error HTTP/1.1" 404 138 "-" "Mozilla/5.0 (Windows NT 10.0; Win64; x64) AppleWebKit/537.36 (KHTML, like Gecko) Chrome/128.0.0.0 Safari/537.36 Edg/128.0.0.0"
182.61.148.67 - - [21/Nov/2025:04:40:40 +0800] "GET /static/..%5c..%5c..%5c..%5c..%5c..%5c..%5cetc/hosts HTTP/1.1" 404 138 "-" "Mozilla/5.0 (Windows NT 5.1) AppleWebKit/537.36 (KHTML, like Gecko) Chrome/36.0.1985.67 Safari/537.36"
182.61.148.67 - - [21/Nov/2025:04:40:40 +0800] "GET /api/apidocs HTTP/1.1" 404 138 "-" "Mozilla/5.0 (Windows NT 6.1; WOW64) AppleWebKit/537.36 (KHTML, like Gecko) Chrome/41.0.2227.0 Safari/537.36"
182.61.148.67 - - [21/Nov/2025:04:40:40 +0800] "GET /infos.php HTTP/1.1" 404 138 "-" "Mozilla/5.0 (Windows NT 10.0) AppleWebKit/537.36 (KHTML, like Gecko) Chrome/40.0.2214.93 Safari/537.36"
106.13.28.41 - - [21/Nov/2025:04:40:40 +0800] "GET /monitor/ HTTP/1.1" 404 138 "-" "Mozilla/5.0 (Windows NT 10.0; Win64; x64) AppleWebKit/537.36 (KHTML, like Gecko) Chrome/128.0.0.0 Safari/537.36 Edg/128.0.0.0"
182.61.148.67 - - [21/Nov/2025:04:40:40 +0800] "GET /api/swagger HTTP/1.1" 404 138 "-" "Mozilla/5.0 (Macintosh; Intel Mac OS X 10_9_3) AppleWebKit/537.36 (KHTML, like Gecko) Chrome/35.0.1916.47 Safari/537.36"
182.61.148.67 - - [21/Nov/2025:04:40:40 +0800] "GET /static/..%2f..%2f..%2f..%2f..%2f..%2f..%2f..%2fetc%2fhosts HTTP/1.1" 400 150 "-" "-"
182.61.148.67 - - [21/Nov/2025:04:40:40 +0800] "GET /linusadmin-phpinfo.php HTTP/1.1" 404 138 "-" "Mozilla/5.0 (Macintosh; Intel Mac OS X 10_9_2) AppleWebKit/537.36 (KHTML, like Gecko) Chrome/52.0.2762.73 Safari/537.36"
106.13.28.41 - - [21/Nov/2025:04:40:40 +0800] "GET /js/ueditor/ueditor.all.js HTTP/1.1" 404 138 "-" "Mozilla/5.0 (Windows NT 10.0; Win64; x64) AppleWebKit/537.36 (KHTML, like Gecko) Chrome/128.0.0.0 Safari/537.36 Edg/128.0.0.0"
182.61.148.67 - - [21/Nov/2025:04:40:40 +0800] "GET /api/swagger/static/index.html HTTP/1.1" 404 138 "-" "Mozilla/5.0 (Macintosh; Intel Mac OS X 10_10_1) AppleWebKit/537.36 (KHTML, like Gecko) Chrome/41.0.2227.1 Safari/537.36"
182.61.148.67 - - [21/Nov/2025:04:40:40 +0800] "GET /./../../../../../../../../../../etc/hosts HTTP/1.1" 400 150 "-" "-"
182.61.148.67 - - [21/Nov/2025:04:40:40 +0800] "GET /php-info.php HTTP/1.1" 404 138 "-" "Mozilla/5.0 (Windows NT 5.1) AppleWebKit/537.36 (KHTML, like Gecko) Chrome/35.0.2117.157 Safari/537.36"
106.13.28.41 - - [21/Nov/2025:04:40:40 +0800] "GET /ReportServlet HTTP/1.1" 404 138 "-" "Mozilla/5.0 (Windows NT 10.0; Win64; x64) AppleWebKit/537.36 (KHTML, like Gecko) Chrome/128.0.0.0 Safari/537.36 Edg/128.0.0.0"
182.61.148.67 - - [21/Nov/2025:04:40:41 +0800] "GET /%2e%2e%2e%2e%2e%2e%2e%2e%2e%2e%2e%2e%2e%2e%2e%2eetc/hosts HTTP/1.1" 404 138 "-" "Mozilla/5.0 (Windows NT 6.3; Win64; x64) AppleWebKit/537.36 (KHTML, like Gecko) Chrome/37.0.2049.0 Safari/537.36"
182.61.148.67 - - [21/Nov/2025:04:40:41 +0800] "GET /api/swagger-resources HTTP/1.1" 404 138 "-" "Mozilla/5.0 (Windows NT 5.1) AppleWebKit/537.36 (KHTML, like Gecko) Chrome/36.0.1985.67 Safari/537.36"
182.61.148.67 - - [21/Nov/2025:04:40:41 +0800] "GET /dashboard/phpinfo.php HTTP/1.1" 404 138 "-" "Mozilla/5.0 (Windows NT 5.1) AppleWebKit/537.36 (KHTML, like Gecko) Chrome/41.0.2224.3 Safari/537.36"
106.13.28.41 - - [21/Nov/2025:04:40:41 +0800] "GET /druid/index.html HTTP/1.1" 404 138 "-" "Mozilla/5.0 (Windows NT 10.0; Win64; x64) AppleWebKit/537.36 (KHTML, like Gecko) Chrome/128.0.0.0 Safari/537.36 Edg/128.0.0.0"
182.61.148.67 - - [21/Nov/2025:04:40:41 +0800] "GET /%2e%2e%5c%2e%2e%5c%2e%2e%5c%2e%2e%5c%2e%2e%5c%2e%2e%5c%2e%2e%5c%2e%2e%5cetc/hosts HTTP/1.1" 404 138 "-" "Mozilla/5.0 (X11; Linux x86_64) AppleWebKit/537.36 (KHTML, like Gecko) Chrome/41.0.2227.0 Safari/537.36"
182.61.148.67 - - [21/Nov/2025:04:40:41 +0800] "GET /api/swagger-resources/restservices/v2/api-docs HTTP/1.1" 404 138 "-" "Mozilla/5.0 (Macintosh; Intel Mac OS X 10_10_1) AppleWebKit/537.36 (KHTML, like Gecko) Chrome/37.0.2062.124 Safari/537.36"
182.61.148.67 - - [21/Nov/2025:04:40:41 +0800] "GET /_profiler/phpinfo.php HTTP/1.1" 404 138 "-" "Mozilla/5.0 (Macintosh; Intel Mac OS X 10_8_4) AppleWebKit/537.36 (KHTML, like Gecko) Chrome/49.0.2656.18 Safari/537.36"
106.13.28.41 - - [21/Nov/2025:04:40:41 +0800] "GET /v2/_catalog HTTP/1.1" 404 138 "-" "Mozilla/5.0 (Windows NT 10.0; Win64; x64) AppleWebKit/537.36 (KHTML, like Gecko) Chrome/128.0.0.0 Safari/537.36 Edg/128.0.0.0"
182.61.148.67 - - [21/Nov/2025:04:40:41 +0800] "GET /.%5C%5C./.%5C%5C./.%5C%5C./.%5C%5C./.%5C%5C./.%5C%5C./etc/hosts HTTP/1.1" 404 138 "-" "Mozilla/5.0 (Windows NT 10.0; Win64; x64) AppleWebKit/537.36 (KHTML, like Gecko) Chrome/89.0.4389.114 Safari/537.36"
182.61.148.67 - - [21/Nov/2025:04:40:41 +0800] "GET /api/__swagger__/ HTTP/1.1" 404 138 "-" "Mozilla/5.0 (Windows NT 10.0) AppleWebKit/537.36 (KHTML, like Gecko) Chrome/89.0.4389.114 Safari/537.36"
182.61.148.67 - - [21/Nov/2025:04:40:41 +0800] "GET /_profiler/phpinfo HTTP/1.1" 404 138 "-" "Mozilla/5.0 (Windows NT 10.0; Win64; x64) AppleWebKit/537.36 (KHTML, like Gecko) Chrome/89.0.4389.114 Safari/537.36"
106.13.28.41 - - [21/Nov/2025:04:40:41 +0800] "GET /geoserver/web/ HTTP/1.1" 404 138 "-" "Mozilla/5.0 (Windows NT 10.0; Win64; x64) AppleWebKit/537.36 (KHTML, like Gecko) Chrome/128.0.0.0 Safari/537.36 Edg/128.0.0.0"
182.61.148.67 - - [21/Nov/2025:04:40:41 +0800] "GET /..0x5c..0x5c..0x5c..0x5c..0x5c..0x5c..0x5c..0x5cetc/hosts HTTP/1.1" 404 138 "-" "Mozilla/5.0 (Windows NT 6.3; WOW64) AppleWebKit/537.36 (KHTML, like Gecko) Chrome/41.0.2225.0 Safari/537.36"
106.13.28.41 - - [21/Nov/2025:04:40:41 +0800] "GET /ueditor/ueditor.all.js HTTP/1.1" 404 138 "-" "Mozilla/5.0 (Windows NT 10.0; Win64; x64) AppleWebKit/537.36 (KHTML, like Gecko) Chrome/128.0.0.0 Safari/537.36 Edg/128.0.0.0"
182.61.148.67 - - [21/Nov/2025:04:40:41 +0800] "GET /?phpinfo=1 HTTP/1.1" 302 5 "-" "Mozilla/5.0 (Macintosh; Intel Mac OS X 10_9_2) AppleWebKit/537.36 (KHTML, like Gecko) Chrome/36.0.1944.0 Safari/537.36"
182.61.148.67 - - [21/Nov/2025:04:40:41 +0800] "GET /api/_swagger_/ HTTP/1.1" 404 138 "-" "Mozilla/5.0 (Windows NT 5.1) AppleWebKit/537.36 (KHTML, like Gecko) Chrome/35.0.2117.157 Safari/537.36"
182.61.148.67 - - [21/Nov/2025:04:40:41 +0800] "GET /%c0%ae%c0%ae/%c0%ae%c0%ae/%c0%ae%c0%ae/%c0%ae%c0%ae/%c0%ae%c0%ae/%c0%ae%c0%ae/%c0%ae%c0%ae/%c0%ae%c0%ae/etc/hosts HTTP/1.1" 404 138 "-" "Mozilla/5.0 (Macintosh; Intel Mac OS X 10_9_3) AppleWebKit/537.36 (KHTML, like Gecko) Chrome/35.0.1916.47 Safari/537.36"
182.61.148.67 - - [21/Nov/2025:04:40:41 +0800] "GET /api/swagger/ui/index HTTP/1.1" 404 138 "-" "Mozilla/5.0 (X11; Ubuntu; Linux x86_64) AppleWebKit/537.36 (KHTML, like Gecko) Chrome/55.0.2919.83 Safari/537.36"
182.61.148.67 - - [21/Nov/2025:04:40:41 +0800] "GET /l.php?act=phpinfo HTTP/1.1" 404 138 "-" "Mozilla/5.0 (Windows NT 6.1; WOW64) AppleWebKit/537.36 (KHTML, like Gecko) Chrome/41.0.2227.0 Safari/537.36"
106.13.28.41 - - [21/Nov/2025:04:40:41 +0800] "GET /js/editor/fckeditor.html HTTP/1.1" 404 138 "-" "Mozilla/5.0 (Windows NT 10.0; Win64; x64) AppleWebKit/537.36 (KHTML, like Gecko) Chrome/128.0.0.0 Safari/537.36 Edg/128.0.0.0"
182.61.148.67 - - [21/Nov/2025:04:40:41 +0800] "GET /.%252e/.%252e/.%252e/.%252e/.%252e/.%252e/.%252e/etc/hosts HTTP/1.1" 404 138 "-" "Mozilla/5.0 (X11; Ubuntu; Linux i686 on x86_64) AppleWebKit/537.36 (KHTML, like Gecko) Chrome/53.0.2820.59 Safari/537.36"
182.61.148.67 - - [21/Nov/2025:04:40:41 +0800] "GET /__swagger__/ HTTP/1.1" 404 138 "-" "Mozilla/5.0 (Macintosh; Intel Mac OS X 10_10_1) AppleWebKit/537.36 (KHTML, like Gecko) Chrome/37.0.2062.124 Safari/537.36"
106.13.28.41 - - [21/Nov/2025:04:40:41 +0800] "GET /hessianservlet HTTP/1.1" 404 138 "-" "Mozilla/5.0 (Windows NT 10.0; Win64; x64) AppleWebKit/537.36 (KHTML, like Gecko) Chrome/128.0.0.0 Safari/537.36 Edg/128.0.0.0"
182.61.148.67 - - [21/Nov/2025:04:40:41 +0800] "GET /..%2f..%2f..%2f..%2f..%2f..%2f..%2f..%2f..%2f..%2f..%2f..%2f..%2f..%2f..%2f..%2fetc/hosts HTTP/1.1" 400 150 "-" "-"
106.13.28.41 - - [21/Nov/2025:04:40:41 +0800] "GET /fckeditor/editor/fckeditor.html HTTP/1.1" 404 138 "-" "Mozilla/5.0 (Windows NT 10.0; Win64; x64) AppleWebKit/537.36 (KHTML, like Gecko) Chrome/128.0.0.0 Safari/537.36 Edg/128.0.0.0"
182.61.148.67 - - [21/Nov/2025:04:40:41 +0800] "GET /_swagger_/ HTTP/1.1" 404 138 "-" "Mozilla/5.0 (Windows NT 4.0; WOW64) AppleWebKit/537.36 (KHTML, like Gecko) Chrome/37.0.2049.0 Safari/537.36"
106.13.28.41 - - [21/Nov/2025:04:40:41 +0800] "GET /editor/editor/fckeditor.html HTTP/1.1" 404 138 "-" "Mozilla/5.0 (Windows NT 10.0; Win64; x64) AppleWebKit/537.36 (KHTML, like Gecko) Chrome/128.0.0.0 Safari/537.36 Edg/128.0.0.0"
182.61.148.67 - - [21/Nov/2025:04:40:41 +0800] "GET /..///////..////..//////etc/hosts HTTP/1.1" 400 150 "-" "-"
