2025-11-09T09:43:05.342960+08:00 instance-rr9enuui sshd[31456]: Invalid user opc from 196.251.84.225 port 51796
2025-11-09T09:43:05.556721+08:00 instance-rr9enuui sshd[31456]: pam_unix(sshd:auth): check pass; user unknown
2025-11-09T09:43:05.556819+08:00 instance-rr9enuui sshd[31456]: pam_unix(sshd:auth): authentication failure; logname= uid=0 euid=0 tty=ssh ruser= rhost=196.251.84.225 
2025-11-09T09:43:07.937514+08:00 instance-rr9enuui sshd[31456]: Failed password for invalid user opc from 196.251.84.225 port 51796 ssh2
2025-11-09T09:43:09.172258+08:00 instance-rr9enuui sshd[31458]: Invalid user omsagent from 196.251.84.225 port 46096
2025-11-09T09:43:09.506141+08:00 instance-rr9enuui sshd[31458]: pam_unix(sshd:auth): check pass; user unknown
2025-11-09T09:43:09.506245+08:00 instance-rr9enuui sshd[31458]: pam_unix(sshd:auth): authentication failure; logname= uid=0 euid=0 tty=ssh ruser= rhost=196.251.84.225 
2025-11-09T09:43:09.706787+08:00 instance-rr9enuui sshd[31456]: Connection closed by invalid user opc 196.251.84.225 port 51796 [preauth]
2025-11-09T09:43:11.098244+08:00 instance-rr9enuui sshd[31458]: Failed password for invalid user omsagent from 196.251.84.225 port 46096 ssh2
2025-11-09T09:43:11.597453+08:00 instance-rr9enuui sshd[31458]: Connection closed by invalid user omsagent 196.251.84.225 port 46096 [preauth]
2025-11-09T09:43:13.216890+08:00 instance-rr9enuui sshd[31465]: pam_unix(sshd:auth): authentication failure; logname= uid=0 euid=0 tty=ssh ruser= rhost=196.251.84.225  user=root
2025-11-09T09:43:14.694256+08:00 instance-rr9enuui sshd[31465]: Failed password for root from 196.251.84.225 port 46098 ssh2
2025-11-09T09:43:15.467837+08:00 instance-rr9enuui sshd[31465]: Connection closed by authenticating user root 196.251.84.225 port 46098 [preauth]
2025-11-09T09:43:16.207029+08:00 instance-rr9enuui sshd[31469]: error: kex_exchange_identification: Connection closed by remote host
2025-11-09T09:43:16.207170+08:00 instance-rr9enuui sshd[31469]: Connection closed by 204.76.203.83 port 48944
2025-11-09T09:43:16.653624+08:00 instance-rr9enuui sshd[31467]: Invalid user tom from 196.251.84.225 port 46110
2025-11-09T09:43:16.869150+08:00 instance-rr9enuui sshd[31467]: pam_unix(sshd:auth): check pass; user unknown
2025-11-09T09:43:16.869259+08:00 instance-rr9enuui sshd[31467]: pam_unix(sshd:auth): authentication failure; logname= uid=0 euid=0 tty=ssh ruser= rhost=196.251.84.225 
2025-11-09T09:43:18.758261+08:00 instance-rr9enuui sshd[31467]: Failed password for invalid user tom from 196.251.84.225 port 46110 ssh2
2025-11-09T09:43:20.040909+08:00 instance-rr9enuui sshd[31467]: Connection closed by invalid user tom 196.251.84.225 port 46110 [preauth]
2025-11-09T09:43:22.309615+08:00 instance-rr9enuui sshd[31470]: pam_unix(sshd:auth): authentication failure; logname= uid=0 euid=0 tty=ssh ruser= rhost=196.251.84.225  user=root
2025-11-09T09:43:24.354262+08:00 instance-rr9enuui sshd[31470]: Failed password for root from 196.251.84.225 port 56134 ssh2
2025-11-09T09:43:25.152359+08:00 instance-rr9enuui sshd[31472]: Invalid user testuser from 196.251.84.225 port 56152
2025-11-09T09:43:25.407429+08:00 instance-rr9enuui sshd[31472]: pam_unix(sshd:auth): check pass; user unknown
2025-11-09T09:43:25.407520+08:00 instance-rr9enuui sshd[31472]: pam_unix(sshd:auth): authentication failure; logname= uid=0 euid=0 tty=ssh ruser= rhost=196.251.84.225 
2025-11-09T09:43:26.588278+08:00 instance-rr9enuui sshd[31470]: Connection closed by authenticating user root 196.251.84.225 port 56134 [preauth]
2025-11-09T09:43:26.865177+08:00 instance-rr9enuui sshd[31472]: Failed password for invalid user testuser from 196.251.84.225 port 56152 ssh2
2025-11-09T09:43:27.202703+08:00 instance-rr9enuui sshd[31474]: Invalid user amari from 62.60.131.157 port 12901
2025-11-09T09:43:27.204732+08:00 instance-rr9enuui sshd[31474]: pam_unix(sshd:auth): check pass; user unknown
2025-11-09T09:43:27.204795+08:00 instance-rr9enuui sshd[31474]: pam_unix(sshd:auth): authentication failure; logname= uid=0 euid=0 tty=ssh ruser= rhost=62.60.131.157 
2025-11-09T09:43:28.278849+08:00 instance-rr9enuui sshd[31472]: Connection closed by invalid user testuser 196.251.84.225 port 56152 [preauth]
2025-11-09T09:43:28.429350+08:00 instance-rr9enuui sshd[31476]: Invalid user fil from 196.251.84.225 port 33270
2025-11-09T09:43:28.681502+08:00 instance-rr9enuui sshd[31476]: pam_unix(sshd:auth): check pass; user unknown
2025-11-09T09:43:28.681598+08:00 instance-rr9enuui sshd[31476]: pam_unix(sshd:auth): authentication failure; logname= uid=0 euid=0 tty=ssh ruser= rhost=196.251.84.225 
2025-11-09T09:43:28.938285+08:00 instance-rr9enuui sshd[31474]: Failed password for invalid user amari from 62.60.131.157 port 12901 ssh2
2025-11-09T09:43:30.294903+08:00 instance-rr9enuui sshd[31474]: pam_unix(sshd:auth): check pass; user unknown
2025-11-09T09:43:30.550273+08:00 instance-rr9enuui sshd[31476]: Failed password for invalid user fil from 196.251.84.225 port 33270 ssh2
2025-11-09T09:43:30.818756+08:00 instance-rr9enuui sshd[31476]: Connection closed by invalid user fil 196.251.84.225 port 33270 [preauth]
2025-11-09T09:43:31.772474+08:00 instance-rr9enuui sshd[31474]: Failed password for invalid user amari from 62.60.131.157 port 12901 ssh2
2025-11-09T09:43:32.402200+08:00 instance-rr9enuui sshd[31478]: Invalid user terraria from 196.251.84.225 port 33276
2025-11-09T09:43:32.688221+08:00 instance-rr9enuui sshd[31478]: pam_unix(sshd:auth): check pass; user unknown
2025-11-09T09:43:32.688308+08:00 instance-rr9enuui sshd[31478]: pam_unix(sshd:auth): authentication failure; logname= uid=0 euid=0 tty=ssh ruser= rhost=196.251.84.225 
2025-11-09T09:43:33.390936+08:00 instance-rr9enuui sshd[31474]: pam_unix(sshd:auth): check pass; user unknown
2025-11-09T09:43:34.105922+08:00 instance-rr9enuui sshd[31478]: Failed password for invalid user terraria from 196.251.84.225 port 33276 ssh2
2025-11-09T09:43:35.208742+08:00 instance-rr9enuui sshd[31478]: Connection closed by invalid user terraria 196.251.84.225 port 33276 [preauth]
2025-11-09T09:43:35.278202+08:00 instance-rr9enuui sshd[31474]: Failed password for invalid user amari from 62.60.131.157 port 12901 ssh2
2025-11-09T09:43:36.065555+08:00 instance-rr9enuui sshd[31483]: Invalid user deepspeed from 196.251.84.225 port 33290
2025-11-09T09:43:36.323145+08:00 instance-rr9enuui sshd[31483]: pam_unix(sshd:auth): check pass; user unknown
2025-11-09T09:43:36.323262+08:00 instance-rr9enuui sshd[31483]: pam_unix(sshd:auth): authentication failure; logname= uid=0 euid=0 tty=ssh ruser= rhost=196.251.84.225 
2025-11-09T09:43:36.486971+08:00 instance-rr9enuui sshd[31474]: pam_unix(sshd:auth): check pass; user unknown
2025-11-09T09:43:38.292512+08:00 instance-rr9enuui sshd[31483]: Failed password for invalid user deepspeed from 196.251.84.225 port 33290 ssh2
2025-11-09T09:43:38.321090+08:00 instance-rr9enuui sshd[31485]: Invalid user admin from 204.76.203.83 port 47550
2025-11-09T09:43:38.454235+08:00 instance-rr9enuui sshd[31474]: Failed password for invalid user amari from 62.60.131.157 port 12901 ssh2
2025-11-09T09:43:38.537031+08:00 instance-rr9enuui sshd[31485]: pam_unix(sshd:auth): check pass; user unknown
2025-11-09T09:43:38.537141+08:00 instance-rr9enuui sshd[31485]: pam_unix(sshd:auth): authentication failure; logname= uid=0 euid=0 tty=ssh ruser= rhost=204.76.203.83 
2025-11-09T09:43:38.555405+08:00 instance-rr9enuui sshd[31483]: Connection closed by invalid user deepspeed 196.251.84.225 port 33290 [preauth]
2025-11-09T09:43:39.583347+08:00 instance-rr9enuui sshd[31474]: pam_unix(sshd:auth): check pass; user unknown
2025-11-09T09:43:39.993249+08:00 instance-rr9enuui sshd[31489]: Invalid user zookeeper from 196.251.84.225 port 45874
2025-11-09T09:43:40.207408+08:00 instance-rr9enuui sshd[31489]: pam_unix(sshd:auth): check pass; user unknown
2025-11-09T09:43:40.207510+08:00 instance-rr9enuui sshd[31489]: pam_unix(sshd:auth): authentication failure; logname= uid=0 euid=0 tty=ssh ruser= rhost=196.251.84.225 
2025-11-09T09:43:40.446211+08:00 instance-rr9enuui sshd[31485]: Failed password for invalid user admin from 204.76.203.83 port 47550 ssh2
2025-11-09T09:43:41.296732+08:00 instance-rr9enuui sshd[31474]: Failed password for invalid user amari from 62.60.131.157 port 12901 ssh2
2025-11-09T09:43:42.056735+08:00 instance-rr9enuui sshd[31489]: Failed password for invalid user zookeeper from 196.251.84.225 port 45874 ssh2
2025-11-09T09:43:42.293739+08:00 instance-rr9enuui sshd[31485]: Connection closed by invalid user admin 204.76.203.83 port 47550 [preauth]
2025-11-09T09:43:42.677022+08:00 instance-rr9enuui sshd[31474]: Received disconnect from 62.60.131.157 port 12901:11: Bye [preauth]
2025-11-09T09:43:42.677173+08:00 instance-rr9enuui sshd[31474]: Disconnected from invalid user amari 62.60.131.157 port 12901 [preauth]
2025-11-09T09:43:42.677246+08:00 instance-rr9enuui sshd[31474]: PAM 4 more authentication failures; logname= uid=0 euid=0 tty=ssh ruser= rhost=62.60.131.157 
2025-11-09T09:43:42.677300+08:00 instance-rr9enuui sshd[31474]: PAM service(sshd) ignoring max retries; 5 > 3
2025-11-09T09:43:43.213251+08:00 instance-rr9enuui sshd[31489]: Connection closed by invalid user zookeeper 196.251.84.225 port 45874 [preauth]
2025-11-09T09:43:44.070467+08:00 instance-rr9enuui sshd[31498]: pam_unix(sshd:auth): authentication failure; logname= uid=0 euid=0 tty=ssh ruser= rhost=196.251.84.225  user=root
2025-11-09T09:43:45.468006+08:00 instance-rr9enuui sshd[31498]: Failed password for root from 196.251.84.225 port 45882 ssh2
2025-11-09T09:43:46.366147+08:00 instance-rr9enuui sshd[31498]: Connection closed by authenticating user root 196.251.84.225 port 45882 [preauth]
2025-11-09T09:43:47.919891+08:00 instance-rr9enuui sshd[31503]: Invalid user ubuntu from 14.225.2.125 port 58126
2025-11-09T09:43:48.054655+08:00 instance-rr9enuui sshd[31505]: Invalid user jumpserver from 196.251.84.225 port 40790
2025-11-09T09:43:48.217006+08:00 instance-rr9enuui sshd[31503]: pam_unix(sshd:auth): check pass; user unknown
2025-11-09T09:43:48.217091+08:00 instance-rr9enuui sshd[31503]: pam_unix(sshd:auth): authentication failure; logname= uid=0 euid=0 tty=ssh ruser= rhost=14.225.2.125 
2025-11-09T09:43:48.280165+08:00 instance-rr9enuui sshd[31505]: pam_unix(sshd:auth): check pass; user unknown
2025-11-09T09:43:48.280259+08:00 instance-rr9enuui sshd[31505]: pam_unix(sshd:auth): authentication failure; logname= uid=0 euid=0 tty=ssh ruser= rhost=196.251.84.225 
2025-11-09T09:43:50.166253+08:00 instance-rr9enuui sshd[31503]: Failed password for invalid user ubuntu from 14.225.2.125 port 58126 ssh2
2025-11-09T09:43:50.229541+08:00 instance-rr9enuui sshd[31505]: Failed password for invalid user jumpserver from 196.251.84.225 port 40790 ssh2
2025-11-09T09:43:50.850817+08:00 instance-rr9enuui sshd[31505]: Connection closed by invalid user jumpserver 196.251.84.225 port 40790 [preauth]
2025-11-09T09:43:51.693058+08:00 instance-rr9enuui sshd[31503]: Connection closed by invalid user ubuntu 14.225.2.125 port 58126 [preauth]
2025-11-09T09:43:51.791970+08:00 instance-rr9enuui sshd[31507]: Invalid user chain from 196.251.84.225 port 40812
2025-11-09T09:43:52.062823+08:00 instance-rr9enuui sshd[31507]: pam_unix(sshd:auth): check pass; user unknown
2025-11-09T09:43:52.062919+08:00 instance-rr9enuui sshd[31507]: pam_unix(sshd:auth): authentication failure; logname= uid=0 euid=0 tty=ssh ruser= rhost=196.251.84.225 
2025-11-09T09:43:54.226270+08:00 instance-rr9enuui sshd[31507]: Failed password for invalid user chain from 196.251.84.225 port 40812 ssh2
2025-11-09T09:43:55.482753+08:00 instance-rr9enuui sshd[31509]: Invalid user odoo from 196.251.84.225 port 40822
2025-11-09T09:43:55.586499+08:00 instance-rr9enuui sshd[31507]: Connection closed by invalid user chain 196.251.84.225 port 40812 [preauth]
2025-11-09T09:43:55.701994+08:00 instance-rr9enuui sshd[31509]: pam_unix(sshd:auth): check pass; user unknown
2025-11-09T09:43:55.702096+08:00 instance-rr9enuui sshd[31509]: pam_unix(sshd:auth): authentication failure; logname= uid=0 euid=0 tty=ssh ruser= rhost=196.251.84.225 
2025-11-09T09:43:56.944061+08:00 instance-rr9enuui sshd[31509]: Failed password for invalid user odoo from 196.251.84.225 port 40822 ssh2
2025-11-09T09:43:57.294410+08:00 instance-rr9enuui sshd[31509]: Connection closed by invalid user odoo 196.251.84.225 port 40822 [preauth]
2025-11-09T09:44:00.579375+08:00 instance-rr9enuui sshd[31511]: Invalid user redis from 196.251.84.225 port 39026
2025-11-09T09:44:00.808718+08:00 instance-rr9enuui sshd[31511]: pam_unix(sshd:auth): check pass; user unknown
2025-11-09T09:44:00.808822+08:00 instance-rr9enuui sshd[31511]: pam_unix(sshd:auth): authentication failure; logname= uid=0 euid=0 tty=ssh ruser= rhost=196.251.84.225 
2025-11-09T09:44:02.738763+08:00 instance-rr9enuui sshd[31511]: Failed password for invalid user redis from 196.251.84.225 port 39026 ssh2
2025-11-09T09:44:03.386336+08:00 instance-rr9enuui sshd[31517]: Invalid user mapr from 196.251.84.225 port 39040
2025-11-09T09:44:03.600933+08:00 instance-rr9enuui sshd[31517]: pam_unix(sshd:auth): check pass; user unknown
2025-11-09T09:44:03.601031+08:00 instance-rr9enuui sshd[31517]: pam_unix(sshd:auth): authentication failure; logname= uid=0 euid=0 tty=ssh ruser= rhost=196.251.84.225 
2025-11-09T09:44:04.048268+08:00 instance-rr9enuui sshd[31511]: Connection closed by invalid user redis 196.251.84.225 port 39026 [preauth]
2025-11-09T09:44:05.274261+08:00 instance-rr9enuui sshd[31517]: Failed password for invalid user mapr from 196.251.84.225 port 39040 ssh2
2025-11-09T09:44:06.015946+08:00 instance-rr9enuui sshd[31517]: Connection closed by invalid user mapr 196.251.84.225 port 39040 [preauth]
2025-11-09T09:44:07.269688+08:00 instance-rr9enuui sshd[31519]: Invalid user elasticsearch from 196.251.84.225 port 39056
2025-11-09T09:44:07.542231+08:00 instance-rr9enuui sshd[31519]: pam_unix(sshd:auth): check pass; user unknown
2025-11-09T09:44:07.542325+08:00 instance-rr9enuui sshd[31519]: pam_unix(sshd:auth): authentication failure; logname= uid=0 euid=0 tty=ssh ruser= rhost=196.251.84.225 
2025-11-09T09:44:09.100135+08:00 instance-rr9enuui sshd[31519]: Failed password for invalid user elasticsearch from 196.251.84.225 port 39056 ssh2
2025-11-09T09:44:09.813355+08:00 instance-rr9enuui sshd[31519]: Connection closed by invalid user elasticsearch 196.251.84.225 port 39056 [preauth]
2025-11-09T09:44:11.206055+08:00 instance-rr9enuui sshd[31521]: Invalid user solr from 196.251.84.225 port 40300
2025-11-09T09:44:11.435367+08:00 instance-rr9enuui sshd[31521]: pam_unix(sshd:auth): check pass; user unknown
2025-11-09T09:44:11.435511+08:00 instance-rr9enuui sshd[31521]: pam_unix(sshd:auth): authentication failure; logname= uid=0 euid=0 tty=ssh ruser= rhost=196.251.84.225 
2025-11-09T09:44:13.874245+08:00 instance-rr9enuui sshd[31521]: Failed password for invalid user solr from 196.251.84.225 port 40300 ssh2
2025-11-09T09:44:15.658230+08:00 instance-rr9enuui sshd[31523]: Invalid user satisfactory from 196.251.84.225 port 40312
2025-11-09T09:44:15.868162+08:00 instance-rr9enuui sshd[31523]: pam_unix(sshd:auth): check pass; user unknown
2025-11-09T09:44:15.868267+08:00 instance-rr9enuui sshd[31523]: pam_unix(sshd:auth): authentication failure; logname= uid=0 euid=0 tty=ssh ruser= rhost=196.251.84.225 
2025-11-09T09:44:16.013990+08:00 instance-rr9enuui sshd[31521]: Connection closed by invalid user solr 196.251.84.225 port 40300 [preauth]
2025-11-09T09:44:17.521841+08:00 instance-rr9enuui sshd[31523]: Failed password for invalid user satisfactory from 196.251.84.225 port 40312 ssh2
2025-11-09T09:44:19.025176+08:00 instance-rr9enuui sshd[31525]: pam_unix(sshd:auth): authentication failure; logname= uid=0 euid=0 tty=ssh ruser= rhost=196.251.84.225  user=root
2025-11-09T09:44:19.241425+08:00 instance-rr9enuui sshd[31523]: Connection closed by invalid user satisfactory 196.251.84.225 port 40312 [preauth]
2025-11-09T09:44:20.562272+08:00 instance-rr9enuui sshd[31525]: Failed password for root from 196.251.84.225 port 57886 ssh2
2025-11-09T09:44:21.311668+08:00 instance-rr9enuui sshd[31525]: Connection closed by authenticating user root 196.251.84.225 port 57886 [preauth]
2025-11-09T09:44:22.824346+08:00 instance-rr9enuui sshd[31527]: Invalid user data from 196.251.84.225 port 57904
2025-11-09T09:44:23.035407+08:00 instance-rr9enuui sshd[31527]: pam_unix(sshd:auth): check pass; user unknown
2025-11-09T09:44:23.035514+08:00 instance-rr9enuui sshd[31527]: pam_unix(sshd:auth): authentication failure; logname= uid=0 euid=0 tty=ssh ruser= rhost=196.251.84.225 
2025-11-09T09:44:25.454267+08:00 instance-rr9enuui sshd[31527]: Failed password for invalid user data from 196.251.84.225 port 57904 ssh2
2025-11-09T09:44:25.885830+08:00 instance-rr9enuui sshd[31527]: Connection closed by invalid user data 196.251.84.225 port 57904 [preauth]
2025-11-09T09:44:26.779163+08:00 instance-rr9enuui sshd[31529]: Invalid user centos from 196.251.84.225 port 57918
2025-11-09T09:44:27.168328+08:00 instance-rr9enuui sshd[31529]: pam_unix(sshd:auth): check pass; user unknown
2025-11-09T09:44:27.168437+08:00 instance-rr9enuui sshd[31529]: pam_unix(sshd:auth): authentication failure; logname= uid=0 euid=0 tty=ssh ruser= rhost=196.251.84.225 
2025-11-09T09:44:29.137900+08:00 instance-rr9enuui sshd[31529]: Failed password for invalid user centos from 196.251.84.225 port 57918 ssh2
2025-11-09T09:44:29.510109+08:00 instance-rr9enuui sshd[31529]: Connection closed by invalid user centos 196.251.84.225 port 57918 [preauth]
2025-11-09T09:44:32.127749+08:00 instance-rr9enuui sshd[31531]: Invalid user dolphinscheduler from 196.251.84.225 port 43574
2025-11-09T09:44:32.337240+08:00 instance-rr9enuui sshd[31531]: pam_unix(sshd:auth): check pass; user unknown
2025-11-09T09:44:32.337346+08:00 instance-rr9enuui sshd[31531]: pam_unix(sshd:auth): authentication failure; logname= uid=0 euid=0 tty=ssh ruser= rhost=196.251.84.225 
2025-11-09T09:44:34.326248+08:00 instance-rr9enuui sshd[31531]: Failed password for invalid user dolphinscheduler from 196.251.84.225 port 43574 ssh2
2025-11-09T09:44:35.738851+08:00 instance-rr9enuui sshd[31531]: Connection closed by invalid user dolphinscheduler 196.251.84.225 port 43574 [preauth]
2025-11-09T09:44:42.809343+08:00 instance-rr9enuui sshd[31533]: Invalid user amp from 196.251.84.225 port 43590
2025-11-09T09:44:43.138469+08:00 instance-rr9enuui sshd[31533]: pam_unix(sshd:auth): check pass; user unknown
2025-11-09T09:44:43.138563+08:00 instance-rr9enuui sshd[31533]: pam_unix(sshd:auth): authentication failure; logname= uid=0 euid=0 tty=ssh ruser= rhost=196.251.84.225 
2025-11-09T09:44:44.972330+08:00 instance-rr9enuui sshd[31533]: Failed password for invalid user amp from 196.251.84.225 port 43590 ssh2
2025-11-09T09:44:47.204629+08:00 instance-rr9enuui sshd[31533]: Connection closed by invalid user amp 196.251.84.225 port 43590 [preauth]
2025-11-09T09:44:48.208664+08:00 instance-rr9enuui sshd[31542]: Invalid user ubuntu from 196.251.84.225 port 48628
2025-11-09T09:44:49.258978+08:00 instance-rr9enuui sshd[31542]: pam_unix(sshd:auth): check pass; user unknown
2025-11-09T09:44:49.259081+08:00 instance-rr9enuui sshd[31542]: pam_unix(sshd:auth): authentication failure; logname= uid=0 euid=0 tty=ssh ruser= rhost=196.251.84.225 
2025-11-09T09:44:51.248478+08:00 instance-rr9enuui sshd[31542]: Failed password for invalid user ubuntu from 196.251.84.225 port 48628 ssh2
2025-11-09T09:44:52.745546+08:00 instance-rr9enuui sshd[31542]: Connection closed by invalid user ubuntu 196.251.84.225 port 48628 [preauth]
2025-11-09T09:44:57.434948+08:00 instance-rr9enuui sshd[31548]: Invalid user ranger from 196.251.84.225 port 59254
2025-11-09T09:44:57.665176+08:00 instance-rr9enuui sshd[31548]: pam_unix(sshd:auth): check pass; user unknown
2025-11-09T09:44:57.665281+08:00 instance-rr9enuui sshd[31548]: pam_unix(sshd:auth): authentication failure; logname= uid=0 euid=0 tty=ssh ruser= rhost=196.251.84.225 
2025-11-09T09:44:59.418253+08:00 instance-rr9enuui sshd[31548]: Failed password for invalid user ranger from 196.251.84.225 port 59254 ssh2
2025-11-09T09:45:01.410974+08:00 instance-rr9enuui sshd[31548]: Connection closed by invalid user ranger 196.251.84.225 port 59254 [preauth]
2025-11-09T09:45:01.620318+08:00 instance-rr9enuui CRON[31557]: pam_unix(cron:session): session opened for user root(uid=0) by (uid=0)
2025-11-09T09:45:01.624984+08:00 instance-rr9enuui CRON[31557]: pam_unix(cron:session): session closed for user root
2025-11-09T09:45:10.168856+08:00 instance-rr9enuui sshd[31547]: Invalid user nexus from 196.251.84.225 port 48610
2025-11-09T09:45:10.939397+08:00 instance-rr9enuui sshd[31563]: Invalid user wordpress from 196.251.84.225 port 48876
2025-11-09T09:45:11.098589+08:00 instance-rr9enuui sshd[31547]: pam_unix(sshd:auth): check pass; user unknown
2025-11-09T09:45:11.098721+08:00 instance-rr9enuui sshd[31547]: pam_unix(sshd:auth): authentication failure; logname= uid=0 euid=0 tty=ssh ruser= rhost=196.251.84.225 
2025-11-09T09:45:11.219126+08:00 instance-rr9enuui sshd[31563]: pam_unix(sshd:auth): check pass; user unknown
2025-11-09T09:45:11.219238+08:00 instance-rr9enuui sshd[31563]: pam_unix(sshd:auth): authentication failure; logname= uid=0 euid=0 tty=ssh ruser= rhost=196.251.84.225 
2025-11-09T09:45:13.108333+08:00 instance-rr9enuui sshd[31547]: Failed password for invalid user nexus from 196.251.84.225 port 48610 ssh2
2025-11-09T09:45:13.228839+08:00 instance-rr9enuui sshd[31563]: Failed password for invalid user wordpress from 196.251.84.225 port 48876 ssh2
2025-11-09T09:45:14.028278+08:00 instance-rr9enuui sshd[31547]: Connection closed by invalid user nexus 196.251.84.225 port 48610 [preauth]
2025-11-09T09:45:14.569327+08:00 instance-rr9enuui sshd[31563]: Connection closed by invalid user wordpress 196.251.84.225 port 48876 [preauth]
2025-11-09T09:45:14.730502+08:00 instance-rr9enuui sshd[31572]: Invalid user user from 196.251.84.225 port 39574
2025-11-09T09:45:14.945324+08:00 instance-rr9enuui sshd[31572]: pam_unix(sshd:auth): check pass; user unknown
2025-11-09T09:45:14.945434+08:00 instance-rr9enuui sshd[31572]: pam_unix(sshd:auth): authentication failure; logname= uid=0 euid=0 tty=ssh ruser= rhost=196.251.84.225 
2025-11-09T09:45:16.349862+08:00 instance-rr9enuui sshd[31565]: Invalid user vps from 196.251.84.225 port 39556
2025-11-09T09:45:16.584051+08:00 instance-rr9enuui sshd[31565]: pam_unix(sshd:auth): check pass; user unknown
2025-11-09T09:45:16.584155+08:00 instance-rr9enuui sshd[31565]: pam_unix(sshd:auth): authentication failure; logname= uid=0 euid=0 tty=ssh ruser= rhost=196.251.84.225 
2025-11-09T09:45:17.034247+08:00 instance-rr9enuui sshd[31572]: Failed password for invalid user user from 196.251.84.225 port 39574 ssh2
2025-11-09T09:45:18.059590+08:00 instance-rr9enuui sshd[31545]: pam_unix(sshd:auth): authentication failure; logname= uid=0 euid=0 tty=ssh ruser= rhost=196.251.84.225  user=root
2025-11-09T09:45:18.554511+08:00 instance-rr9enuui sshd[31572]: Connection closed by invalid user user 196.251.84.225 port 39574 [preauth]
2025-11-09T09:45:18.613785+08:00 instance-rr9enuui sshd[31565]: Failed password for invalid user vps from 196.251.84.225 port 39556 ssh2
2025-11-09T09:45:18.906666+08:00 instance-rr9enuui sshd[31565]: Connection closed by invalid user vps 196.251.84.225 port 39556 [preauth]
2025-11-09T09:45:19.406078+08:00 instance-rr9enuui sshd[31574]: pam_unix(sshd:auth): authentication failure; logname= uid=0 euid=0 tty=ssh ruser= rhost=196.251.84.225  user=root
2025-11-09T09:45:19.573733+08:00 instance-rr9enuui sshd[31561]: Invalid user elk from 196.251.84.225 port 48864
2025-11-09T09:45:19.697688+08:00 instance-rr9enuui sshd[31545]: Failed password for root from 196.251.84.225 port 59244 ssh2
2025-11-09T09:45:19.816124+08:00 instance-rr9enuui sshd[31561]: pam_unix(sshd:auth): check pass; user unknown
2025-11-09T09:45:19.816237+08:00 instance-rr9enuui sshd[31561]: pam_unix(sshd:auth): authentication failure; logname= uid=0 euid=0 tty=ssh ruser= rhost=196.251.84.225 
2025-11-09T09:45:20.280072+08:00 instance-rr9enuui sshd[31545]: Connection closed by authenticating user root 196.251.84.225 port 59244 [preauth]
2025-11-09T09:45:21.178270+08:00 instance-rr9enuui sshd[31574]: Failed password for root from 196.251.84.225 port 49238 ssh2
2025-11-09T09:45:21.590180+08:00 instance-rr9enuui sshd[31561]: Failed password for invalid user elk from 196.251.84.225 port 48864 ssh2
2025-11-09T09:45:21.690311+08:00 instance-rr9enuui sshd[31574]: Connection closed by authenticating user root 196.251.84.225 port 49238 [preauth]
2025-11-09T09:45:23.526775+08:00 instance-rr9enuui sshd[31561]: Connection closed by invalid user elk 196.251.84.225 port 48864 [preauth]
2025-11-09T09:45:25.981317+08:00 instance-rr9enuui sshd[31576]: Invalid user vbox from 196.251.84.225 port 49258
2025-11-09T09:45:26.227756+08:00 instance-rr9enuui sshd[31576]: pam_unix(sshd:auth): check pass; user unknown
2025-11-09T09:45:26.227870+08:00 instance-rr9enuui sshd[31576]: pam_unix(sshd:auth): authentication failure; logname= uid=0 euid=0 tty=ssh ruser= rhost=196.251.84.225 
2025-11-09T09:45:27.039939+08:00 instance-rr9enuui sshd[31578]: Invalid user satisfactory from 196.251.84.225 port 49284
2025-11-09T09:45:27.247511+08:00 instance-rr9enuui sshd[31578]: pam_unix(sshd:auth): check pass; user unknown
2025-11-09T09:45:27.247610+08:00 instance-rr9enuui sshd[31578]: pam_unix(sshd:auth): authentication failure; logname= uid=0 euid=0 tty=ssh ruser= rhost=196.251.84.225 
2025-11-09T09:45:28.298003+08:00 instance-rr9enuui sshd[31576]: Failed password for invalid user vbox from 196.251.84.225 port 49258 ssh2
2025-11-09T09:45:29.121571+08:00 instance-rr9enuui sshd[31578]: Failed password for invalid user satisfactory from 196.251.84.225 port 49284 ssh2
2025-11-09T09:45:30.090634+08:00 instance-rr9enuui sshd[31580]: Invalid user centos from 196.251.84.225 port 45176
2025-11-09T09:45:30.251371+08:00 instance-rr9enuui sshd[31576]: Connection closed by invalid user vbox 196.251.84.225 port 49258 [preauth]
2025-11-09T09:45:31.008040+08:00 instance-rr9enuui sshd[31580]: pam_unix(sshd:auth): check pass; user unknown
2025-11-09T09:45:31.008154+08:00 instance-rr9enuui sshd[31580]: pam_unix(sshd:auth): authentication failure; logname= uid=0 euid=0 tty=ssh ruser= rhost=196.251.84.225 
2025-11-09T09:45:31.358484+08:00 instance-rr9enuui sshd[31578]: Connection closed by invalid user satisfactory 196.251.84.225 port 49284 [preauth]
2025-11-09T09:45:32.762057+08:00 instance-rr9enuui sshd[31580]: Failed password for invalid user centos from 196.251.84.225 port 45176 ssh2
2025-11-09T09:45:33.365014+08:00 instance-rr9enuui sshd[31580]: Connection closed by invalid user centos 196.251.84.225 port 45176 [preauth]
2025-11-09T09:45:34.692670+08:00 instance-rr9enuui sshd[31582]: Invalid user sysadmin from 196.251.84.225 port 45208
2025-11-09T09:45:34.906356+08:00 instance-rr9enuui sshd[31582]: pam_unix(sshd:auth): check pass; user unknown
2025-11-09T09:45:34.906458+08:00 instance-rr9enuui sshd[31582]: pam_unix(sshd:auth): authentication failure; logname= uid=0 euid=0 tty=ssh ruser= rhost=196.251.84.225 
2025-11-09T09:45:36.740452+08:00 instance-rr9enuui sshd[31582]: Failed password for invalid user sysadmin from 196.251.84.225 port 45208 ssh2
2025-11-09T09:45:38.458656+08:00 instance-rr9enuui sshd[31582]: Connection closed by invalid user sysadmin 196.251.84.225 port 45208 [preauth]
2025-11-09T09:45:39.009714+08:00 instance-rr9enuui sshd[31589]: Invalid user sonar from 196.251.84.225 port 37772
2025-11-09T09:45:39.203005+08:00 instance-rr9enuui sshd[31589]: pam_unix(sshd:auth): check pass; user unknown
2025-11-09T09:45:39.203100+08:00 instance-rr9enuui sshd[31589]: pam_unix(sshd:auth): authentication failure; logname= uid=0 euid=0 tty=ssh ruser= rhost=196.251.84.225 
2025-11-09T09:45:41.057102+08:00 instance-rr9enuui sshd[31589]: Failed password for invalid user sonar from 196.251.84.225 port 37772 ssh2
2025-11-09T09:45:42.943531+08:00 instance-rr9enuui sshd[31589]: Connection closed by invalid user sonar 196.251.84.225 port 37772 [preauth]
2025-11-09T09:45:43.431672+08:00 instance-rr9enuui sshd[31591]: Invalid user postgres from 196.251.84.225 port 37788
2025-11-09T09:45:43.654105+08:00 instance-rr9enuui sshd[31591]: pam_unix(sshd:auth): check pass; user unknown
2025-11-09T09:45:43.654230+08:00 instance-rr9enuui sshd[31591]: pam_unix(sshd:auth): authentication failure; logname= uid=0 euid=0 tty=ssh ruser= rhost=196.251.84.225 
2025-11-09T09:45:45.722260+08:00 instance-rr9enuui sshd[31591]: Failed password for invalid user postgres from 196.251.84.225 port 37788 ssh2
2025-11-09T09:45:46.759144+08:00 instance-rr9enuui sshd[31599]: Invalid user ftp from 196.251.84.225 port 37802
2025-11-09T09:45:46.986761+08:00 instance-rr9enuui sshd[31599]: pam_unix(sshd:auth): check pass; user unknown
2025-11-09T09:45:46.986873+08:00 instance-rr9enuui sshd[31599]: pam_unix(sshd:auth): authentication failure; logname= uid=0 euid=0 tty=ssh ruser= rhost=196.251.84.225 
2025-11-09T09:45:47.913568+08:00 instance-rr9enuui sshd[31591]: Connection closed by invalid user postgres 196.251.84.225 port 37788 [preauth]
2025-11-09T09:45:49.136702+08:00 instance-rr9enuui sshd[31599]: Failed password for invalid user ftp from 196.251.84.225 port 37802 ssh2
2025-11-09T09:45:49.441575+08:00 instance-rr9enuui sshd[31599]: Connection closed by invalid user ftp 196.251.84.225 port 37802 [preauth]
2025-11-09T09:45:50.907238+08:00 instance-rr9enuui sshd[31601]: Invalid user arkserver from 196.251.84.225 port 52592
2025-11-09T09:45:51.167374+08:00 instance-rr9enuui sshd[31601]: pam_unix(sshd:auth): check pass; user unknown
2025-11-09T09:45:51.167472+08:00 instance-rr9enuui sshd[31601]: pam_unix(sshd:auth): authentication failure; logname= uid=0 euid=0 tty=ssh ruser= rhost=196.251.84.225 
2025-11-09T09:45:53.001471+08:00 instance-rr9enuui sshd[31601]: Failed password for invalid user arkserver from 196.251.84.225 port 52592 ssh2
2025-11-09T09:45:53.874452+08:00 instance-rr9enuui sshd[31601]: Connection closed by invalid user arkserver 196.251.84.225 port 52592 [preauth]
2025-11-09T09:45:55.076082+08:00 instance-rr9enuui sshd[31603]: Invalid user test from 196.251.84.225 port 52610
2025-11-09T09:45:55.316819+08:00 instance-rr9enuui sshd[31603]: pam_unix(sshd:auth): check pass; user unknown
2025-11-09T09:45:55.316930+08:00 instance-rr9enuui sshd[31603]: pam_unix(sshd:auth): authentication failure; logname= uid=0 euid=0 tty=ssh ruser= rhost=196.251.84.225 
2025-11-09T09:45:57.366250+08:00 instance-rr9enuui sshd[31603]: Failed password for invalid user test from 196.251.84.225 port 52610 ssh2
2025-11-09T09:45:59.487805+08:00 instance-rr9enuui sshd[31603]: Connection closed by invalid user test 196.251.84.225 port 52610 [preauth]
2025-11-09T09:45:59.516447+08:00 instance-rr9enuui sshd[31605]: Invalid user solana from 196.251.84.225 port 36326
2025-11-09T09:45:59.813984+08:00 instance-rr9enuui sshd[31605]: pam_unix(sshd:auth): check pass; user unknown
2025-11-09T09:45:59.814077+08:00 instance-rr9enuui sshd[31605]: pam_unix(sshd:auth): authentication failure; logname= uid=0 euid=0 tty=ssh ruser= rhost=196.251.84.225 
2025-11-09T09:46:02.414232+08:00 instance-rr9enuui sshd[31605]: Failed password for invalid user solana from 196.251.84.225 port 36326 ssh2
2025-11-09T09:46:03.211098+08:00 instance-rr9enuui sshd[31613]: Invalid user sol from 196.251.84.225 port 36348
2025-11-09T09:46:03.470490+08:00 instance-rr9enuui sshd[31613]: pam_unix(sshd:auth): check pass; user unknown
2025-11-09T09:46:03.470580+08:00 instance-rr9enuui sshd[31613]: pam_unix(sshd:auth): authentication failure; logname= uid=0 euid=0 tty=ssh ruser= rhost=196.251.84.225 
2025-11-09T09:46:03.731270+08:00 instance-rr9enuui sshd[31605]: Connection closed by invalid user solana 196.251.84.225 port 36326 [preauth]
2025-11-09T09:46:05.284592+08:00 instance-rr9enuui sshd[31613]: Failed password for invalid user sol from 196.251.84.225 port 36348 ssh2
2025-11-09T09:46:06.472488+08:00 instance-rr9enuui sshd[31613]: Connection closed by invalid user sol 196.251.84.225 port 36348 [preauth]
2025-11-09T09:46:06.943255+08:00 instance-rr9enuui sshd[31615]: Invalid user ranger from 196.251.84.225 port 36368
2025-11-09T09:46:07.160009+08:00 instance-rr9enuui sshd[31615]: pam_unix(sshd:auth): check pass; user unknown
2025-11-09T09:46:07.160121+08:00 instance-rr9enuui sshd[31615]: pam_unix(sshd:auth): authentication failure; logname= uid=0 euid=0 tty=ssh ruser= rhost=196.251.84.225 
2025-11-09T09:46:09.189968+08:00 instance-rr9enuui sshd[31615]: Failed password for invalid user ranger from 196.251.84.225 port 36368 ssh2
2025-11-09T09:46:11.020675+08:00 instance-rr9enuui sshd[31615]: Connection closed by invalid user ranger 196.251.84.225 port 36368 [preauth]
2025-11-09T09:46:11.846462+08:00 instance-rr9enuui sshd[31617]: Invalid user admin from 196.251.84.225 port 48086
2025-11-09T09:46:12.073412+08:00 instance-rr9enuui sshd[31617]: pam_unix(sshd:auth): check pass; user unknown
2025-11-09T09:46:12.073515+08:00 instance-rr9enuui sshd[31617]: pam_unix(sshd:auth): authentication failure; logname= uid=0 euid=0 tty=ssh ruser= rhost=196.251.84.225 
2025-11-09T09:46:14.458216+08:00 instance-rr9enuui sshd[31617]: Failed password for invalid user admin from 196.251.84.225 port 48086 ssh2
2025-11-09T09:46:15.480811+08:00 instance-rr9enuui sshd[31619]: Invalid user drupal from 196.251.84.225 port 48088
2025-11-09T09:46:15.703442+08:00 instance-rr9enuui sshd[31619]: pam_unix(sshd:auth): check pass; user unknown
2025-11-09T09:46:15.703545+08:00 instance-rr9enuui sshd[31619]: pam_unix(sshd:auth): authentication failure; logname= uid=0 euid=0 tty=ssh ruser= rhost=196.251.84.225 
2025-11-09T09:46:15.717965+08:00 instance-rr9enuui sshd[31621]: Invalid user ubuntu from 14.225.2.125 port 51362
2025-11-09T09:46:15.826086+08:00 instance-rr9enuui sshd[31617]: Connection closed by invalid user admin 196.251.84.225 port 48086 [preauth]
2025-11-09T09:46:16.021971+08:00 instance-rr9enuui sshd[31621]: pam_unix(sshd:auth): check pass; user unknown
2025-11-09T09:46:16.022074+08:00 instance-rr9enuui sshd[31621]: pam_unix(sshd:auth): authentication failure; logname= uid=0 euid=0 tty=ssh ruser= rhost=14.225.2.125 
2025-11-09T09:46:17.833458+08:00 instance-rr9enuui sshd[31619]: Failed password for invalid user drupal from 196.251.84.225 port 48088 ssh2
2025-11-09T09:46:18.286246+08:00 instance-rr9enuui sshd[31621]: Failed password for invalid user ubuntu from 14.225.2.125 port 51362 ssh2
2025-11-09T09:46:19.508369+08:00 instance-rr9enuui sshd[31621]: Connection closed by invalid user ubuntu 14.225.2.125 port 51362 [preauth]
2025-11-09T09:46:19.646314+08:00 instance-rr9enuui sshd[31625]: Invalid user mongodb from 196.251.84.225 port 54860
2025-11-09T09:46:20.059897+08:00 instance-rr9enuui sshd[31619]: Connection closed by invalid user drupal 196.251.84.225 port 48088 [preauth]
2025-11-09T09:46:20.383461+08:00 instance-rr9enuui sshd[31623]: Invalid user admin from 45.140.17.124 port 39242
2025-11-09T09:46:20.420988+08:00 instance-rr9enuui sshd[31625]: pam_unix(sshd:auth): check pass; user unknown
2025-11-09T09:46:20.421091+08:00 instance-rr9enuui sshd[31625]: pam_unix(sshd:auth): authentication failure; logname= uid=0 euid=0 tty=ssh ruser= rhost=196.251.84.225 
2025-11-09T09:46:21.612100+08:00 instance-rr9enuui sshd[31623]: pam_unix(sshd:auth): check pass; user unknown
2025-11-09T09:46:21.612237+08:00 instance-rr9enuui sshd[31623]: pam_unix(sshd:auth): authentication failure; logname= uid=0 euid=0 tty=ssh ruser= rhost=45.140.17.124 
2025-11-09T09:46:22.570244+08:00 instance-rr9enuui sshd[31625]: Failed password for invalid user mongodb from 196.251.84.225 port 54860 ssh2
2025-11-09T09:46:23.321837+08:00 instance-rr9enuui sshd[31625]: Connection closed by invalid user mongodb 196.251.84.225 port 54860 [preauth]
2025-11-09T09:46:23.566249+08:00 instance-rr9enuui sshd[31623]: Failed password for invalid user admin from 45.140.17.124 port 39242 ssh2
2025-11-09T09:46:24.223808+08:00 instance-rr9enuui sshd[31627]: Invalid user jack from 196.251.84.225 port 54894
2025-11-09T09:46:24.438063+08:00 instance-rr9enuui sshd[31627]: pam_unix(sshd:auth): check pass; user unknown
2025-11-09T09:46:24.438185+08:00 instance-rr9enuui sshd[31627]: pam_unix(sshd:auth): authentication failure; logname= uid=0 euid=0 tty=ssh ruser= rhost=196.251.84.225 
2025-11-09T09:46:25.178082+08:00 instance-rr9enuui sshd[31623]: Connection reset by invalid user admin 45.140.17.124 port 39242 [preauth]
2025-11-09T09:46:26.802252+08:00 instance-rr9enuui sshd[31627]: Failed password for invalid user jack from 196.251.84.225 port 54894 ssh2
2025-11-09T09:46:27.123847+08:00 instance-rr9enuui sshd[31627]: Connection closed by invalid user jack 196.251.84.225 port 54894 [preauth]
2025-11-09T09:46:27.624527+08:00 instance-rr9enuui sshd[31629]: Invalid user vbox from 196.251.84.225 port 54926
2025-11-09T09:46:27.840015+08:00 instance-rr9enuui sshd[31629]: pam_unix(sshd:auth): check pass; user unknown
2025-11-09T09:46:27.840116+08:00 instance-rr9enuui sshd[31629]: pam_unix(sshd:auth): authentication failure; logname= uid=0 euid=0 tty=ssh ruser= rhost=196.251.84.225 
2025-11-09T09:46:29.950092+08:00 instance-rr9enuui sshd[31629]: Failed password for invalid user vbox from 196.251.84.225 port 54926 ssh2
2025-11-09T09:46:31.833464+08:00 instance-rr9enuui sshd[31629]: Connection closed by invalid user vbox 196.251.84.225 port 54926 [preauth]
2025-11-09T09:46:40.680752+08:00 instance-rr9enuui sshd[31634]: pam_unix(sshd:auth): authentication failure; logname= uid=0 euid=0 tty=ssh ruser= rhost=196.251.84.225  user=root
2025-11-09T09:46:42.574263+08:00 instance-rr9enuui sshd[31634]: Failed password for root from 196.251.84.225 port 48984 ssh2
2025-11-09T09:46:42.936791+08:00 instance-rr9enuui sshd[31634]: Connection closed by authenticating user root 196.251.84.225 port 48984 [preauth]
2025-11-09T09:46:44.024692+08:00 instance-rr9enuui sshd[31641]: Invalid user test from 196.251.84.225 port 49002
2025-11-09T09:46:44.243325+08:00 instance-rr9enuui sshd[31641]: pam_unix(sshd:auth): check pass; user unknown
2025-11-09T09:46:44.243402+08:00 instance-rr9enuui sshd[31641]: pam_unix(sshd:auth): authentication failure; logname= uid=0 euid=0 tty=ssh ruser= rhost=196.251.84.225 
2025-11-09T09:46:46.353463+08:00 instance-rr9enuui sshd[31641]: Failed password for invalid user test from 196.251.84.225 port 49002 ssh2
2025-11-09T09:46:48.305332+08:00 instance-rr9enuui sshd[31641]: Connection closed by invalid user test 196.251.84.225 port 49002 [preauth]
2025-11-09T09:46:50.794267+08:00 instance-rr9enuui sshd[31644]: Invalid user sonar from 196.251.84.225 port 36286
2025-11-09T09:46:51.078066+08:00 instance-rr9enuui sshd[31644]: pam_unix(sshd:auth): check pass; user unknown
2025-11-09T09:46:51.078185+08:00 instance-rr9enuui sshd[31644]: pam_unix(sshd:auth): authentication failure; logname= uid=0 euid=0 tty=ssh ruser= rhost=196.251.84.225 
2025-11-09T09:46:53.146272+08:00 instance-rr9enuui sshd[31644]: Failed password for invalid user sonar from 196.251.84.225 port 36286 ssh2
2025-11-09T09:46:54.783100+08:00 instance-rr9enuui sshd[31644]: Connection closed by invalid user sonar 196.251.84.225 port 36286 [preauth]
2025-11-09T09:47:00.727478+08:00 instance-rr9enuui sshd[31646]: Invalid user ldap from 196.251.84.225 port 59812
2025-11-09T09:47:00.910227+08:00 instance-rr9enuui sshd[31652]: pam_unix(sshd:auth): authentication failure; logname= uid=0 euid=0 tty=ssh ruser= rhost=196.251.84.225  user=root
2025-11-09T09:47:01.002498+08:00 instance-rr9enuui sshd[31650]: Invalid user dolphinscheduler from 196.251.84.225 port 59852
2025-11-09T09:47:01.077469+08:00 instance-rr9enuui sshd[31646]: pam_unix(sshd:auth): check pass; user unknown
2025-11-09T09:47:01.077605+08:00 instance-rr9enuui sshd[31646]: pam_unix(sshd:auth): authentication failure; logname= uid=0 euid=0 tty=ssh ruser= rhost=196.251.84.225 
2025-11-09T09:47:02.985712+08:00 instance-rr9enuui sshd[31650]: pam_unix(sshd:auth): check pass; user unknown
2025-11-09T09:47:02.985823+08:00 instance-rr9enuui sshd[31650]: pam_unix(sshd:auth): authentication failure; logname= uid=0 euid=0 tty=ssh ruser= rhost=196.251.84.225 
2025-11-09T09:47:03.186255+08:00 instance-rr9enuui sshd[31646]: Failed password for invalid user ldap from 196.251.84.225 port 59812 ssh2
2025-11-09T09:47:03.214125+08:00 instance-rr9enuui sshd[31652]: Failed password for root from 196.251.84.225 port 35264 ssh2
2025-11-09T09:47:03.855500+08:00 instance-rr9enuui sshd[31646]: Connection closed by invalid user ldap 196.251.84.225 port 59812 [preauth]
2025-11-09T09:47:04.898239+08:00 instance-rr9enuui sshd[31650]: Failed password for invalid user dolphinscheduler from 196.251.84.225 port 59852 ssh2
2025-11-09T09:47:05.222951+08:00 instance-rr9enuui sshd[31652]: Connection closed by authenticating user root 196.251.84.225 port 35264 [preauth]
2025-11-09T09:47:06.864440+08:00 instance-rr9enuui sshd[31650]: Connection closed by invalid user dolphinscheduler 196.251.84.225 port 59852 [preauth]
2025-11-09T09:47:08.425230+08:00 instance-rr9enuui sshd[31663]: Invalid user awsgui from 196.251.84.225 port 37594
2025-11-09T09:47:08.650244+08:00 instance-rr9enuui sshd[31663]: pam_unix(sshd:auth): check pass; user unknown
2025-11-09T09:47:08.650348+08:00 instance-rr9enuui sshd[31663]: pam_unix(sshd:auth): authentication failure; logname= uid=0 euid=0 tty=ssh ruser= rhost=196.251.84.225 
2025-11-09T09:47:11.054241+08:00 instance-rr9enuui sshd[31663]: Failed password for invalid user awsgui from 196.251.84.225 port 37594 ssh2
2025-11-09T09:47:12.459025+08:00 instance-rr9enuui sshd[31670]: Invalid user postgres from 196.251.84.225 port 37596
2025-11-09T09:47:12.665038+08:00 instance-rr9enuui sshd[31670]: pam_unix(sshd:auth): check pass; user unknown
2025-11-09T09:47:12.665133+08:00 instance-rr9enuui sshd[31670]: pam_unix(sshd:auth): authentication failure; logname= uid=0 euid=0 tty=ssh ruser= rhost=196.251.84.225 
2025-11-09T09:47:12.912267+08:00 instance-rr9enuui sshd[31663]: Connection closed by invalid user awsgui 196.251.84.225 port 37594 [preauth]
2025-11-09T09:47:15.286265+08:00 instance-rr9enuui sshd[31670]: Failed password for invalid user postgres from 196.251.84.225 port 37596 ssh2
2025-11-09T09:47:16.702436+08:00 instance-rr9enuui sshd[31673]: Invalid user dev from 196.251.84.225 port 37604
2025-11-09T09:47:16.765771+08:00 instance-rr9enuui sshd[31670]: Connection closed by invalid user postgres 196.251.84.225 port 37596 [preauth]
2025-11-09T09:47:16.977606+08:00 instance-rr9enuui sshd[31673]: pam_unix(sshd:auth): check pass; user unknown
2025-11-09T09:47:16.977697+08:00 instance-rr9enuui sshd[31673]: pam_unix(sshd:auth): authentication failure; logname= uid=0 euid=0 tty=ssh ruser= rhost=196.251.84.225 
2025-11-09T09:47:18.480490+08:00 instance-rr9enuui sshd[31673]: Failed password for invalid user dev from 196.251.84.225 port 37604 ssh2
2025-11-09T09:47:19.825829+08:00 instance-rr9enuui sshd[31673]: Connection closed by invalid user dev 196.251.84.225 port 37604 [preauth]
2025-11-09T09:47:20.684807+08:00 instance-rr9enuui sshd[31661]: Invalid user vagrant from 196.251.84.225 port 35270
2025-11-09T09:47:20.903775+08:00 instance-rr9enuui sshd[31661]: pam_unix(sshd:auth): check pass; user unknown
2025-11-09T09:47:20.903894+08:00 instance-rr9enuui sshd[31661]: pam_unix(sshd:auth): authentication failure; logname= uid=0 euid=0 tty=ssh ruser= rhost=196.251.84.225 
2025-11-09T09:47:23.289865+08:00 instance-rr9enuui sshd[31661]: Failed password for invalid user vagrant from 196.251.84.225 port 35270 ssh2
2025-11-09T09:47:24.534495+08:00 instance-rr9enuui sshd[31675]: pam_unix(sshd:auth): authentication failure; logname= uid=0 euid=0 tty=ssh ruser= rhost=196.251.84.225  user=root
2025-11-09T09:47:24.748302+08:00 instance-rr9enuui sshd[31677]: pam_unix(sshd:auth): authentication failure; logname= uid=0 euid=0 tty=ssh ruser= rhost=196.251.84.225  user=root
2025-11-09T09:47:25.200412+08:00 instance-rr9enuui sshd[31661]: Connection closed by invalid user vagrant 196.251.84.225 port 35270 [preauth]
2025-11-09T09:47:27.134216+08:00 instance-rr9enuui sshd[31675]: Failed password for root from 196.251.84.225 port 41266 ssh2
2025-11-09T09:47:27.349962+08:00 instance-rr9enuui sshd[31677]: Failed password for root from 196.251.84.225 port 41270 ssh2
2025-11-09T09:47:28.348621+08:00 instance-rr9enuui sshd[31679]: Invalid user test from 196.251.84.225 port 59738
2025-11-09T09:47:28.808772+08:00 instance-rr9enuui sshd[31675]: Connection closed by authenticating user root 196.251.84.225 port 41266 [preauth]
2025-11-09T09:47:29.032268+08:00 instance-rr9enuui sshd[31677]: Connection closed by authenticating user root 196.251.84.225 port 41270 [preauth]
2025-11-09T09:47:29.191708+08:00 instance-rr9enuui sshd[31679]: pam_unix(sshd:auth): check pass; user unknown
2025-11-09T09:47:29.191805+08:00 instance-rr9enuui sshd[31679]: pam_unix(sshd:auth): authentication failure; logname= uid=0 euid=0 tty=ssh ruser= rhost=196.251.84.225 
2025-11-09T09:47:31.813551+08:00 instance-rr9enuui sshd[31679]: Failed password for invalid user test from 196.251.84.225 port 59738 ssh2
2025-11-09T09:47:32.392048+08:00 instance-rr9enuui sshd[31681]: Invalid user test from 196.251.84.225 port 59768
2025-11-09T09:47:32.621529+08:00 instance-rr9enuui sshd[31681]: pam_unix(sshd:auth): check pass; user unknown
2025-11-09T09:47:32.621633+08:00 instance-rr9enuui sshd[31681]: pam_unix(sshd:auth): authentication failure; logname= uid=0 euid=0 tty=ssh ruser= rhost=196.251.84.225 
2025-11-09T09:47:33.228398+08:00 instance-rr9enuui sshd[31679]: Connection closed by invalid user test 196.251.84.225 port 59738 [preauth]
2025-11-09T09:47:34.593990+08:00 instance-rr9enuui sshd[31633]: pam_unix(sshd:auth): authentication failure; logname= uid=0 euid=0 tty=ssh ruser= rhost=196.251.84.225  user=root
2025-11-09T09:47:34.986252+08:00 instance-rr9enuui sshd[31681]: Failed password for invalid user test from 196.251.84.225 port 59768 ssh2
2025-11-09T09:47:35.084022+08:00 instance-rr9enuui sshd[31683]: pam_unix(sshd:auth): authentication failure; logname= uid=0 euid=0 tty=ssh ruser= rhost=172.104.35.216  user=root
2025-11-09T09:47:36.364805+08:00 instance-rr9enuui sshd[31687]: Invalid user apache from 196.251.84.225 port 59796
2025-11-09T09:47:36.569002+08:00 instance-rr9enuui sshd[31633]: Failed password for root from 196.251.84.225 port 36298 ssh2
2025-11-09T09:47:36.662678+08:00 instance-rr9enuui sshd[31687]: pam_unix(sshd:auth): check pass; user unknown
2025-11-09T09:47:36.662767+08:00 instance-rr9enuui sshd[31687]: pam_unix(sshd:auth): authentication failure; logname= uid=0 euid=0 tty=ssh ruser= rhost=196.251.84.225 
2025-11-09T09:47:36.696284+08:00 instance-rr9enuui sshd[31681]: Connection closed by invalid user test 196.251.84.225 port 59768 [preauth]
2025-11-09T09:47:36.845529+08:00 instance-rr9enuui sshd[31633]: Connection closed by authenticating user root 196.251.84.225 port 36298 [preauth]
2025-11-09T09:47:37.194115+08:00 instance-rr9enuui sshd[31683]: Failed password for root from 172.104.35.216 port 43668 ssh2
2025-11-09T09:47:39.242247+08:00 instance-rr9enuui sshd[31687]: Failed password for invalid user apache from 196.251.84.225 port 59796 ssh2
2025-11-09T09:47:39.316754+08:00 instance-rr9enuui sshd[31683]: Connection closed by authenticating user root 172.104.35.216 port 43668 [preauth]
2025-11-09T09:47:39.713789+08:00 instance-rr9enuui sshd[31648]: pam_unix(sshd:auth): authentication failure; logname= uid=0 euid=0 tty=ssh ruser= rhost=196.251.84.225  user=root
2025-11-09T09:47:39.992868+08:00 instance-rr9enuui sshd[31692]: Invalid user docker from 196.251.84.225 port 56044
2025-11-09T09:47:40.262690+08:00 instance-rr9enuui sshd[31692]: pam_unix(sshd:auth): check pass; user unknown
2025-11-09T09:47:40.262772+08:00 instance-rr9enuui sshd[31692]: pam_unix(sshd:auth): authentication failure; logname= uid=0 euid=0 tty=ssh ruser= rhost=196.251.84.225 
2025-11-09T09:47:41.049784+08:00 instance-rr9enuui sshd[31687]: Connection closed by invalid user apache 196.251.84.225 port 59796 [preauth]
2025-11-09T09:47:41.706273+08:00 instance-rr9enuui sshd[31648]: Failed password for root from 196.251.84.225 port 59830 ssh2
2025-11-09T09:47:42.061546+08:00 instance-rr9enuui sshd[31692]: Failed password for invalid user docker from 196.251.84.225 port 56044 ssh2
2025-11-09T09:47:42.101314+08:00 instance-rr9enuui sshd[31648]: Connection closed by authenticating user root 196.251.84.225 port 59830 [preauth]
2025-11-09T09:47:43.301724+08:00 instance-rr9enuui sshd[31692]: Connection closed by invalid user docker 196.251.84.225 port 56044 [preauth]
2025-11-09T09:47:43.910549+08:00 instance-rr9enuui sshd[31699]: Invalid user node from 196.251.84.225 port 56056
2025-11-09T09:47:44.168614+08:00 instance-rr9enuui sshd[31699]: pam_unix(sshd:auth): check pass; user unknown
2025-11-09T09:47:44.168697+08:00 instance-rr9enuui sshd[31699]: pam_unix(sshd:auth): authentication failure; logname= uid=0 euid=0 tty=ssh ruser= rhost=196.251.84.225 
2025-11-09T09:47:46.182277+08:00 instance-rr9enuui sshd[31699]: Failed password for invalid user node from 196.251.84.225 port 56056 ssh2
2025-11-09T09:47:47.252305+08:00 instance-rr9enuui sshd[31699]: Connection closed by invalid user node 196.251.84.225 port 56056 [preauth]
2025-11-09T09:47:47.768867+08:00 instance-rr9enuui sshd[31702]: Invalid user wordpress from 196.251.84.225 port 54322
2025-11-09T09:47:47.975041+08:00 instance-rr9enuui sshd[31702]: pam_unix(sshd:auth): check pass; user unknown
2025-11-09T09:47:47.975161+08:00 instance-rr9enuui sshd[31702]: pam_unix(sshd:auth): authentication failure; logname= uid=0 euid=0 tty=ssh ruser= rhost=196.251.84.225 
